000
CXUS55 KREV 010832
CF6TVL
PRELIMINARY LOCAL CLIMATOLOGICAL DATA (WS FORM: F-6)
STATION: SOUTH LAKE TAHOE CA
MONTH: SEPTEMBER
YEAR: 2022
LATITUDE: 38 53 N
LONGITUDE: 119 60 W
TEMPERATURE IN F: :PCPN: SNOW: WIND :SUNSHINE: SKY :PK WND
================================================================================
1 2 3 4 5 6A 6B 7 8 9 10 11 12 13 14 15 16 17 18
12Z AVG MX 2MIN
DY MAX MIN AVG DEP HDD CDD WTR SNW DPTH SPD SPD DIR MIN PSBL S-S WX SPD DR
================================================================================
1 87 44 66 8 0 1 0.00 M M 3.7 14 30 M M 0 19 20
2 88 46 67 9 0 2 0.00 M M 3.5 18 200 M M 0 25 190
3 87 50 69 12 0 4 0.00 M M 4.9 22 190 M M 0 30 190
4 90 47 69 12 0 4 0.00 M M 3.5 15 180 M M 0 21 190
5 88 47 68 11 0 3 0.00 M M 2.6 14 180 M M 0 18 190
6 93 47 70 13 0 5 0.23 M M 4.1 16 200 M M 1 13 23 30
7 89 46 68 11 0 3 0.00 M M 3.6 13 200 M M 2 8 18 210
8 87 46 67 11 0 2 0.00 M M 3.5 13 30 M M 4 8 17 20
9 82 45 64 8 1 0 0.00 M M 2.0 10 20 M M 7 8 15 20
10 78 45 62 6 3 0 0.00 M M 2.7 12 200 M M 5 8 18 190
11 77 50 64 8 1 0 0.00 M M 4.6 17 190 M M 8 8 22 180
12 73 44 59 3 6 0 0.08 M M 2.0 14 190 M M 8 138 17 180
13 70 42 56 1 9 0 0.00 M M 6.2 20 190 M M 5 27 190
14 68 35 52 -3 13 0 0.00 M M 5.1 18 190 M M 0 26 190
15 69 34 52 -3 13 0 0.00 M M 4.0 17 180 M M 1 22 180
16 70 34 52 -2 13 0 0.00 M M 5.6 16 180 M M 7 18 23 220
17 66 29 48 -6 17 0 0.00 M M 6.1 24 190 M M 0 8 35 180
18 59 41 50 -4 15 0 T M M 14.4 32 190 M M 3 46 180
19 59 42 51 -3 14 0 0.43 M M 5.9 23 170 M M 9 13 30 170
20 54 39 47 -6 18 0 0.16 M M 3.0 16 200 M M 9 12 22 190
21 48 37 43 -10 22 0 0.29 M M 3.5 14 180 M M 9 1 17 190
22 64 31 48 -5 17 0 0.00 M M 2.9 12 30 M M 1 1 14 20
23 70 31 51 -1 14 0 0.00 M M 2.6 10 30 M M 0 16 10
24 74 32 53 1 12 0 0.00 M M 3.7 10 20 M M 0 15 20
25 74 34 54 2 11 0 T M M 2.5 10 30 M M 2 13 30
26 79 39 59 7 6 0 0.00 M M 4.1 18 190 M M 3 23 190
27 78 39 59 8 6 0 0.00 M M 4.3 21 180 M M 0 27 190
28 74 36 55 4 10 0 0.00 M M 9.2 26 180 M M 0 37 170
29 73 41 57 6 8 0 0.00 M M 7.1 21 190 M M 0 34 200
30 71 33 52 2 13 0 0.00 M M 3.1 10 20 M M 0 15 30
================================================================================
SM 2239 1206 242 24 1.19 M 134.0 M 84
================================================================================
AV 74.6 40.2 4.5 FASTST M M 3 MAX(MPH)
MISC ----> 32 190 46 180
================================================================================
NOTES:
# LAST OF SEVERAL OCCURRENCES
COLUMN 17 PEAK WIND IN M.P.H.
PRELIMINARY LOCAL CLIMATOLOGICAL DATA (WS FORM: F-6) , PAGE 2
STATION: SOUTH LAKE TAHOE CA
MONTH: SEPTEMBER
YEAR: 2022
LATITUDE: 38 53 N
LONGITUDE: 119 60 W
[TEMPERATURE DATA] [PRECIPITATION DATA] SYMBOLS USED IN COLUMN 16
AVERAGE MONTHLY: 57.4 TOTAL FOR MONTH: 1.19 1 = FOG OR MIST
DPTR FM NORMAL: 3.0 DPTR FM NORMAL: 0.91 2 = FOG REDUCING VISIBILITY
HIGHEST: 93 ON 6 GRTST 24HR 0.55 ON 19-20 TO 1/4 MILE OR LESS
LOWEST: 29 ON 17 3 = THUNDER
SNOW, ICE PELLETS, HAIL 4 = ICE PELLETS
TOTAL MONTH: M 5 = HAIL
GRTST 24HR M ON M 6 = FREEZING RAIN OR DRIZZLE
GRTST DEPTH: M ON M 7 = DUSTSTORM OR SANDSTORM:
VSBY 1/2 MILE OR LESS
8 = SMOKE OR HAZE
[NO. OF DAYS WITH] [WEATHER - DAYS WITH] 9 = BLOWING SNOW
X = TORNADO
MAX 32 OR BELOW: 0 0.01 INCH OR MORE: 5
MAX 90 OR ABOVE: 2 0.10 INCH OR MORE: 4
MIN 32 OR BELOW: 4 0.50 INCH OR MORE: 0
MIN 0 OR BELOW: 0 1.00 INCH OR MORE: 0
[HDD (BASE 65) ]
TOTAL THIS MO. 242 CLEAR (SCALE 0-3) 19
DPTR FM NORMAL -77 PTCLDY (SCALE 4-7) 7
TOTAL FM JUL 1 346 CLOUDY (SCALE 8-10) 4
DPTR FM NORMAL -253
[CDD (BASE 65) ]
TOTAL THIS MO. 24
DPTR FM NORMAL 24 [PRESSURE DATA]
TOTAL FM JAN 1 100 HIGHEST SLP M ON M
DPTR FM NORMAL 72 LOWEST SLP 29.58 ON 18
[REMARKS]
#FINAL-09-22#