000
CXUS55 KREV 010840
CF6TVL
PRELIMINARY LOCAL CLIMATOLOGICAL DATA (WS FORM: F-6)
STATION: SOUTH LAKE TAHOE CA
MONTH: JANUARY
YEAR: 2024
LATITUDE: 38 53 N
LONGITUDE: 119 60 W
TEMPERATURE IN F: :PCPN: SNOW: WIND :SUNSHINE: SKY :PK WND
================================================================================
1 2 3 4 5 6A 6B 7 8 9 10 11 12 13 14 15 16 17 18
12Z AVG MX 2MIN
DY MAX MIN AVG DEP HDD CDD WTR SNW DPTH SPD SPD DIR MIN PSBL S-S WX SPD DR
================================================================================
1 45 18 32 2 33 0 0.00 M M 1.1 10 30 M M 0 13 30
2 45 17 31 1 34 0 0.13 M M 7.2 25 190 M M 5 1 40 180
3 34 19 27 -3 38 0 0.11 M M 4.1 13 190 M M 9 1 20 150
4 38 11 25 -5 40 0 0.00 M M 1.4 10 30 M M 1 13 30
5 39 14 27 -3 38 0 0.00 M M 3.0 13 30 M M 3 1 17 30
6 33 13 23 -7 42 0 0.30 M M 7.2 30 200 M M 6 12 53 190
7 29 1 15 -15 50 0 0.00 M M 2.3 10 20 M M 4 1 17 20
8 39 -3 18 -12 47 0 0.00 M M 2.9 8 30 M M 4 18 10 30
9 39 15 27 -3 38 0 0.01 M M 13.5 21 180 M M 6 18 37 190
10 32 22 27 -3 38 0 0.40 M M 12.9 25 200 M M 10 128 53 200
11 31 -1 15 -16 50 0 T M M 3.9 15 180 M M 2 1 20 190
12 37 13 25 -6 40 0 0.00 M M 8.3 18 190 M M 7 29 200
13 39 32 36 5 29 0 0.41 M M 14.6 28 200 M M 10 1 55 180
14 44 22 33 2 32 0 T M M 7.6 22 190 M M 4 1 40 170
15 46 19 33 2 32 0 0.00 M M 2.1 8 20 M M 0 1 12 360
16 47 13 30 -1 35 0 0.35 M M 6.2 23 190 M M 5 1 35 200
17 39 23 31 0 34 0 T M M 10.7 25 190 M M 4 43 170
18 44 22 33 2 32 0 0.00 M M 1.3 8 30 M M 1 9 30
19 50 28 39 8 26 0 T M M 5.0 17 190 M M 5 26 180
20 40 33 37 6 28 0 0.02 M M 11.8 25 190 M M 9 1 47 180
21 43 28 36 5 29 0 0.03 M M 6.3 23 180 M M 7 1 34 210
22 40 30 35 4 30 0 0.18 M M 4.2 24 190 M M 10 12 35 200
23 45 23 34 3 31 0 0.00 M M 2.1 8 20 M M 1 10 40
24 43 27 35 4 30 0 0.08 M M 8.2 15 180 M M 9 1 24 190
25 42 23 33 2 32 0 0.01 M M 3.8 18 180 M M 2 1 26 190
26 45 23 34 3 31 0 T M M 2.1 9 30 M M 7 11 20
27 48 28 38 7 27 0 0.00 M M 1.4 9 20 M M 2 12 30
28 54 29 42 11 23 0 0.00 M M 2.0 10 170 M M 6 12 220
29 57 25 41 10 24 0 0.00 M M 2.2 8 20 M M 0 11 30
30 56 27 42 11 23 0 0.00 M M 2.3 14 30 M M 0 16 30
31 50 35 43 12 22 0 T M M 13.3 32 190 M M 5 48 180
================================================================================
SM 1313 629 1038 0 2.03 M 175.0 M 144
================================================================================
AV 42.4 20.3 5.6 FASTST M M 5 MAX(MPH)
MISC ----> 32 190 55 180
================================================================================
NOTES:
# LAST OF SEVERAL OCCURRENCES
COLUMN 17 PEAK WIND IN M.P.H.
PRELIMINARY LOCAL CLIMATOLOGICAL DATA (WS FORM: F-6) , PAGE 2
STATION: SOUTH LAKE TAHOE CA
MONTH: JANUARY
YEAR: 2024
LATITUDE: 38 53 N
LONGITUDE: 119 60 W
[TEMPERATURE DATA] [PRECIPITATION DATA] SYMBOLS USED IN COLUMN 16
AVERAGE MONTHLY: 31.3 TOTAL FOR MONTH: 2.03 1 = FOG OR MIST
DPTR FM NORMAL: 0.7 DPTR FM NORMAL: -0.78 2 = FOG REDUCING VISIBILITY
HIGHEST: 57 ON 29 GRTST 24HR 0.85 ON 10-10 TO 1/4 MILE OR LESS
LOWEST: -3 ON 8 3 = THUNDER
SNOW, ICE PELLETS, HAIL 4 = ICE PELLETS
TOTAL MONTH: M 5 = HAIL
GRTST 24HR M ON M 6 = FREEZING RAIN OR DRIZZLE
GRTST DEPTH: M ON M 7 = DUSTSTORM OR SANDSTORM:
VSBY 1/2 MILE OR LESS
8 = SMOKE OR HAZE
[NO. OF DAYS WITH] [WEATHER - DAYS WITH] 9 = BLOWING SNOW
X = TORNADO
MAX 32 OR BELOW: 3 0.01 INCH OR MORE: 12
MAX 90 OR ABOVE: 0 0.10 INCH OR MORE: 7
MIN 32 OR BELOW: 29 0.50 INCH OR MORE: 0
MIN 0 OR BELOW: 2 1.00 INCH OR MORE: 0
[HDD (BASE 65) ]
TOTAL THIS MO. 1038 CLEAR (SCALE 0-3) 11
DPTR FM NORMAL -28 PTCLDY (SCALE 4-7) 14
TOTAL FM JUL 1 3933 CLOUDY (SCALE 8-10) 6
DPTR FM NORMAL -236
[CDD (BASE 65) ]
TOTAL THIS MO. 0
DPTR FM NORMAL 0 [PRESSURE DATA]
TOTAL FM JAN 1 0 HIGHEST SLP M ON M
DPTR FM NORMAL 0 LOWEST SLP 29.50 ON 31
[REMARKS]
#FINAL-01-24#