000
CXUS55 KBOI 011750
CF6TWF
PRELIMINARY LOCAL CLIMATOLOGICAL DATA (WS FORM: F-6)
STATION: TWIN FALLS ID
MONTH: JANUARY
YEAR: 2024
LATITUDE: 42 28 N
LONGITUDE: 114 29 W
TEMPERATURE IN F: :PCPN: SNOW: WIND :SUNSHINE: SKY :PK WND
================================================================================
1 2 3 4 5 6A 6B 7 8 9 10 11 12 13 14 15 16 17 18
12Z AVG MX 2MIN
DY MAX MIN AVG DEP HDD CDD WTR SNW DPTH SPD SPD DIR MIN PSBL S-S WX SPD DR
================================================================================
1 41 23 32 4 33 0 0.00 M M 3.1 10 210 M M 0 13 200
2 41 19 30 2 35 0 0.00 M M 6.4 15 190 M M 0 19 190
3 36 26 31 3 34 0 T M M 6.4 13 260 M M 9 18 18 250
4 38 28 33 5 32 0 0.05 M M 13.4 23 270 M M 7 1 31 280
5 35 25 30 2 35 0 0.06 M M 18.0 33 280 M M 5 1 47 290
6 36 26 31 3 34 0 T M M 15.0 33 200 M M 6 18 45 200
7 29 20 25 -4 40 0 T M M 20.7 32 290 M M 3 1 48 280
8 30 16 23 -6 42 0 0.00 M M 12.0 21 250 M M 2 28 260
9 44 27 36 7 29 0 0.02 M M 20.9 44 270 M M 7 123 59 260
10 34 21 28 -1 37 0 T M M 16.7 36 250 M M 5 18 56 260
11 31 20 26 -3 39 0 T M M 20.6 33 240 M M 8 18 46 260
12 34 17 26 -3 39 0 0.04 M M 25.5 38 250 M M 9 128 58 250
13 17 11 14 -15 51 0 0.13 M M 15.3 26 250 M M 10 128 36 260
14 25 12 19 -10 46 0 0.02 M M 8.6 22 250 M M 10 18 30 240
15 25 -8 9 -20 56 0 T M M 8.1 23 250 M M 4 18 30 250
16 11 -8 2 -27 63 0 0.00 M M 7.8 14 110 M M 0 18 17 110
17 42 11 27 -2 38 0 0.36 M M 10.7 40 250 M M 10 126 59 250
18 42 31 37 8 28 0 0.00 M M 10.5 30 250 M M 7 40 260
19 M 32 M M M M T M M 7.6 17 90 M M 7 21 80
20 M M M M M M T M M 6.5 22 190 M M 6 29 190
21 M M M M M M T M M 7.0 14 190 M M 8 20 190
22 43 M M M M M T M M 7.4 23 170 M M 8 33 190
23 38 34 36 7 29 0 0.02 M M 5.3 12 210 M M 10 12 14 210
24 44 28 36 7 29 0 0.00 M M 7.4 17 190 M M 4 12 24 190
25 40 32 36 6 29 0 0.14 M M 11.9 22 280 M M 7 12 28 270
26 43 30 37 7 28 0 0.00 M M 9.8 17 210 M M 2 23 220
27 44 34 39 9 26 0 T M M 5.6 12 190 M M 10 15 210
28 52 32 42 12 23 0 T M M 5.4 13 110 M M 5 15 120
29 50 30 40 10 25 0 0.00 M M 9.9 16 90 M M 0 1 20 90
30 53 29 41 11 24 0 0.00 M M 8.4 14 90 M M 0 18 17 90
31 60 30 45 15 20 0 0.00 M M 9.1 29 160 M M 0 41 160
================================================================================
SM 1058 628 944 0 0.84 M 341.0 M 169
================================================================================
AV 37.8 22.4 11.0 FASTST M M 5 MAX(MPH)
MISC ----> 44 270 # 59 260
================================================================================
NOTES:
# LAST OF SEVERAL OCCURRENCES
COLUMN 17 PEAK WIND IN M.P.H.
PRELIMINARY LOCAL CLIMATOLOGICAL DATA (WS FORM: F-6) , PAGE 2
STATION: TWIN FALLS ID
MONTH: JANUARY
YEAR: 2024
LATITUDE: 42 28 N
LONGITUDE: 114 29 W
[TEMPERATURE DATA] [PRECIPITATION DATA] SYMBOLS USED IN COLUMN 16
AVERAGE MONTHLY: 30.1 TOTAL FOR MONTH: 0.84 1 = FOG OR MIST
DPTR FM NORMAL: 1.0 DPTR FM NORMAL: -0.11 2 = FOG REDUCING VISIBILITY
HIGHEST: 60 ON 31 GRTST 24HR 0.36 ON 17-17 TO 1/4 MILE OR LESS
LOWEST: -8 ON 16,15 3 = THUNDER
SNOW, ICE PELLETS, HAIL 4 = ICE PELLETS
TOTAL MONTH: M 5 = HAIL
GRTST 24HR M ON M 6 = FREEZING RAIN OR DRIZZLE
GRTST DEPTH: M ON M 7 = DUSTSTORM OR SANDSTORM:
VSBY 1/2 MILE OR LESS
8 = SMOKE OR HAZE
[NO. OF DAYS WITH] [WEATHER - DAYS WITH] 9 = BLOWING SNOW
X = TORNADO
MAX 32 OR BELOW: 7 0.01 INCH OR MORE: 9
MAX 90 OR ABOVE: 0 0.10 INCH OR MORE: 3
MIN 32 OR BELOW: 26 0.50 INCH OR MORE: 0
MIN 0 OR BELOW: 2 1.00 INCH OR MORE: 0
[HDD (BASE 65) ]
TOTAL THIS MO. 944 CLEAR (SCALE 0-3) 9
DPTR FM NORMAL -170 PTCLDY (SCALE 4-7) 14
TOTAL FM JUL 1 3251 CLOUDY (SCALE 8-10) 8
DPTR FM NORMAL -513
[CDD (BASE 65) ]
TOTAL THIS MO. 0
DPTR FM NORMAL 0 [PRESSURE DATA]
TOTAL FM JAN 1 0 HIGHEST SLP 30.52 ON 16
DPTR FM NORMAL 0 LOWEST SLP 29.53 ON 10
[REMARKS]
#FINAL-01-24#