000
CXUS55 KBOI 011002
CF6TWF
PRELIMINARY LOCAL CLIMATOLOGICAL DATA (WS FORM: F-6)
STATION: TWIN FALLS ID
MONTH: JULY
YEAR: 2023
LATITUDE: 42 28 N
LONGITUDE: 114 29 W
TEMPERATURE IN F: :PCPN: SNOW: WIND :SUNSHINE: SKY :PK WND
================================================================================
1 2 3 4 5 6A 6B 7 8 9 10 11 12 13 14 15 16 17 18
12Z AVG MX 2MIN
DY MAX MIN AVG DEP HDD CDD WTR SNW DPTH SPD SPD DIR MIN PSBL S-S WX SPD DR
================================================================================
1 95 64 80 11 0 15 0.00 M M 9.9 18 310 M M 0 24 310
2 93 63 78 8 0 13 0.00 M M 8.6 16 220 M M 0 21 230
3 90 61 76 6 0 11 0.00 M M 12.1 22 310 M M 0 30 310
4 85 50 68 -2 0 3 0.00 M M 9.9 20 220 M M 0 27 220
5 85 45 65 -6 0 0 0.00 M M 7.3 14 210 M M 0 18 210
6 91 52 72 1 0 7 0.00 M M 7.5 16 200 M M 0 22 210
7 88 50 69 -2 0 4 0.00 M M 10.8 31 190 M M 0 8 48 190
8 91 51 71 -1 0 6 0.00 M M 7.7 20 290 M M 0 27 310
9 95 58 77 5 0 12 0.00 M M 8.9 17 200 M M 0 25 220
10 93 68 81 9 0 16 0.00 M M 11.2 18 300 M M 0 25 220
11 90 62 76 4 0 11 0.00 M M 10.1 20 250 M M 0 8 25 260
12 93 57 75 2 0 10 0.00 M M 8.4 14 340 M M 0 8 20 210
13 91 65 78 5 0 13 0.00 M M 13.1 20 300 M M 0 26 310
14 90 63 77 4 0 12 0.00 M M 14.1 23 290 M M 0 31 280
15 94 67 81 7 0 16 0.00 M M 9.0 17 210 M M 0 22 210
16 100 64 82 8 0 17 0.00 M M 7.9 14 170 M M 0 8 19 200
17 94 72 83 9 0 18 T M M 11.4 29 250 M M 0 51 240
18 91 65 78 4 0 13 0.00 M M 10.3 18 210 M M 0 24 220
19 91 62 77 3 0 12 0.00 M M 11.2 37 200 M M 0 8 52 190
20 96 61 79 5 0 14 0.00 M M 7.0 18 150 M M 0 3 24 150
21 99 58 79 5 0 14 0.00 M M 8.2 15 30 M M 0 22 210
22 101 62 82 7 0 17 0.00 M M 7.6 18 180 M M 0 24 170
23 101 66 84 9 0 19 T M M 8.3 30 300 M M 0 38 44 290
24 95 67 81 6 0 16 0.00 M M 10.7 23 300 M M 2 32 310
25 91 64 78 3 0 13 0.00 M M 10.1 20 200 M M 0 28 200
26 92 59 76 1 0 11 0.00 M M 7.7 14 200 M M 0 20 350
27 94 64 79 4 0 14 0.00 M M 8.5 14 200 M M 0 20 200
28 94 62 78 3 0 13 0.00 M M 9.0 18 340 M M 0 23 330
29 96 61 79 4 0 14 0.00 M M 8.9 16 290 M M 0 21 310
30 94 66 80 5 0 15 0.00 M M 11.2 20 290 M M 0 25 300
31 94 57 76 1 0 11 0.00 M M 7.5 16 280 M M 0 21 280
================================================================================
SM 2887 1886 0 380 T M 294.1 M 2
================================================================================
AV 93.1 60.8 9.5 FASTST M M 0 MAX(MPH)
MISC ----> 37 200 52 190
================================================================================
NOTES:
# LAST OF SEVERAL OCCURRENCES
COLUMN 17 PEAK WIND IN M.P.H.
PRELIMINARY LOCAL CLIMATOLOGICAL DATA (WS FORM: F-6) , PAGE 2
STATION: TWIN FALLS ID
MONTH: JULY
YEAR: 2023
LATITUDE: 42 28 N
LONGITUDE: 114 29 W
[TEMPERATURE DATA] [PRECIPITATION DATA] SYMBOLS USED IN COLUMN 16
AVERAGE MONTHLY: 77.0 TOTAL FOR MONTH: T 1 = FOG OR MIST
DPTR FM NORMAL: 4.0 DPTR FM NORMAL: -0.31 2 = FOG REDUCING VISIBILITY
HIGHEST: 101 ON 23,22 GRTST 24HR T ON 17-17 TO 1/4 MILE OR LESS
LOWEST: 45 ON 5 3 = THUNDER
SNOW, ICE PELLETS, HAIL 4 = ICE PELLETS
TOTAL MONTH: M 5 = HAIL
GRTST 24HR M ON M 6 = FREEZING RAIN OR DRIZZLE
GRTST DEPTH: M ON M 7 = DUSTSTORM OR SANDSTORM:
VSBY 1/2 MILE OR LESS
8 = SMOKE OR HAZE
[NO. OF DAYS WITH] [WEATHER - DAYS WITH] 9 = BLOWING SNOW
X = TORNADO
MAX 32 OR BELOW: 0 0.01 INCH OR MORE: 0
MAX 90 OR ABOVE: 28 0.10 INCH OR MORE: 0
MIN 32 OR BELOW: 0 0.50 INCH OR MORE: 0
MIN 0 OR BELOW: 0 1.00 INCH OR MORE: 0
[HDD (BASE 65) ]
TOTAL THIS MO. 0 CLEAR (SCALE 0-3) 31
DPTR FM NORMAL -10 PTCLDY (SCALE 4-7) 0
TOTAL FM JUL 1 0 CLOUDY (SCALE 8-10) 0
DPTR FM NORMAL -7
[CDD (BASE 65) ]
TOTAL THIS MO. 380
DPTR FM NORMAL 121 [PRESSURE DATA]
TOTAL FM JAN 1 426 HIGHEST SLP 30.08 ON 25
DPTR FM NORMAL 78 LOWEST SLP 29.60 ON 10
[REMARKS]
#FINAL-07-23#