000
CXUS54 KSHV 011300
CF6TXK
PRELIMINARY LOCAL CLIMATOLOGICAL DATA (WS FORM: F-6)
STATION: TEXARKANA
MONTH: MAY
YEAR: 2023
LATITUDE: 33 27 N
LONGITUDE: 94 0 W
TEMPERATURE IN F: :PCPN: SNOW: WIND :SUNSHINE: SKY :PK WND
================================================================================
1 2 3 4 5 6A 6B 7 8 9 10 11 12 13 14 15 16 17 18
12Z AVG MX 2MIN
DY MAX MIN AVG DEP HDD CDD WTR SNW DPTH SPD SPD DIR MIN PSBL S-S WX SPD DR
================================================================================
1 79 57 68 1 0 3 0.00 0.0 0 5.6 14 310 M M 2 19 290
2 85 51 68 0 0 3 0.00 0.0 0 3.3 12 300 M M 0 8 17 270
3 83 53 68 0 0 3 T 0.0 0 3.2 10 60 M M 1 14 60
4 84 59 72 4 0 7 0.44 0.0 0 5.2 25 300 M M 4 3 39 330
5 86 63 75 7 0 10 1.05 0.0 0 8.1 15 180 M M 7 13 22 170
6 94 74 84 15 0 19 0.00 0.0 0 9.3 15 170 M M 3 18 22 180
7 83 67 75 6 0 10 0.31 0.0 0 9.6 26 140 M M 5 3 34 140
8 90 71 81 12 0 16 0.01 0.0 0 9.9 16 200 M M 5 138 25 170
9 89 68 79 9 0 14 0.00 0.0 0 5.4 18 160 M M 2 18 27 150
10 81 69 75 5 0 10 0.49 0.0 0 5.0 13 210 M M 8 138 18 160
11 80 69 75 5 0 10 1.57 0.0 0 8.4 15 150 M M 9 1 22 140
12 91 72 82 12 0 17 0.02 0.0 0 8.8 20 180 M M 6 18 27 190
13 92 73 83 12 0 18 0.00 0.0 0 6.5 22 230 M M 2 1 28 230
14 91 71 81 10 0 16 0.49 0.0 0 5.8 25 200 M M 3 13 35 210
15 90 64 77 6 0 12 0.00 0.0 0 5.8 14 230 M M 6 1 19 210
16 81 67 74 2 0 9 0.00 0.0 0 7.9 15 310 M M 5 18 290
17 84 66 75 3 0 10 0.46 0.0 0 5.2 14 340 M M 6 1 21 340
18 88 66 77 5 0 12 1.10 0.0 0 3.3 10 130 M M 2 12 14 350
19 93 68 81 9 0 16 0.01 0.0 0 5.7 13 230 M M 3 17 170
20 76 69 73 0 0 8 0.01 0.0 0 6.3 13 330 M M 10 18 340
21 74 62 68 -5 0 3 0.00 0.0 0 3.4 9 70 M M 2 18 13 100
22 85 62 74 1 0 9 0.00 0.0 0 2.8 10 360 M M 0 14 350
23 88 61 75 1 0 10 0.00 0.0 0 2.3 9 70 M M 1 18 14 60
24 85 68 77 3 0 12 T 0.0 0 5.7 14 50 M M 3 21 50
25 89 64 77 3 0 12 0.00 0.0 0 3.5 12 60 M M 1 17 50
26 90 64 77 3 0 12 0.00 0.0 0 5.7 13 20 M M 0 18 19 60
27 90 62 76 1 0 11 0.00 0.0 0 4.8 10 40 M M 1 14 20
28 91 60 76 1 0 11 0.00 0.0 0 3.6 10 60 M M 0 16 350
29 92 64 78 3 0 13 0.00 0.0 0 3.4 9 60 M M 0 13 50
30 91 65 78 2 0 13 0.00 0.0 0 3.9 9 120 M M 0 16 90
31 93 66 80 4 0 15 0.00 0.0 0 4.6 10 160 M M 0 14 150
================================================================================
SM 2688 2015 0 344 5.96 0.0 172.0 M 97
================================================================================
AV 86.7 65.0 5.5 FASTST M M 3 MAX(MPH)
MISC ----> 26 140 39 330
================================================================================
NOTES:
# LAST OF SEVERAL OCCURRENCES
COLUMN 17 PEAK WIND IN M.P.H.
PRELIMINARY LOCAL CLIMATOLOGICAL DATA (WS FORM: F-6) , PAGE 2
STATION: TEXARKANA
MONTH: MAY
YEAR: 2023
LATITUDE: 33 27 N
LONGITUDE: 94 0 W
[TEMPERATURE DATA] [PRECIPITATION DATA] SYMBOLS USED IN COLUMN 16
AVERAGE MONTHLY: 75.9 TOTAL FOR MONTH: 5.96 1 = FOG OR MIST
DPTR FM NORMAL: 4.3 DPTR FM NORMAL: 0.86 2 = FOG REDUCING VISIBILITY
HIGHEST: 94 ON 6 GRTST 24HR 2.06 ON 10-11 TO 1/4 MILE OR LESS
LOWEST: 51 ON 2 3 = THUNDER
SNOW, ICE PELLETS, HAIL 4 = ICE PELLETS
TOTAL MONTH: 0.0 INCH 5 = HAIL
GRTST 24HR 0.0 6 = FREEZING RAIN OR DRIZZLE
GRTST DEPTH: 0 7 = DUSTSTORM OR SANDSTORM:
VSBY 1/2 MILE OR LESS
8 = SMOKE OR HAZE
[NO. OF DAYS WITH] [WEATHER - DAYS WITH] 9 = BLOWING SNOW
X = TORNADO
MAX 32 OR BELOW: 0 0.01 INCH OR MORE: 12
MAX 90 OR ABOVE: 13 0.10 INCH OR MORE: 8
MIN 32 OR BELOW: 0 0.50 INCH OR MORE: 3
MIN 0 OR BELOW: 0 1.00 INCH OR MORE: 3
[HDD (BASE 65) ]
TOTAL THIS MO. 0 CLEAR (SCALE 0-3) 19
DPTR FM NORMAL -18 PTCLDY (SCALE 4-7) 10
TOTAL FM JUL 1 1658 CLOUDY (SCALE 8-10) 2
DPTR FM NORMAL -917
[CDD (BASE 65) ]
TOTAL THIS MO. 344
DPTR FM NORMAL 121 [PRESSURE DATA]
TOTAL FM JAN 1 544 HIGHEST SLP 30.19 ON 15
DPTR FM NORMAL 223 LOWEST SLP 29.80 ON 11
[REMARKS]
#FINAL-05-23#