000
CXUS54 KSHV 011400
CF6TXK
PRELIMINARY LOCAL CLIMATOLOGICAL DATA (WS FORM: F-6)
STATION: TEXARKANA
MONTH: NOVEMBER
YEAR: 2022
LATITUDE: 33 27 N
LONGITUDE: 94 0 W
TEMPERATURE IN F: :PCPN: SNOW: WIND :SUNSHINE: SKY :PK WND
================================================================================
1 2 3 4 5 6A 6B 7 8 9 10 11 12 13 14 15 16 17 18
12Z AVG MX 2MIN
DY MAX MIN AVG DEP HDD CDD WTR SNW DPTH SPD SPD DIR MIN PSBL S-S WX SPD DR
================================================================================
1 74 52 63 4 2 0 T 0.0 0 3.6 12 150 M M 1 14 150
2 78 53 66 8 0 1 0.00 0.0 0 4.8 10 140 M M 2 12 16 140
3 82 63 73 15 0 8 T 0.0 0 7.7 16 190 M M 6 21 200
4 81 58 70 12 0 5 1.31 0.0 0 13.0 35 220 M M 6 13 51 300
5 64 48 56 -1 9 0 0.00 0.0 0 5.1 14 300 M M 2 20 260
6 80 47 64 7 1 0 0.00 0.0 0 7.6 16 210 M M 2 1 24 180
7 73 66 70 13 0 5 0.06 0.0 0 6.6 13 70 M M 10 12 18 60
8 68 62 65 9 0 0 0.00 0.0 0 5.6 9 120 M M 10 12 14 110
9 81 65 73 17 0 8 0.00 0.0 0 4.4 10 140 M M 5 12 15 130
10 78 60 69 13 0 4 0.00 0.0 0 5.8 13 150 M M 1 18 160
11 68 42 55 0 10 0 0.34 0.0 0 6.7 22 340 M M 8 18 30 320
12 53 35 44 -11 21 0 0.00 0.0 0 8.6 17 310 M M 4 24 320
13 50 29 40 -15 25 0 0.00 0.0 0 4.7 13 70 M M 0 19 60
14 72 35 54 0 11 0 0.50 0.0 0 6.9 16 350 M M 8 18 23 350
15 49 39 44 -10 21 0 0.00 0.0 0 8.3 14 310 M M 8 18 21 310
16 57 35 46 -8 19 0 0.00 0.0 0 5.1 15 290 M M 0 20 290
17 55 30 43 -10 22 0 0.00 0.0 0 2.5 10 310 M M 0 17 300
18 51 37 44 -9 21 0 0.00 0.0 0 5.5 14 20 M M 7 18 350
19 46 34 40 -13 25 0 0.00 0.0 0 2.9 8 310 M M 6 12 290
20 51 28 40 -12 25 0 0.00 0.0 0 3.9 12 50 M M 0 17 60
21 55 36 46 -6 19 0 0.00 0.0 0 1.8 7 110 M M 7 10 100
22 63 35 49 -3 16 0 0.00 0.0 0 1.0 7 130 M M 3 9 160
23 M 37 M M M M 0.03 0.0 0 2.9 9 40 M M 6 12 60
24 M M M M M M 1.65 0.0 0 6.8 22 310 M M 10 138 26 310
25 M M M M M M T 0.0 0 6.8 13 50 M M 10 18 18 50
26 M M M M M M 0.42 0.0 0 10.2 33 240 M M 10 18 46 250
27 M M M M M M 0.00 0.0 0 8.1 18 230 M M 5 26 220
28 M M M M M M 0.00 0.0 0 6.1 14 150 M M 0 18 20 150
29 79 54 67 17 0 2 0.09 0.0 0 10.2 21 320 M M 5 18 31 310
30 55 37 46 -4 19 0 0.00 0.0 0 6.5 22 320 M M 0 33 320
================================================================================
SM 1563 1117 266 33 4.40 0.0 179.7 M 142
================================================================================
AV 65.1 44.7 6.0 FASTST M M 5 MAX(MPH)
MISC ----> 35 220 51 300
================================================================================
NOTES:
# LAST OF SEVERAL OCCURRENCES
COLUMN 17 PEAK WIND IN M.P.H.
PRELIMINARY LOCAL CLIMATOLOGICAL DATA (WS FORM: F-6) , PAGE 2
STATION: TEXARKANA
MONTH: NOVEMBER
YEAR: 2022
LATITUDE: 33 27 N
LONGITUDE: 94 0 W
[TEMPERATURE DATA] [PRECIPITATION DATA] SYMBOLS USED IN COLUMN 16
AVERAGE MONTHLY: 54.9 TOTAL FOR MONTH: 4.40 1 = FOG OR MIST
DPTR FM NORMAL: 1.0 DPTR FM NORMAL: 0.49 2 = FOG REDUCING VISIBILITY
HIGHEST: 82 ON 3 GRTST 24HR 1.65 ON 24-24 TO 1/4 MILE OR LESS
LOWEST: 28 ON 20 3 = THUNDER
SNOW, ICE PELLETS, HAIL 4 = ICE PELLETS
TOTAL MONTH: 0.0 INCH 5 = HAIL
GRTST 24HR 0.0 6 = FREEZING RAIN OR DRIZZLE
GRTST DEPTH: 0 7 = DUSTSTORM OR SANDSTORM:
VSBY 1/2 MILE OR LESS
8 = SMOKE OR HAZE
[NO. OF DAYS WITH] [WEATHER - DAYS WITH] 9 = BLOWING SNOW
X = TORNADO
MAX 32 OR BELOW: 0 0.01 INCH OR MORE: 8
MAX 90 OR ABOVE: 0 0.10 INCH OR MORE: 5
MIN 32 OR BELOW: 3 0.50 INCH OR MORE: 3
MIN 0 OR BELOW: 0 1.00 INCH OR MORE: 2
[HDD (BASE 65) ]
TOTAL THIS MO. 266 CLEAR (SCALE 0-3) 12
DPTR FM NORMAL -81 PTCLDY (SCALE 4-7) 13
TOTAL FM JUL 1 331 CLOUDY (SCALE 8-10) 5
DPTR FM NORMAL -130
[CDD (BASE 65) ]
TOTAL THIS MO. 33
DPTR FM NORMAL 18 [PRESSURE DATA]
TOTAL FM JAN 1 3000 HIGHEST SLP 30.53 ON 20
DPTR FM NORMAL 755 LOWEST SLP 29.61 ON 26
[REMARKS]
#FINAL-11-22#