000
CXUS54 KSHV 011400
CF6TXK
PRELIMINARY LOCAL CLIMATOLOGICAL DATA (WS FORM: F-6)
STATION: TEXARKANA
MONTH: JANUARY
YEAR: 2024
LATITUDE: 33 27 N
LONGITUDE: 94 0 W
TEMPERATURE IN F: :PCPN: SNOW: WIND :SUNSHINE: SKY :PK WND
================================================================================
1 2 3 4 5 6A 6B 7 8 9 10 11 12 13 14 15 16 17 18
12Z AVG MX 2MIN
DY MAX MIN AVG DEP HDD CDD WTR SNW DPTH SPD SPD DIR MIN PSBL S-S WX SPD DR
================================================================================
1 49 32 41 -3 24 0 0.00 0.0 0 7.3 16 40 M M 0 23 50
2 46 26 36 -8 29 0 0.00 0.0 0 4.1 9 60 M M 1 14 70
3 54 37 46 2 19 0 0.00 0.0 0 2.4 8 340 M M 6 11 360
4 54 30 42 -2 23 0 0.00 0.0 0 6.2 14 70 M M 0 20 80
5 39 34 37 -7 28 0 0.73 0.0 0 6.9 16 60 M M 10 1 28 60
6 47 36 42 -2 23 0 0.00 0.0 0 6.2 14 290 M M 9 21 280
7 59 32 46 2 19 0 0.00 0.0 0 6.1 13 130 M M 0 1 17 110
8 52 42 47 3 18 0 0.57 0.0 0 9.5 21 200 M M 9 13 30 200
9 49 31 40 -4 25 0 0.00 0.0 0 17.1 32 280 M M 5 45 290
10 62 28 45 1 20 0 0.00 0.0 0 10.3 25 210 M M 0 35 210
11 65 39 52 8 13 0 0.00 0.0 0 8.4 22 180 M M 5 1 33 160
12 64 29 47 3 18 0 0.45 0.0 0 13.9 30 270 M M 5 13 44 290
13 58 22 40 -4 25 0 0.00 0.0 0 8.6 21 230 M M 0 29 190
14 28 16 22 -22 43 0 0.03 0.3 0 9.3 15 40 M M 8 1468 22 50
15 19 15 17 -27 48 0 0.13 0.5 1 8.4 16 330 M M 8 18 25 350
16 26 11 19 -25 46 0 0.00 0.0 1 7.2 17 350 M M 0 26 360
17 38 11 25 -19 40 0 0.00 0.0 T 7.0 16 160 M M 0 22 160
18 44 30 37 -7 28 0 0.00 0.0 0 5.6 14 170 M M 10 128 21 160
19 41 23 32 -12 33 0 0.00 0.0 0 8.7 17 310 M M 2 12 24 320
20 35 18 27 -17 38 0 0.00 0.0 0 5.9 16 40 M M 0 21 40
21 34 18 26 -19 39 0 0.00 0.0 0 6.7 13 80 M M 7 19 50
22 52 34 43 -2 22 0 2.02 0.0 0 7.8 15 130 M M 10 1 20 140
23 57 49 53 8 12 0 2.84 0.0 0 5.1 14 80 M M 10 123 18 60
24 61 52 57 12 8 0 0.03 0.0 0 3.7 13 80 M M 10 12 17 80
25 63 47 55 10 10 0 0.36 0.0 0 5.5 16 270 M M 8 12 22 270
26 55 41 48 3 17 0 0.27 0.0 0 5.6 16 60 M M 8 12 23 40
27 50 39 45 0 20 0 0.45 0.0 0 9.9 20 310 M M 10 1 26 310
28 59 36 48 3 17 0 0.00 0.0 0 6.9 15 290 M M 4 22 330
29 66 34 50 5 15 0 0.00 0.0 0 4.4 12 180 M M 0 18 170
30 73 43 58 12 7 0 0.00 0.0 0 8.3 17 310 M M 0 25 280
31 68 41 55 9 10 0 0.00 0.0 0 4.2 12 80 M M 0 8 17 80
================================================================================
SM 1567 976 737 0 7.88 0.8 227.2 M 145
================================================================================
AV 50.5 31.5 7.3 FASTST M M 5 MAX(MPH)
MISC ----> 32 280 45 290
================================================================================
NOTES:
# LAST OF SEVERAL OCCURRENCES
COLUMN 17 PEAK WIND IN M.P.H.
PRELIMINARY LOCAL CLIMATOLOGICAL DATA (WS FORM: F-6) , PAGE 2
STATION: TEXARKANA
MONTH: JANUARY
YEAR: 2024
LATITUDE: 33 27 N
LONGITUDE: 94 0 W
[TEMPERATURE DATA] [PRECIPITATION DATA] SYMBOLS USED IN COLUMN 16
AVERAGE MONTHLY: 41.0 TOTAL FOR MONTH: 7.88 1 = FOG OR MIST
DPTR FM NORMAL: -3.6 DPTR FM NORMAL: 4.24 2 = FOG REDUCING VISIBILITY
HIGHEST: 73 ON 30 GRTST 24HR 2.84 ON 23-23 TO 1/4 MILE OR LESS
LOWEST: 11 ON 17,16 3 = THUNDER
SNOW, ICE PELLETS, HAIL 4 = ICE PELLETS
TOTAL MONTH: 0.8 INCH 5 = HAIL
GRTST 24HR 0.5 ON 15-15 6 = FREEZING RAIN OR DRIZZLE
GRTST DEPTH: 0 7 = DUSTSTORM OR SANDSTORM:
VSBY 1/2 MILE OR LESS
8 = SMOKE OR HAZE
[NO. OF DAYS WITH] [WEATHER - DAYS WITH] 9 = BLOWING SNOW
X = TORNADO
MAX 32 OR BELOW: 3 0.01 INCH OR MORE: 11
MAX 90 OR ABOVE: 0 0.10 INCH OR MORE: 9
MIN 32 OR BELOW: 16 0.50 INCH OR MORE: 4
MIN 0 OR BELOW: 0 1.00 INCH OR MORE: 2
[HDD (BASE 65) ]
TOTAL THIS MO. 737 CLEAR (SCALE 0-3) 13
DPTR FM NORMAL 101 PTCLDY (SCALE 4-7) 8
TOTAL FM JUL 1 1632 CLOUDY (SCALE 8-10) 10
DPTR FM NORMAL -44
[CDD (BASE 65) ]
TOTAL THIS MO. 0
DPTR FM NORMAL -2 [PRESSURE DATA]
TOTAL FM JAN 1 0 HIGHEST SLP 30.65 ON 20
DPTR FM NORMAL -2 LOWEST SLP 29.40 ON 12
[REMARKS]
#FINAL-01-24#