000
CXUS54 KMRX 011527
CF6TYS
PRELIMINARY LOCAL CLIMATOLOGICAL DATA (WS FORM: F-6)
STATION: KNOXVILLE ASOS
MONTH: JUNE
YEAR: 2020
LATITUDE: 35 49 N
LONGITUDE: 83 59 W
TEMPERATURE IN F: :PCPN: SNOW: WIND :SUNSHINE: SKY :PK WND
================================================================================
1 2 3 4 5 6A 6B 7 8 9 10 11 12 13 14 15 16 17 18
12Z AVG MX 2MIN
DY MAX MIN AVG DEP HDD CDD WTR SNW DPTH SPD SPD DIR MIN PSBL S-S WX SPD DR
================================================================================
1 83 54 69 -3 0 4 0.00 0.0 0 5.1 13 30 M M 3 17 40
2 85 59 72 0 0 7 0.00 0.0 0 8.1 17 200 M M 3 26 230
3 87 68 78 6 0 13 0.00 0.0 0 6.9 16 280 M M 5 19 290
4 89 69 79 7 0 14 T 0.0 0 9.2 22 230 M M 7 29 190
5 84 70 77 4 0 12 0.51 0.0 0 8.9 22 210 M M 8 18 28 220
6 89 67 78 5 0 13 0.00 0.0 0 1.9 8 10 M M 5 11 350
7 92 68 80 7 0 15 0.00 0.0 0 4.5 13 20 M M 2 18 20
8 89 69 79 6 0 14 0.00 0.0 0 6.8 13 190 M M 7 17 140
9 90 72 81 7 0 16 0.07 0.0 0 10.4 25 210 M M 6 1 33 220
10 91 71 81 7 0 16 T 0.0 0 13.2 30 210 M M 8 37 210
11 82 65 74 0 0 9 T 0.0 0 7.2 17 270 M M 6 22 60
12 85 60 73 -1 0 8 0.00 0.0 0 9.0 24 30 M M 2 33 40
13 86 57 72 -3 0 7 0.00 0.0 0 4.3 14 50 M M 1 21 80
14 84 60 72 -3 0 7 0.01 0.0 0 3.6 22 20 M M 3 3 28 20
15 76 57 67 -8 0 2 0.35 0.0 0 6.1 26 100 M M 6 3 42 90
16 73 57 65 -10 0 0 0.00 0.0 0 7.8 17 40 M M 7 22 50
17 72 55 64 -12 1 0 T 0.0 0 3.8 14 40 M M 7 17 40
18 80 56 68 -8 0 3 0.00 0.0 0 3.5 12 320 M M 7 12 15 350
19 82 64 73 -3 0 8 T 0.0 0 3.1 12 260 M M 6 3 16 230
20 90 63 77 1 0 12 0.00 0.0 0 2.7 15 330 M M 3 13 19 330
21 92 65 79 3 0 14 T 0.0 0 5.6 25 220 M M 8 3 31 220
22 87 67 77 0 0 12 0.16 0.0 0 7.0 29 210 M M 7 3 37 190
23 86 69 78 1 0 13 0.05 0.0 0 10.6 26 210 M M 8 1 36 210
24 86 67 77 0 0 12 0.00 0.0 0 5.4 15 260 M M 9 24 270
25 88 69 79 2 0 14 0.00 0.0 0 7.3 14 260 M M 7 20 260
26 86 66 76 -1 0 11 0.00 0.0 0 8.9 26 210 M M 8 33 210
27 81 68 75 -2 0 10 0.04 0.0 0 11.6 20 230 M M 9 1 25 220
28 86 69 78 0 0 13 0.34 0.0 0 7.3 24 250 M M 9 13 37 250
29 91 68 80 2 0 15 2.22 0.0 0 5.8 21 50 M M 9 13 27 50
30 82 69 76 -2 0 11 T 0.0 0 5.0 18 230 M M 9 3 23 250
================================================================================
SM 2554 1938 1 305 3.75 0.0 200.6 M 185
================================================================================
AV 85.1 64.6 6.7 FASTST M M 6 MAX(MPH)
MISC ----> # 30 210 # 42 90
================================================================================
NOTES:
# LAST OF SEVERAL OCCURRENCES
COLUMN 17 PEAK WIND IN M.P.H.
PRELIMINARY LOCAL CLIMATOLOGICAL DATA (WS FORM: F-6) , PAGE 2
STATION: KNOXVILLE ASOS
MONTH: JUNE
YEAR: 2020
LATITUDE: 35 49 N
LONGITUDE: 83 59 W
[TEMPERATURE DATA] [PRECIPITATION DATA] SYMBOLS USED IN COLUMN 16
AVERAGE MONTHLY: 74.9 TOTAL FOR MONTH: 3.75 1 = FOG OR MIST
DPTR FM NORMAL: -0.1 DPTR FM NORMAL: -0.06 2 = FOG REDUCING VISIBILITY
HIGHEST: 92 ON 21, 7 GRTST 24HR 2.22 ON 29-29 TO 1/4 MILE OR LESS
LOWEST: 54 ON 1 3 = THUNDER
SNOW, ICE PELLETS, HAIL 4 = ICE PELLETS
TOTAL MONTH: 0.0 INCH 5 = HAIL
GRTST 24HR 0.0 6 = FREEZING RAIN OR DRIZZLE
GRTST DEPTH: 0 7 = DUSTSTORM OR SANDSTORM:
VSBY 1/2 MILE OR LESS
8 = SMOKE OR HAZE
[NO. OF DAYS WITH] [WEATHER - DAYS WITH] 9 = BLOWING SNOW
X = TORNADO
MAX 32 OR BELOW: 0 0.01 INCH OR MORE: 9
MAX 90 OR ABOVE: 6 0.10 INCH OR MORE: 5
MIN 32 OR BELOW: 0 0.50 INCH OR MORE: 2
MIN 0 OR BELOW: 0 1.00 INCH OR MORE: 1
[HDD (BASE 65) ]
TOTAL THIS MO. 1 CLEAR (SCALE 0-3) 6
DPTR FM NORMAL -3 PTCLDY (SCALE 4-7) 19
TOTAL FM JUL 1 3046 CLOUDY (SCALE 8-10) 5
DPTR FM NORMAL -591
[CDD (BASE 65) ]
TOTAL THIS MO. 305
DPTR FM NORMAL 0 [PRESSURE DATA]
TOTAL FM JAN 1 466 HIGHEST SLP 30.26 ON 1
DPTR FM NORMAL -1 LOWEST SLP 29.75 ON 23
[REMARKS]
#FINAL-06-20#