000
CXUS54 KMRX 011146
CLMTYS
CLIMATE REPORT
NATIONAL WEATHER SERVICE MORRISTOWN, TN
746 AM EDT THU JUN 01 2023
...................................
...THE KNOXVILLE MCGHEE TYSON AIRPORT CLIMATE SUMMARY FOR THE MONTH OF MAY 2023...
CLIMATE NORMAL PERIOD: 1991 TO 2020
CLIMATE RECORD PERIOD: 1871 TO 2023
WEATHER OBSERVED NORMAL DEPART
VALUE DATE(S) VALUE FROM
NORMAL
................................................
TEMPERATURE (F)
HIGHEST 86 05/16
LOWEST 39 05/04
AVG. MAXIMUM 77.3 78.9 -1.6
AVG. MINIMUM 56.9 56.9 0.0
MEAN 67.1 67.9 -0.8
DAYS MAX >= 90 0
DAYS MAX <= 32 0
DAYS MIN <= 32 0
DAYS MIN <= 0 0
PRECIPITATION (INCHES)
RECORD
MAXIMUM 10.98 1974
MINIMUM 0.71 1941
TOTALS 1.32 4.13 -2.81
DAYS >= .01 7
DAYS >= .10 4
DAYS >= .50 1
DAYS >= 1.00 0
GREATEST
24 HR. TOTAL 0.90 05/07 TO 05/08
SNOWFALL (INCHES)
TOTALS 0.0 0.0 0.0
SINCE 7/1 1.6
SNOWDEPTH AVG. 0
DAYS >= TRACE 0
GREATEST
SNOW DEPTH 0
DEGREE DAYS
HEATING TOTAL 54 53 1
SINCE 7/1 3078 3525 -447
COOLING TOTAL 128 143 -15
SINCE 1/1 174 184 -10
................................................
WEATHER CONDITIONS. NUMBER OF DAYS WITH
THUNDERSTORM 4 RAIN 5
SNOW 0 FOG 8
FOG W/VIS <= 1/4 MILE 2
- INDICATES NEGATIVE NUMBERS.
R INDICATES RECORD WAS SET OR TIED.
MM INDICATES DATA IS MISSING.
T INDICATES TRACE AMOUNT.
$$