000
CXUS53 KUNR 071514
CF6UNR
PRELIMINARY LOCAL CLIMATOLOGICAL DATA (WS FORM: F-6)
STATION: EAST RAPID CITY SD
MONTH: JULY
YEAR: 2022
LATITUDE: 44 4 N
LONGITUDE: 103 13 W
TEMPERATURE IN F: :PCPN: SNOW: WIND :SUNSHINE: SKY :PK WND
================================================================================
1 2 3 4 5 6A 6B 7 8 9 10 11 12 13 14 15 16 17 18
12Z AVG MX 2MIN
DY MAX MIN AVG DEP HDD CDD WTR SNW DPTH SPD SPD DIR MIN PSBL S-S WX SPD DR
================================================================================
1 89 60 75 5 0 10 T 0.0 0 6.6 26 40 M M M 3 35 40
2 86 56 71 0 0 6 0.16 0.0 0 5.8 15 190 M M M 35 24 270
3 95 61 78 7 0 13 0.03 0.0 0 7.5 20 100 M M M 3 29 140
4 90 64 77 6 0 12 0.06 0.0 0 6.7 23 340 M M M 3 33 330
5 84 64 74 3 0 9 0.00 0.0 0 5.5 26 360 M M M 1 46 340
6 88 64 76 4 0 11 0.04 0.0 0 4.0 14 110 M M M 3 18 110
7 85 66 76 4 0 11 0.07 0.0 0 5.3 18 10 M M M 3 31 90
8 90 63 77 5 0 12 0.00 0.0 0 5.4 17 140 M M M 3 24 150
9 95 67 81 9 0 16 0.00 0.0 0 7.4 18 20 M M M 25 10
10 92 59 76 3 0 11 0.33 0.0 0 10.8 40 320 M M M 35 61 320
11 78 60 69 -4 0 4 0.04 0.0 0 9.0 24 10 M M M 3 32 360
12 88 62 75 2 0 10 0.00 0.0 0 5.1 14 30 M M M 17 30
13 93 64 79 6 0 14 0.00 0.0 0 5.4 17 140 M M M 3 24 140
14 97 70 84 11 0 19 0.00 0.0 0 8.3 23 330 M M M 32 320
15 98 66 82 9 0 17 1.23 0.0 0 6.4 18 130 M M M 3 25 130
16 91 65 78 4 0 13 0.20 0.0 0 5.1 13 140 M M M 18 10
17 98 71 85 11 0 20 0.00 0.0 0 4.8 12 100 M M M 18 110
18 105 68 87 13 0 22 0.00 0.0 0 5.9 30 320 M M M 46 330
19 87 66 77 3 0 12 0.00 0.0 0 13.2 25 310 M M M 37 330
20 95 64 80 6 0 15 0.00 0.0 0 8.0 25 10 M M M 37 360
21 96 65 81 7 0 16 0.00 0.0 0 7.5 18 360 M M M 26 360
22 100 69 85 11 0 20 0.00 0.0 0 7.8 20 190 M M M 32 180
23 89 70 80 6 0 15 0.00 0.0 0 12.2 34 330 M M M 48 330
24 87 57 72 -2 0 7 2.22 0.0 0 7.1 31 310 M M M 3 41 300
25 83 60 72 -2 0 7 T 0.0 0 3.7 15 190 M M M 24 190
26 78 62 70 -4 0 5 0.07 0.0 0 6.9 20 10 M M M 28 350
27 85 63 74 0 0 9 T 0.0 0 7.6 26 360 M M M 38 360
28 79 58 69 -5 0 4 0.00 0.0 0 4.2 9 140 M M M 14 120
29 87 58 73 -1 0 8 0.14 0.0 0 3.7 17 200 M M M 26 180
30 95 64 80 6 0 15 T 0.0 0 3.3 14 200 M M M 18 200
31 90 68 79 5 0 14 0.00 0.0 0 6.8 21 360 M M M 28 360
================================================================================
SM 2793 1974 0 377 4.59 0.0 207.0 M M
================================================================================
AV 90.1 63.7 6.7 FASTST M M M MAX(MPH)
MISC ----> 40 320 61 320
================================================================================
NOTES:
# LAST OF SEVERAL OCCURRENCES
COLUMN 17 PEAK WIND IN M.P.H.
PRELIMINARY LOCAL CLIMATOLOGICAL DATA (WS FORM: F-6) , PAGE 2
STATION: EAST RAPID CITY SD
MONTH: JULY
YEAR: 2022
LATITUDE: 44 4 N
LONGITUDE: 103 13 W
[TEMPERATURE DATA] [PRECIPITATION DATA] SYMBOLS USED IN COLUMN 16
AVERAGE MONTHLY: 76.9 TOTAL FOR MONTH: 4.59 1 = FOG OR MIST
DPTR FM NORMAL: 3.9 DPTR FM NORMAL: 1.97 2 = FOG REDUCING VISIBILITY
HIGHEST: 105 ON 18 GRTST 24HR 2.22 ON 24-24 TO 1/4 MILE OR LESS
LOWEST: 56 ON 2 3 = THUNDER
SNOW, ICE PELLETS, HAIL 4 = ICE PELLETS
TOTAL MONTH: 0.0 INCH 5 = HAIL
GRTST 24HR 0.0 6 = FREEZING RAIN OR DRIZZLE
GRTST DEPTH: 0 7 = DUSTSTORM OR SANDSTORM:
VSBY 1/2 MILE OR LESS
8 = SMOKE OR HAZE
[NO. OF DAYS WITH] [WEATHER - DAYS WITH] 9 = BLOWING SNOW
X = TORNADO
MAX 32 OR BELOW: 0 0.01 INCH OR MORE: 12
MAX 90 OR ABOVE: 16 0.10 INCH OR MORE: 6
MIN 32 OR BELOW: 0 0.50 INCH OR MORE: 2
MIN 0 OR BELOW: 0 1.00 INCH OR MORE: 2
[HDD (BASE 65) ]
TOTAL THIS MO. 0 CLEAR (SCALE 0-3) 0
DPTR FM NORMAL -10 PTCLDY (SCALE 4-7) 0
TOTAL FM JUL 1 0 CLOUDY (SCALE 8-10) 31
DPTR FM NORMAL -3
[CDD (BASE 65) ]
TOTAL THIS MO. 377
DPTR FM NORMAL 120 [PRESSURE DATA]
TOTAL FM JAN 1 524 HIGHEST SLP M ON M
DPTR FM NORMAL 154 LOWEST SLP 29.30 ON 18
[REMARKS]
#FINAL-07-22#