000
CXUS54 KHGX 011510
CF6UTS
PRELIMINARY LOCAL CLIMATOLOGICAL DATA (WS FORM: F-6)
STATION: HUNTSVILLE
MONTH: NOVEMBER
YEAR: 2022
LATITUDE: 30 45 N
LONGITUDE: 95 35 W
TEMPERATURE IN F: :PCPN: SNOW: WIND :SUNSHINE: SKY :PK WND
================================================================================
1 2 3 4 5 6A 6B 7 8 9 10 11 12 13 14 15 16 17 18
12Z AVG MX 2MIN
DY MAX MIN AVG DEP HDD CDD WTR SNW DPTH SPD SPD DIR MIN PSBL S-S WX SPD DR
================================================================================
1 68 59 64 0 1 0 0.01 0.0 0 0.4 7 110 M M 5 1 14 80
2 81 53 67 3 0 2 0.00 0.0 0 2.3 8 160 M M 7 12 14 160
3 84 71 78 15 0 13 0.00 0.0 M 5.2 13 170 M M 7 1 21 160
4 86 57 72 9 0 7 0.28 0.0 0 9.0 22 310 M M 9 13 37 310
5 71 52 62 -1 3 0 T 0.0 0 1.6 7 180 M M 3 11 170
6 86 54 70 8 0 5 T 0.0 0 2.9 14 180 M M 6 1 20 170
7 86 69 78 16 0 13 0.00 0.0 0 2.1 10 170 M M 5 16 190
8 87 64 76 14 0 11 0.00 0.0 0 2.7 10 160 M M 2 12 22 130
9 86 63 75 14 0 10 0.00 0.0 0 3.5 13 190 M M 1 1 18 170
10 81 67 74 13 0 9 0.00 0.0 0 2.6 9 180 M M 4 18 16 150
11 78 46 62 1 3 0 1.02 0.0 0 6.5 18 320 M M 7 13 28 340
12 55 36 46 -14 19 0 0.00 0.0 0 7.2 17 330 M M 1 27 340
13 59 31 45 -15 20 0 0.00 0.0 0 2.3 7 110 M M 0 13 110
14 51 46 49 -11 16 0 1.10 0.0 0 6.2 16 340 M M 10 123 26 340
15 49 41 45 -15 20 0 0.00 0.0 0 6.9 15 330 M M 10 26 320
16 56 39 48 -11 17 0 0.00 0.0 0 2.5 12 340 M M 2 20 330
17 60 41 51 -8 14 0 0.00 0.0 0 1.2 7 190 M M 3 10 70
18 60 40 50 -9 15 0 T 0.0 0 1.1 7 70 M M 9 13 50
19 51 42 47 -11 18 0 0.37 0.0 0 4.0 9 320 M M 10 1 16 340
20 53 34 44 -14 21 0 0.05 0.0 0 2.8 8 340 M M 6 14 50
21 47 44 46 -12 19 0 0.35 0.0 0 1.4 6 60 M M 10 1 10 50
22 63 45 54 -4 11 0 T 0.0 0 0.7 6 10 M M 8 11 50
23 74 52 63 6 2 0 0.00 0.0 0 1.8 9 160 M M 7 17 170
24 71 61 66 9 0 1 0.81 0.0 0 4.3 18 360 M M 10 13 29 20
25 62 58 60 3 5 0 0.08 0.0 0 5.1 12 60 M M 10 1 23 60
26 66 49 58 2 7 0 0.72 0.0 0 7.7 20 230 M M 7 1 29 270
27 70 48 59 3 6 0 0.00 0.0 0 4.5 10 280 M M 0 20 250
28 74 42 58 2 7 0 0.00 0.0 0 3.5 12 180 M M 0 22 160
29 83 63 73 17 0 8 T 0.0 0 9.2 22 210 M M 7 18 35 220
30 71 40 56 0 9 0 0.00 0.0 0 6.2 17 350 M M 1 1 33 320
================================================================================
SM 2069 1507 233 79 4.79 0.0 117.4 M 167
================================================================================
AV 69.0 50.2 3.9 FASTST M M 6 MAX(MPH)
MISC ----> # 22 310 37 310
================================================================================
NOTES:
# LAST OF SEVERAL OCCURRENCES
COLUMN 17 PEAK WIND IN M.P.H.
PRELIMINARY LOCAL CLIMATOLOGICAL DATA (WS FORM: F-6) , PAGE 2
STATION: HUNTSVILLE
MONTH: NOVEMBER
YEAR: 2022
LATITUDE: 30 45 N
LONGITUDE: 95 35 W
[TEMPERATURE DATA] [PRECIPITATION DATA] SYMBOLS USED IN COLUMN 16
AVERAGE MONTHLY: 59.6 TOTAL FOR MONTH: 4.79 1 = FOG OR MIST
DPTR FM NORMAL: 0.1 DPTR FM NORMAL: 0.54 2 = FOG REDUCING VISIBILITY
HIGHEST: 87 ON 8 GRTST 24HR 1.10 ON 14-14 TO 1/4 MILE OR LESS
LOWEST: 31 ON 13 3 = THUNDER
SNOW, ICE PELLETS, HAIL 4 = ICE PELLETS
TOTAL MONTH: 0.0 INCH 5 = HAIL
GRTST 24HR 0.0 6 = FREEZING RAIN OR DRIZZLE
GRTST DEPTH: 0 7 = DUSTSTORM OR SANDSTORM:
VSBY 1/2 MILE OR LESS
8 = SMOKE OR HAZE
[NO. OF DAYS WITH] [WEATHER - DAYS WITH] 9 = BLOWING SNOW
X = TORNADO
MAX 32 OR BELOW: 0 0.01 INCH OR MORE: 10
MAX 90 OR ABOVE: 0 0.10 INCH OR MORE: 7
MIN 32 OR BELOW: 1 0.50 INCH OR MORE: 4
MIN 0 OR BELOW: 0 1.00 INCH OR MORE: 2
[HDD (BASE 65) ]
TOTAL THIS MO. 233 CLEAR (SCALE 0-3) 10
DPTR FM NORMAL 18 PTCLDY (SCALE 4-7) 11
TOTAL FM JUL 1 272 CLOUDY (SCALE 8-10) 9
DPTR FM NORMAL 10
[CDD (BASE 65) ]
TOTAL THIS MO. 79
DPTR FM NORMAL 28 [PRESSURE DATA]
TOTAL FM JAN 1 3775 HIGHEST SLP 30.50 ON 16
DPTR FM NORMAL 779 LOWEST SLP 29.68 ON 29
[REMARKS]
#FINAL-11-22#