000
CXUS54 KHGX 011535
CF6UTS
PRELIMINARY LOCAL CLIMATOLOGICAL DATA (WS FORM: F-6)
STATION: HUNTSVILLE
MONTH: FEBRUARY
YEAR: 2022
LATITUDE: 30 45 N
LONGITUDE: 95 35 W
TEMPERATURE IN F: :PCPN: SNOW: WIND :SUNSHINE: SKY :PK WND
================================================================================
1 2 3 4 5 6A 6B 7 8 9 10 11 12 13 14 15 16 17 18
12Z AVG MX 2MIN
DY MAX MIN AVG DEP HDD CDD WTR SNW DPTH SPD SPD DIR MIN PSBL S-S WX SPD DR
================================================================================
1 66 58 62 10 3 0 T 0.0 0 2.6 7 60 M M 10 18 10 60
2 65 40 53 0 12 0 0.22 0.0 0 5.8 18 310 M M 8 128 28 280
3 40 27 34 -19 31 0 0.66 T 0 12.1 20 320 M M 10 136 29 330
4 33 25 29 -24 36 0 0.00 0.0 0 9.6 17 330 M M 10 1 26 340
5 51 22 37 -16 28 0 0.00 0.0 0 1.5 6 220 M M 0 9 40
6 60 27 44 -9 21 0 0.00 0.0 0 2.3 10 220 M M 0 15 270
7 62 33 48 -5 17 0 0.00 0.0 0 3.7 18 330 M M 0 26 320
8 66 31 49 -5 16 0 0.00 0.0 0 2.5 10 260 M M 0 14 220
9 72 42 57 3 8 0 0.00 0.0 0 6.1 15 240 M M 0 21 230
10 73 40 57 3 8 0 0.00 0.0 0 5.7 12 220 M M 0 17 240
11 74 46 60 6 5 0 0.00 0.0 0 6.6 15 230 M M 0 23 170
12 55 32 44 -10 21 0 0.15 0.0 0 5.2 18 350 M M 6 18 29 360
13 61 27 44 -10 21 0 0.00 0.0 0 4.2 13 300 M M 0 16 300
14 70 40 55 0 10 0 0.00 0.0 0 6.6 13 170 M M 0 18 170
15 75 44 60 5 5 0 0.00 0.0 0 8.5 21 190 M M 3 27 160
16 77 64 71 16 0 6 0.01 0.0 0 10.8 24 170 M M 10 18 32 170
17 76 39 58 3 7 0 0.07 0.0 0 13.4 29 320 M M 8 1 39 310
18 59 35 47 -9 18 0 0.00 0.0 0 5.0 16 340 M M 1 26 340
19 69 30 50 -6 15 0 0.00 0.0 0 2.7 8 180 M M 0 12 100
20 66 40 53 -3 12 0 T 0.0 0 4.2 14 160 M M 5 18 21 160
21 84 61 73 17 0 8 0.06 0.0 0 13.5 29 190 M M 7 1 36 180
22 82 54 68 12 0 3 0.03 0.0 0 11.9 25 190 M M 9 37 190
23 55 33 44 -13 21 0 T 0.0 0 8.3 15 340 M M 10 18 21 330
24 39 33 36 -21 29 0 T 0.0 0 6.9 13 350 M M 10 1 21 360
25 44 34 39 -18 26 0 0.04 0.0 0 5.9 14 10 M M 10 19 10
26 41 39 40 -17 25 0 0.34 0.0 0 4.8 10 340 M M 10 1 17 330
27 59 37 48 -10 17 0 0.00 0.0 0 6.2 15 360 M M 5 1 23 360
28 68 32 50 -8 15 0 0.00 0.0 0 0.9 7 120 M M 0 11 50
================================================================================
SM 1742 1065 427 17 1.58 T 177.5 M 132
================================================================================
AV 62.2 38.0 6.3 FASTST M M 5 MAX(MPH)
MISC ----> # 29 320 39 310
================================================================================
NOTES:
# LAST OF SEVERAL OCCURRENCES
COLUMN 17 PEAK WIND IN M.P.H.
PRELIMINARY LOCAL CLIMATOLOGICAL DATA (WS FORM: F-6) , PAGE 2
STATION: HUNTSVILLE
MONTH: FEBRUARY
YEAR: 2022
LATITUDE: 30 45 N
LONGITUDE: 95 35 W
[TEMPERATURE DATA] [PRECIPITATION DATA] SYMBOLS USED IN COLUMN 16
AVERAGE MONTHLY: 50.1 TOTAL FOR MONTH: 1.58 1 = FOG OR MIST
DPTR FM NORMAL: -4.8 DPTR FM NORMAL: -1.29 2 = FOG REDUCING VISIBILITY
HIGHEST: 84 ON 21 GRTST 24HR 0.88 ON 2- 3 TO 1/4 MILE OR LESS
LOWEST: 22 ON 5 3 = THUNDER
SNOW, ICE PELLETS, HAIL 4 = ICE PELLETS
TOTAL MONTH: T 5 = HAIL
GRTST 24HR T ON 3- 3 6 = FREEZING RAIN OR DRIZZLE
GRTST DEPTH: 0 7 = DUSTSTORM OR SANDSTORM:
VSBY 1/2 MILE OR LESS
8 = SMOKE OR HAZE
[NO. OF DAYS WITH] [WEATHER - DAYS WITH] 9 = BLOWING SNOW
X = TORNADO
MAX 32 OR BELOW: 0 0.01 INCH OR MORE: 9
MAX 90 OR ABOVE: 0 0.10 INCH OR MORE: 4
MIN 32 OR BELOW: 9 0.50 INCH OR MORE: 1
MIN 0 OR BELOW: 0 1.00 INCH OR MORE: 0
[HDD (BASE 65) ]
TOTAL THIS MO. 427 CLEAR (SCALE 0-3) 12
DPTR FM NORMAL 122 PTCLDY (SCALE 4-7) 5
TOTAL FM JUL 1 1140 CLOUDY (SCALE 8-10) 11
DPTR FM NORMAL -275
[CDD (BASE 65) ]
TOTAL THIS MO. 17
DPTR FM NORMAL -5 [PRESSURE DATA]
TOTAL FM JAN 1 17 HIGHEST SLP 30.63 ON 5
DPTR FM NORMAL -22 LOWEST SLP 29.75 ON 17
[REMARKS]
#FINAL-02-22#