000
CXUS54 KHGX 251619
CF6UTS
PRELIMINARY LOCAL CLIMATOLOGICAL DATA (WS FORM: F-6)
STATION: HUNTSVILLE
MONTH: JUNE
YEAR: 2020
LATITUDE: 30 45 N
LONGITUDE: 95 35 W
TEMPERATURE IN F: :PCPN: SNOW: WIND :SUNSHINE: SKY :PK WND
================================================================================
1 2 3 4 5 6A 6B 7 8 9 10 11 12 13 14 15 16 17 18
12Z AVG MX 2MIN
DY MAX MIN AVG DEP HDD CDD WTR SNW DPTH SPD SPD DIR MIN PSBL S-S WX SPD DR
================================================================================
1 87 72 80 0 0 15 0.01 0.0 0 2.2 6 120 M M 5 1 11 50
2 91 71 81 0 0 16 0.00 0.0 0 2.7 7 160 M M 1 18 13 160
3 91 71 81 0 0 16 0.04 0.0 0 3.0 17 180 M M 2 138 25 190
4 93 74 84 3 0 19 0.00 0.0 0 4.7 12 190 M M 4 1 14 190
5 94 75 85 4 0 20 0.00 0.0 0 3.6 10 190 M M 2 16 180
6 96 73 85 4 0 20 T 0.0 0 2.7 14 330 M M 1 18 340
7 96 72 84 2 0 19 0.00 0.0 0 3.3 12 50 M M 2 1 19 60
8 95 77 86 4 0 21 0.00 0.0 0 5.9 14 190 M M 3 8 19 200
9 96 80 88 6 0 23 T 0.0 0 9.2 17 180 M M 3 25 180
10 92 66 79 -3 0 14 0.00 0.0 0 4.6 16 330 M M 1 22 40
11 92 59 76 -6 0 11 0.00 0.0 0 2.6 12 10 M M 0 18 20
12 92 61 77 -5 0 12 0.00 0.0 0 2.5 13 60 M M 0 21 40
13 93 63 78 -4 0 13 0.00 0.0 0 3.6 13 60 M M 0 20 50
14 95 63 79 -3 0 14 0.00 0.0 0 2.3 8 90 M M 1 14 50
15 96 72 84 2 0 19 0.00 0.0 0 3.0 9 170 M M 3 128 14 40
16 95 70 83 1 0 18 T 0.0 0 2.2 10 190 M M 2 3 13 200
17 94 71 83 0 0 18 0.00 0.0 0 4.8 12 170 M M 0 17 190
18 95 71 83 0 0 18 0.00 0.0 0 5.9 15 190 M M 1 21 190
19 93 70 82 -1 0 17 T 0.0 0 6.0 15 170 M M 1 23 180
20 94 69 82 -1 0 17 0.06 0.0 0 5.4 17 340 M M 5 1 27 190
21 96 70 83 0 0 18 0.72 0.0 0 7.6 23 190 M M 2 3 35 190
22 85 72 79 -4 0 14 T 0.0 0 5.0 16 190 M M 3 3 26 160
23 91 71 81 -2 0 16 2.60 0.0 0 5.8 15 190 M M 4 138 23 290
24 83 72 78 -5 0 13 0.48 0.0 0 1.4 7 170 M M 7 13 11 130
25 86 74 80 -3 0 15 0.15 0.0 0 2.2 12 190 M M 5 13 17 170
26 87 76 82 -1 0 17 0.00 0.0 0 5.2 15 190 M M 7 38 19 180
27 93 79 86 3 0 21 T 0.0 0 7.3 14 190 M M 5 8 21 190
28 91 79 85 2 0 20 0.00 0.0 0 8.6 20 190 M M 3 28 190
29 93 81 87 4 0 22 0.00 0.0 0 8.3 18 180 M M 1 24 180
30 93 81 87 4 0 22 0.09 0.0 0 8.8 16 190 M M 4 24 190
================================================================================
SM 2768 2155 0 518 4.15 0.0 140.4 M 78
================================================================================
AV 92.3 71.8 4.7 FASTST M M 3 MAX(MPH)
MISC ----> 23 190 35 190
================================================================================
NOTES:
# LAST OF SEVERAL OCCURRENCES
COLUMN 17 PEAK WIND IN M.P.H.
PRELIMINARY LOCAL CLIMATOLOGICAL DATA (WS FORM: F-6) , PAGE 2
STATION: HUNTSVILLE
MONTH: JUNE
YEAR: 2020
LATITUDE: 30 45 N
LONGITUDE: 95 35 W
[TEMPERATURE DATA] [PRECIPITATION DATA] SYMBOLS USED IN COLUMN 16
AVERAGE MONTHLY: 82.1 TOTAL FOR MONTH: 4.15 1 = FOG OR MIST
DPTR FM NORMAL: -0.1 DPTR FM NORMAL: -0.42 2 = FOG REDUCING VISIBILITY
HIGHEST: 96 ON 21,15 GRTST 24HR 2.60 ON 23-23 TO 1/4 MILE OR LESS
LOWEST: 59 ON 11 3 = THUNDER
SNOW, ICE PELLETS, HAIL 4 = ICE PELLETS
TOTAL MONTH: 0.0 INCH 5 = HAIL
GRTST 24HR 0.0 6 = FREEZING RAIN OR DRIZZLE
GRTST DEPTH: 0 7 = DUSTSTORM OR SANDSTORM:
VSBY 1/2 MILE OR LESS
8 = SMOKE OR HAZE
[NO. OF DAYS WITH] [WEATHER - DAYS WITH] 9 = BLOWING SNOW
X = TORNADO
MAX 32 OR BELOW: 0 0.01 INCH OR MORE: 8
MAX 90 OR ABOVE: 25 0.10 INCH OR MORE: 4
MIN 32 OR BELOW: 0 0.50 INCH OR MORE: 2
MIN 0 OR BELOW: 0 1.00 INCH OR MORE: 1
[HDD (BASE 65) ]
TOTAL THIS MO. 0 CLEAR (SCALE 0-3) 20
DPTR FM NORMAL 0 PTCLDY (SCALE 4-7) 10
TOTAL FM JUL 1 1402 CLOUDY (SCALE 8-10) 0
DPTR FM NORMAL -235
[CDD (BASE 65) ]
TOTAL THIS MO. 518
DPTR FM NORMAL 1 [PRESSURE DATA]
TOTAL FM JAN 1 1239 HIGHEST SLP M ON M
DPTR FM NORMAL 130 LOWEST SLP 29.59 ON 8
[REMARKS]
#FINAL-06-20#