000
CXUS54 KEWX 011010
CF6UVA
PRELIMINARY LOCAL CLIMATOLOGICAL DATA (WS FORM: F-6)
STATION: UVALDE
MONTH: OCTOBER
YEAR: 2021
LATITUDE: 29 12 N
LONGITUDE: 99 44 W
TEMPERATURE IN F: :PCPN: SNOW: WIND :SUNSHINE: SKY :PK WND
================================================================================
1 2 3 4 5 6A 6B 7 8 9 10 11 12 13 14 15 16 17 18
12Z AVG MX 2MIN
DY MAX MIN AVG DEP HDD CDD WTR SNW DPTH SPD SPD DIR MIN PSBL S-S WX SPD DR
================================================================================
1 87 66 77 M 0 12 0.96 M M 8.3 22 280 M M 6 3 29 30
2 87 70 79 M 0 14 0.00 M M 3.4 8 60 M M 5 16 0
3 86 67 77 M 0 12 0.00 M M 2.9 16 360 M M 3 20 360
4 91 63 77 M 0 12 0.00 M M 5.2 10 70 M M 2 17 350
5 89 58 74 M 0 9 0.00 M M 3.2 7 120 M M 1 M M
6 90 61 76 M 0 11 0.00 M M 6.9 9 130 M M 0 17 190
7 91 61 76 M 0 11 0.00 M M 7.1 13 210 M M 0 18 160
8 90 59 75 M 0 10 0.00 M M 5.9 9 170 M M 0 M M
9 91 60 76 M 0 11 0.00 M M 7.9 13 140 M M 0 20 160
10 94 68 81 M 0 16 0.00 M M 8.7 15 160 M M 5 20 140
11 88 61 75 M 0 10 0.00 M M 6.6 12 80 M M 3 17 40
12 89 73 81 M 0 16 0.03 M M 10.3 17 120 M M 8 1 24 120
13 86 71 79 M 0 14 0.09 M M 9.2 22 270 M M 9 3 26 270
14 87 66 77 M 0 12 0.00 M M 4.3 9 140 M M 3 1 M M
15 88 65 77 M 0 12 0.00 M M 6.3 15 10 M M 5 12 24 280
16 65 51 58 M 7 0 0.00 M M 3.8 7 20 M M 0 M M
17 M M M M M M 0.00 M M M M M M M 0 M M
18 M M M M M M 0.00 M M M M M M M 0 M M
19 M M M M M M 0.00 M M M M M M M 0 M M
20 M M M M M M 0.00 M M M M M M M 0 M M
21 87 69 78 M 0 13 0.00 M M 5.8 12 100 M M 1 1 M M
22 88 63 76 M 0 11 0.00 M M 5.6 10 120 M M 3 1 16 130
23 88 64 76 M 0 11 0.00 M M 7.4 13 160 M M 3 1 22 170
24 87 71 79 M 0 14 0.00 M M 4.9 10 140 M M 6 1 M M
25 93 68 81 M 0 16 0.00 M M 6.0 12 160 M M 4 1 18 160
26 91 72 82 M 0 17 0.00 M M 11.2 16 110 M M 6 23 130
27 81 50 66 M 0 1 0.00 M M 12.3 28 310 M M 2 1 37 300
28 82 44 63 M 2 0 0.00 M M 7.2 21 320 M M 0 29 320
29 81 49 65 M 0 0 0.00 M M 7.5 20 350 M M 0 27 330
30 85 43 64 M 1 0 0.00 M M 3.8 8 200 M M 0 M M
31 88 51 70 M 0 5 0.00 M M 8.8 14 150 M M 0 22 110
================================================================================
SM 2350 1664 10 270 1.08 M 180.2 M 75
================================================================================
AV 87.0 61.6 6.7 FASTST M M 2 MAX(MPH)
MISC ----> 28 310 37 300
================================================================================
NOTES:
# LAST OF SEVERAL OCCURRENCES
COLUMN 17 PEAK WIND IN M.P.H.
PRELIMINARY LOCAL CLIMATOLOGICAL DATA (WS FORM: F-6) , PAGE 2
STATION: UVALDE
MONTH: OCTOBER
YEAR: 2021
LATITUDE: 29 12 N
LONGITUDE: 99 44 W
[TEMPERATURE DATA] [PRECIPITATION DATA] SYMBOLS USED IN COLUMN 16
AVERAGE MONTHLY: 74.3 TOTAL FOR MONTH: 1.08 1 = FOG OR MIST
DPTR FM NORMAL: 0.0 DPTR FM NORMAL: M 2 = FOG REDUCING VISIBILITY
HIGHEST: 94 ON 10 GRTST 24HR 0.96 ON 1- 1 TO 1/4 MILE OR LESS
LOWEST: 43 ON 30 3 = THUNDER
SNOW, ICE PELLETS, HAIL 4 = ICE PELLETS
TOTAL MONTH: M 5 = HAIL
GRTST 24HR M ON M 6 = FREEZING RAIN OR DRIZZLE
GRTST DEPTH: M ON M 7 = DUSTSTORM OR SANDSTORM:
VSBY 1/2 MILE OR LESS
8 = SMOKE OR HAZE
[NO. OF DAYS WITH] [WEATHER - DAYS WITH] 9 = BLOWING SNOW
X = TORNADO
MAX 32 OR BELOW: 0 0.01 INCH OR MORE: 3
MAX 90 OR ABOVE: 8 0.10 INCH OR MORE: 1
MIN 32 OR BELOW: 0 0.50 INCH OR MORE: 1
MIN 0 OR BELOW: 0 1.00 INCH OR MORE: 0
[HDD (BASE 65) ]
TOTAL THIS MO. 10 CLEAR (SCALE 0-3) 19
DPTR FM NORMAL M PTCLDY (SCALE 4-7) 11
TOTAL FM JUL 1 10 CLOUDY (SCALE 8-10) 1
DPTR FM NORMAL M
[CDD (BASE 65) ]
TOTAL THIS MO. 270
DPTR FM NORMAL M [PRESSURE DATA]
TOTAL FM JAN 1 2956 HIGHEST SLP M ON M
DPTR FM NORMAL M LOWEST SLP M ON M
[REMARKS]
#FINAL-10-21#