000
CXUS54 KCRP 100211
CF6VCT
PRELIMINARY LOCAL CLIMATOLOGICAL DATA (WS FORM: F-6)
STATION: VICTORIA
MONTH: JANUARY
YEAR: 2022
LATITUDE: 28 51 N
LONGITUDE: 96 55 W
TEMPERATURE IN F: :PCPN: SNOW: WIND :SUNSHINE: SKY :PK WND
================================================================================
1 2 3 4 5 6A 6B 7 8 9 10 11 12 13 14 15 16 17 18
12Z AVG MX 2MIN
DY MAX MIN AVG DEP HDD CDD WTR SNW DPTH SPD SPD DIR MIN PSBL S-S WX SPD DR
================================================================================
1 86 65 76 22 0 11 0.00 0.0 0 12.2 30 170 M M 6 128 41 180
2 70 28 49 -5 16 0 0.00 0.0 0 18.9 33 340 M M 3 1 43 350
3 57 23 40 -14 25 0 0.00 0.0 0 4.7 10 360 M M 0 13 20
4 71 34 53 -1 12 0 0.00 0.0 0 6.7 21 190 M M 1 24 190
5 80 43 62 8 3 0 0.00 0.0 0 6.4 17 150 M M 2 12 21 150
6 75 40 58 4 7 0 0.00 0.0 0 10.5 21 350 M M 5 128 26 360
7 56 37 47 -7 18 0 0.02 0.0 0 10.3 16 20 M M 9 1 21 10
8 73 56 65 11 0 0 0.22 0.0 0 5.2 18 260 M M 10 12 22 260
9 77 51 64 10 1 0 0.00 0.0 0 10.7 25 350 M M 9 128 36 350
10 65 38 52 -2 13 0 0.00 0.0 0 13.7 23 30 M M 4 28 40
11 66 31 49 -5 16 0 0.00 0.0 0 8.2 16 50 M M 3 20 30
12 64 45 55 1 10 0 0.00 0.0 0 3.9 9 10 M M 8 12 20
13 78 40 59 5 6 0 0.00 0.0 0 5.4 14 280 M M 0 18 20 280
14 79 41 60 6 5 0 0.00 0.0 0 8.0 21 150 M M 3 128 26 140
15 60 35 48 -6 17 0 T 0.0 0 18.5 38 320 M M 2 12 47 340
16 65 32 49 -5 16 0 0.00 0.0 0 8.1 17 310 M M 0 23 320
17 73 28 51 -3 14 0 0.00 0.0 0 5.4 15 150 M M 0 17 150
18 78 38 58 4 7 0 T 0.0 0 9.0 25 180 M M 3 128 31 170
19 82 55 69 15 0 4 T 0.0 0 11.1 25 360 M M 7 18 31 350
20 55 35 45 -9 20 0 T 0.0 0 20.0 31 360 M M 8 42 10
21 55 32 44 -10 21 0 T 0.0 0 11.1 20 350 M M 5 24 350
22 60 27 44 -10 21 0 0.00 0.0 0 8.1 21 30 M M 3 24 40
23 59 47 53 -2 12 0 0.00 0.0 0 3.1 9 70 M M 10 11 40
24 53 48 51 -4 14 0 0.93 0.0 0 7.0 15 340 M M 10 138 18 340
25 61 49 55 0 10 0 0.00 0.0 0 8.3 16 40 M M 9 1 21 50
26 60 47 54 -1 11 0 0.00 0.0 0 9.0 18 40 M M 7 22 50
27 66 46 56 1 9 0 0.00 0.0 0 5.5 10 40 M M 9 12 50
28 62 35 49 -6 16 0 0.01 0.0 0 10.3 22 10 M M 5 27 350
29 68 31 50 -5 15 0 0.00 0.0 0 6.6 14 170 M M 0 17 160
30 74 36 55 -1 10 0 0.00 0.0 0 7.4 22 160 M M 2 26 150
31 63 55 59 3 6 0 1.85 0.0 0 7.9 25 110 M M 9 13 31 120
================================================================================
SM 2091 1248 351 15 3.03 0.0 281.2 M 152
================================================================================
AV 67.5 40.3 9.1 FASTST M M 5 MAX(MPH)
MISC ----> 38 320 47 340
================================================================================
NOTES:
# LAST OF SEVERAL OCCURRENCES
COLUMN 17 PEAK WIND IN M.P.H.
PRELIMINARY LOCAL CLIMATOLOGICAL DATA (WS FORM: F-6) , PAGE 2
STATION: VICTORIA
MONTH: JANUARY
YEAR: 2022
LATITUDE: 28 51 N
LONGITUDE: 96 55 W
[TEMPERATURE DATA] [PRECIPITATION DATA] SYMBOLS USED IN COLUMN 16
AVERAGE MONTHLY: 53.9 TOTAL FOR MONTH: 3.03 1 = FOG OR MIST
DPTR FM NORMAL: -0.5 DPTR FM NORMAL: 0.36 2 = FOG REDUCING VISIBILITY
HIGHEST: 86 ON 1 GRTST 24HR 1.85 ON 31-31 TO 1/4 MILE OR LESS
LOWEST: 23 ON 3 3 = THUNDER
SNOW, ICE PELLETS, HAIL 4 = ICE PELLETS
TOTAL MONTH: 0.0 INCH 5 = HAIL
GRTST 24HR 0.0 6 = FREEZING RAIN OR DRIZZLE
GRTST DEPTH: 0 7 = DUSTSTORM OR SANDSTORM:
VSBY 1/2 MILE OR LESS
8 = SMOKE OR HAZE
[NO. OF DAYS WITH] [WEATHER - DAYS WITH] 9 = BLOWING SNOW
X = TORNADO
MAX 32 OR BELOW: 0 0.01 INCH OR MORE: 5
MAX 90 OR ABOVE: 0 0.10 INCH OR MORE: 3
MIN 32 OR BELOW: 8 0.50 INCH OR MORE: 2
MIN 0 OR BELOW: 0 1.00 INCH OR MORE: 1
[HDD (BASE 65) ]
TOTAL THIS MO. 351 CLEAR (SCALE 0-3) 11
DPTR FM NORMAL 6 PTCLDY (SCALE 4-7) 12
TOTAL FM JUL 1 559 CLOUDY (SCALE 8-10) 8
DPTR FM NORMAL -257
[CDD (BASE 65) ]
TOTAL THIS MO. 15
DPTR FM NORMAL -2 [PRESSURE DATA]
TOTAL FM JAN 1 15 HIGHEST SLP 30.59 ON 10
DPTR FM NORMAL -2 LOWEST SLP 29.62 ON 1
[REMARKS]
#FINAL-01-22#