000
CXUS54 KCRP 011602
CF6VCT
PRELIMINARY LOCAL CLIMATOLOGICAL DATA (WS FORM: F-6)
STATION: VICTORIA
MONTH: APRIL
YEAR: 2021
LATITUDE: 28 51 N
LONGITUDE: 96 55 W
TEMPERATURE IN F: :PCPN: SNOW: WIND :SUNSHINE: SKY :PK WND
================================================================================
1 2 3 4 5 6A 6B 7 8 9 10 11 12 13 14 15 16 17 18
12Z AVG MX 2MIN
DY MAX MIN AVG DEP HDD CDD WTR SNW DPTH SPD SPD DIR MIN PSBL S-S WX SPD DR
================================================================================
1 73 49 61 -6 4 0 0.00 0.0 0 12.8 25 40 M M 4 33 50
2 72 47 60 -7 5 0 0.00 0.0 0 10.2 23 140 M M 4 32 140
3 75 52 64 -3 1 0 0.00 0.0 0 11.5 25 130 M M 5 30 130
4 79 55 67 0 0 2 0.00 0.0 0 8.9 16 150 M M 3 22 130
5 77 57 67 -1 0 2 0.06 0.0 0 9.9 23 150 M M 7 1 27 130
6 83 68 76 8 0 11 0.00 0.0 0 19.2 30 170 M M 9 36 150
7 81 70 76 8 0 11 0.00 0.0 0 12.4 24 190 M M 9 18 31 170
8 92 68 80 12 0 15 0.00 0.0 0 9.7 24 140 M M 5 128 28 140
9 83 72 78 10 0 13 0.00 0.0 0 14.5 28 160 M M 9 18 34 140
10 86 58 72 3 0 7 0.00 0.0 0 11.6 24 40 M M 5 18 30 40
11 85 51 68 -1 0 3 0.00 0.0 0 8.2 17 130 M M 0 20 140
12 82 62 72 3 0 7 0.00 0.0 0 9.7 20 140 M M 9 18 23 110
13 88 73 81 12 0 16 0.01 0.0 0 7.9 16 130 M M 9 18 21 130
14 82 70 76 6 0 11 0.19 0.0 0 6.9 17 60 M M 10 1238 22 50
15 70 67 69 -1 0 4 0.01 0.0 0 11.0 18 30 M M 10 18 24 40
16 75 64 70 0 0 5 0.04 0.0 0 9.0 21 10 M M 10 12 27 20
17 67 56 62 -8 3 0 0.06 0.0 0 15.5 26 20 M M 8 33 30
18 70 48 59 -11 6 0 0.00 0.0 0 9.7 18 10 M M 7 8 24 10
19 73 50 62 -9 3 0 T 0.0 0 5.8 15 60 M M 7 19 60
20 85 48 67 -4 0 2 0.00 0.0 0 5.9 22 20 M M 3 8 28 10
21 72 47 60 -11 5 0 0.00 0.0 0 11.1 23 20 M M 0 28 30
22 73 48 61 -10 4 0 0.00 0.0 0 12.1 22 120 M M 8 27 110
23 80 66 73 1 0 8 1.31 0.0 0 15.2 32 160 M M 9 138 44 290
24 90 63 77 5 0 12 0.00 0.0 0 11.2 23 320 M M 3 128 27 320
25 84 58 71 -1 0 6 0.00 0.0 0 11.5 20 130 M M 2 26 130
26 84 65 75 3 0 10 T 0.0 0 14.3 23 160 M M 5 1 27 150
27 80 71 76 3 0 11 0.00 0.0 0 12.6 26 120 M M 9 18 33 130
28 84 74 79 6 0 14 0.00 0.0 0 21.8 30 160 M M 10 18 37 170
29 79 71 75 2 0 10 0.02 0.0 0 9.5 26 150 M M 10 18 32 160
30 74 68 71 -2 0 6 2.69 0.0 0 10.8 20 80 M M 10 13 26 80
================================================================================
SM 2378 1816 31 186 4.39 0.0 340.4 M 199
================================================================================
AV 79.3 60.5 11.3 FASTST M M 7 MAX(MPH)
MISC ----> 32 160 44 290
================================================================================
NOTES:
# LAST OF SEVERAL OCCURRENCES
COLUMN 17 PEAK WIND IN M.P.H.
PRELIMINARY LOCAL CLIMATOLOGICAL DATA (WS FORM: F-6) , PAGE 2
STATION: VICTORIA
MONTH: APRIL
YEAR: 2021
LATITUDE: 28 51 N
LONGITUDE: 96 55 W
[TEMPERATURE DATA] [PRECIPITATION DATA] SYMBOLS USED IN COLUMN 16
AVERAGE MONTHLY: 69.9 TOTAL FOR MONTH: 4.39 1 = FOG OR MIST
DPTR FM NORMAL: 0.0 DPTR FM NORMAL: 1.57 2 = FOG REDUCING VISIBILITY
HIGHEST: 92 ON 8 GRTST 24HR 2.69 ON 30-30 TO 1/4 MILE OR LESS
LOWEST: 47 ON 21, 2 3 = THUNDER
SNOW, ICE PELLETS, HAIL 4 = ICE PELLETS
TOTAL MONTH: 0.0 INCH 5 = HAIL
GRTST 24HR 0.0 6 = FREEZING RAIN OR DRIZZLE
GRTST DEPTH: 0 7 = DUSTSTORM OR SANDSTORM:
VSBY 1/2 MILE OR LESS
8 = SMOKE OR HAZE
[NO. OF DAYS WITH] [WEATHER - DAYS WITH] 9 = BLOWING SNOW
X = TORNADO
MAX 32 OR BELOW: 0 0.01 INCH OR MORE: 9
MAX 90 OR ABOVE: 2 0.10 INCH OR MORE: 3
MIN 32 OR BELOW: 0 0.50 INCH OR MORE: 2
MIN 0 OR BELOW: 0 1.00 INCH OR MORE: 2
[HDD (BASE 65) ]
TOTAL THIS MO. 31 CLEAR (SCALE 0-3) 5
DPTR FM NORMAL 1 PTCLDY (SCALE 4-7) 11
TOTAL FM JUL 1 1230 CLOUDY (SCALE 8-10) 14
DPTR FM NORMAL -17
[CDD (BASE 65) ]
TOTAL THIS MO. 186
DPTR FM NORMAL 9 [PRESSURE DATA]
TOTAL FM JAN 1 350 HIGHEST SLP 30.51 ON 1
DPTR FM NORMAL 61 LOWEST SLP 29.57 ON 9
[REMARKS]
#FINAL-04-21#