000
CXUS55 KGJT 011123
CLMVEL
CLIMATE REPORT
NATIONAL WEATHER SERVICE GRAND JUNCTION CO
523 AM MDT MON APR 01 2024
...................................
...THE VERNAL UT CLIMATE SUMMARY FOR THE MONTH OF MARCH 2024...
CLIMATE NORMAL PERIOD 1991 TO 2020
CLIMATE RECORD PERIOD 9999 TO 9999
WEATHER OBSERVED NORMAL DEPART LAST YEAR`S
VALUE DATE(S) VALUE FROM VALUE DATE(S)
NORMAL
................................................................
TEMPERATURE (F)
HIGHEST 67 03/21 MM MM 46 03/29
LOWEST 17 03/09 MM MM 3 03/03
03/04
03/18
AVG. MAXIMUM 52.7 53.1 -0.4 32.9
AVG. MINIMUM 28.3 27.3 1.0 14.5
MEAN 40.5 40.2 0.3 23.7
DAYS MAX >= 90 0 0.0 0.0 0
DAYS MAX <= 32 0 0.3 -0.3 18
DAYS MIN <= 32 23 26.0 -3.0 31
DAYS MIN <= 0 0 0.0 0.0 0
PRECIPITATION (INCHES)
TOTALS 0.20R 0.72 -0.52 0.47
DAILY AVG. 0.01 0.02 -0.01 0.02
DAYS >= .01 7 6.0 1.0 9
DAYS >= .10 0 2.2 -2.2 2
DAYS >= .50 0 0.2 -0.2 0
DAYS >= 1.00 0 0.0 0.0 0
GREATEST
24 HR. TOTAL 0.07 03/02 TO 03/03 0.17
SNOWFALL (INCHES)
TOTALS MM MM MM MM
SINCE 7/1 MM MM MM MM
SNOWDEPTH AVG. MM MM
DAYS >= 1.0 MM MM MM MM
GREATEST
SNOW DEPTH MM MM MM
24 HR TOTAL MM MM
DEGREE DAYS
HEATING TOTAL 752 769 -17 1271
SINCE 7/1 5388 6093 -705 7616
COOLING TOTAL 0 0 0 0
SINCE 1/1 0 0 0 0
................................................................
WIND (MPH)
AVERAGE WIND SPEED 6.7
HIGHEST WIND SPEED/DIRECTION 35/240 DATE 03/02
HIGHEST GUST SPEED/DIRECTION 49/240 DATE 03/02
SKY COVER
POSSIBLE SUNSHINE (PERCENT) MM
AVERAGE SKY COVER 0.48
NUMBER OF DAYS FAIR 12
NUMBER OF DAYS PC 11
NUMBER OF DAYS CLOUDY 8
AVERAGE RH (PERCENT) 57
WEATHER CONDITIONS. NUMBER OF DAYS WITH
THUNDERSTORM 0 MIXED PRECIP 0
HEAVY RAIN 0 RAIN 2
LIGHT RAIN 10 FREEZING RAIN 0
LT FREEZING RAIN 0 HAIL 0
HEAVY SNOW 1 SNOW 2
LIGHT SNOW 10 SLEET 0
FOG 9 FOG W/VIS <= 1/4 MILE 1
HAZE 3
- INDICATES NEGATIVE NUMBERS.
R INDICATES RECORD WAS SET OR TIED.
MM INDICATES DATA IS MISSING.
T INDICATES TRACE AMOUNT.
$$