000
CXUS53 KSGF 010630
CF6VIH
PRELIMINARY LOCAL CLIMATOLOGICAL DATA (WS FORM: F-6)
STATION: VICHY-ROLLA MO
MONTH: NOVEMBER
YEAR: 2020
LATITUDE: 38 7 N
LONGITUDE: 91 46 W
TEMPERATURE IN F: :PCPN: SNOW: WIND :SUNSHINE: SKY :PK WND
================================================================================
1 2 3 4 5 6A 6B 7 8 9 10 11 12 13 14 15 16 17 18
12Z AVG MX 2MIN
DY MAX MIN AVG DEP HDD CDD WTR SNW DPTH SPD SPD DIR MIN PSBL S-S WX SPD DR
================================================================================
1 53 27 40 -12 25 0 0.00 M M 10.2 22 300 M M 0 33 290
2 60 25 43 -8 22 0 0.00 M M 8.1 17 210 M M 0 23 200
3 76 42 59 8 6 0 0.00 M M 10.3 16 210 M M 0 21 210
4 76 51 64 14 1 0 0.00 M M 12.7 20 220 M M 0 26 210
5 74 52 63 13 2 0 0.00 M M 8.7 15 200 M M 0 19 200
6 73 51 62 12 3 0 0.00 M M 9.2 14 200 M M 0 20 140
7 74 50 62 13 3 0 0.00 M M 10.4 20 190 M M 2 26 210
8 74 59 67 18 0 2 0.00 M M 10.6 23 180 M M 5 30 170
9 70 63 67 19 0 2 0.00 M M 11.8 21 170 M M 5 27 160
10 77 39 58 10 7 0 0.18 M M 15.4 31 270 M M 9 18 50 290
11 55 30 43 -4 22 0 0.00 M M 4.0 10 320 M M 1 16 320
12 61 30 46 -1 19 0 T M M 8.2 18 130 M M 3 27 310
13 50 29 40 -6 25 0 0.00 M M 7.0 22 310 M M 1 29 320
14 61 39 50 4 15 0 2.41 M M 15.7 38 220 M M 9 13 53 250
15 54 32 43 -3 22 0 0.00 M M 16.0 35 280 M M 2 48 280
16 63 30 47 2 18 0 0.00 M M 12.3 24 260 M M 0 34 240
17 53 33 43 -2 22 0 0.00 M M 6.8 15 110 M M 0 20 150
18 62 37 50 6 15 0 0.00 M M 16.6 24 180 M M 0 36 170
19 71 52 62 18 3 0 0.00 M M 18.9 33 200 M M 0 44 210
20 65 51 58 15 7 0 T M M 9.5 17 30 M M 8 1 22 40
21 51 42 47 4 18 0 1.66 M M 12.2 22 60 M M 10 1 30 50
22 47 35 41 -1 24 0 0.01 M M 9.0 16 40 M M 7 1 22 20
23 49 28 39 -3 26 0 T M M 5.1 13 150 M M 7 12 18 140
24 59 45 52 11 13 0 0.40 M M 16.4 25 180 M M 9 1 36 180
25 50 42 46 5 19 0 0.39 M M 11.5 22 260 M M 9 1 29 250
26 55 39 47 7 18 0 0.00 M M 6.1 9 130 M M 5 M M
27 54 32 43 3 22 0 0.00 M M 7.8 16 330 M M 3 23 340
28 54 27 41 2 24 0 0.00 M M 3.5 9 200 M M 0 11 210
29 48 34 41 2 24 0 T M M 11.1 30 340 M M 6 52 330
30 36 21 29 -10 36 0 T M M 11.0 25 340 M M 4 36 340
================================================================================
SM 1805 1167 461 4 5.05 M 316.1 M 105
================================================================================
AV 60.2 38.9 10.5 FASTST M M 4 MAX(MPH)
MISC ----> 38 220 53 250
================================================================================
NOTES:
# LAST OF SEVERAL OCCURRENCES
COLUMN 17 PEAK WIND IN M.P.H.
PRELIMINARY LOCAL CLIMATOLOGICAL DATA (WS FORM: F-6) , PAGE 2
STATION: VICHY-ROLLA MO
MONTH: NOVEMBER
YEAR: 2020
LATITUDE: 38 7 N
LONGITUDE: 91 46 W
[TEMPERATURE DATA] [PRECIPITATION DATA] SYMBOLS USED IN COLUMN 16
AVERAGE MONTHLY: 49.5 TOTAL FOR MONTH: 5.05 1 = FOG OR MIST
DPTR FM NORMAL: 4.3 DPTR FM NORMAL: 1.18 2 = FOG REDUCING VISIBILITY
HIGHEST: 77 ON 10 GRTST 24HR 2.41 ON 14-14 TO 1/4 MILE OR LESS
LOWEST: 21 ON 30 3 = THUNDER
SNOW, ICE PELLETS, HAIL 4 = ICE PELLETS
TOTAL MONTH: M 5 = HAIL
GRTST 24HR M ON M 6 = FREEZING RAIN OR DRIZZLE
GRTST DEPTH: M ON M 7 = DUSTSTORM OR SANDSTORM:
VSBY 1/2 MILE OR LESS
8 = SMOKE OR HAZE
[NO. OF DAYS WITH] [WEATHER - DAYS WITH] 9 = BLOWING SNOW
X = TORNADO
MAX 32 OR BELOW: 0 0.01 INCH OR MORE: 6
MAX 90 OR ABOVE: 0 0.10 INCH OR MORE: 5
MIN 32 OR BELOW: 11 0.50 INCH OR MORE: 2
MIN 0 OR BELOW: 0 1.00 INCH OR MORE: 2
[HDD (BASE 65) ]
TOTAL THIS MO. 461 CLEAR (SCALE 0-3) 16
DPTR FM NORMAL -136 PTCLDY (SCALE 4-7) 8
TOTAL FM JUL 1 875 CLOUDY (SCALE 8-10) 6
DPTR FM NORMAL -72
[CDD (BASE 65) ]
TOTAL THIS MO. 4
DPTR FM NORMAL 1 [PRESSURE DATA]
TOTAL FM JAN 1 1294 HIGHEST SLP M ON M
DPTR FM NORMAL 48 LOWEST SLP 29.50 ON 14
[REMARKS]
#FINAL-11-20#