000
CXUS53 KSGF 010800
CF6VIH
PRELIMINARY LOCAL CLIMATOLOGICAL DATA (WS FORM: F-6)
STATION: VICHY-ROLLA MO
MONTH: JUNE
YEAR: 2020
LATITUDE: 38 7 N
LONGITUDE: 91 46 W
TEMPERATURE IN F: :PCPN: SNOW: WIND :SUNSHINE: SKY :PK WND
================================================================================
1 2 3 4 5 6A 6B 7 8 9 10 11 12 13 14 15 16 17 18
12Z AVG MX 2MIN
DY MAX MIN AVG DEP HDD CDD WTR SNW DPTH SPD SPD DIR MIN PSBL S-S WX SPD DR
================================================================================
1 82 61 72 4 0 7 0.00 M 0 9.4 16 170 M M 0 24 160
2 85 62 74 5 0 9 0.00 M M 9.2 16 220 M M 0 21 190
3 89 64 77 8 0 12 0.44 M M 8.7 24 60 M M 2 13 38 60
4 83 64 74 5 0 9 0.92 M M 5.6 16 300 M M 5 13 23 270
5 84 66 75 5 0 10 0.02 M M 5.3 25 270 M M 1 1 39 270
6 90 63 77 7 0 12 0.00 M M 4.9 10 130 M M 2 12 16 110
7 90 71 81 11 0 16 0.00 M M 8.0 13 100 M M 0 18 90
8 85 65 75 5 0 10 0.24 M M 8.8 17 90 M M 1 1 27 70
9 88 72 80 9 0 15 1.10 M M 12.8 23 250 M M 7 1 35 260
10 74 56 65 -6 0 0 0.01 M M 12.4 24 210 M M 5 1 34 210
11 81 53 67 -4 0 2 0.00 M M 6.1 14 290 M M 0 19 260
12 87 61 74 2 0 9 0.00 M M 5.7 13 260 M M 0 19 250
13 86 61 74 2 0 9 0.00 M M 4.1 13 90 M M 0 18 90
14 86 61 74 2 0 9 0.00 M M 6.8 13 110 M M 0 18 100
15 84 64 74 2 0 9 0.00 M M 7.5 13 140 M M 1 20 160
16 81 59 70 -3 0 5 0.00 M M 6.9 12 120 M M 0 16 130
17 85 59 72 -1 0 7 0.00 M M 7.4 13 170 M M 1 21 150
18 87 61 74 1 0 9 0.00 M M 6.3 12 130 M M 1 18 130
19 88 65 77 3 0 12 0.02 M M 6.9 20 210 M M 2 3 25 200
20 90 68 79 5 0 14 0.01 M M 8.0 29 200 M M 3 3 39 190
21 86 67 77 3 0 12 0.00 M M 7.7 12 190 M M 3 8 17 200
22 84 68 76 2 0 11 T M M 7.6 16 280 M M 4 13 20 290
23 83 58 71 -3 0 6 0.00 M M 6.1 16 340 M M 1 12 22 320
24 83 55 69 -6 0 4 0.00 M M 3.7 13 290 M M 1 17 300
25 89 63 76 1 0 11 0.00 M M 7.8 14 260 M M 2 20 260
26 91 69 80 5 0 15 0.00 M M 10.5 18 210 M M 1 8 25 210
27 83 70 77 2 0 12 M M M 10.0 23 200 M M 5 123 37 210
28 89 72 81 5 0 16 0.00 M M 10.1 16 180 M M 2 23 190
29 86 74 80 4 0 15 0.00 M M 10.9 23 180 M M 2 3 33 180
30 88 70 79 3 0 14 0.00 M M 10.1 17 200 M M 2 38 23 130
================================================================================
SM 2567 1922 0 301 2.76 M 235.3 M 54
================================================================================
AV 85.6 64.1 7.8 FASTST M M 2 MAX(MPH)
MISC ----> # 29 200 # 39 270
================================================================================
NOTES:
# LAST OF SEVERAL OCCURRENCES
COLUMN 17 PEAK WIND IN M.P.H.
PRELIMINARY LOCAL CLIMATOLOGICAL DATA (WS FORM: F-6) , PAGE 2
STATION: VICHY-ROLLA MO
MONTH: JUNE
YEAR: 2020
LATITUDE: 38 7 N
LONGITUDE: 91 46 W
[TEMPERATURE DATA] [PRECIPITATION DATA] SYMBOLS USED IN COLUMN 16
AVERAGE MONTHLY: 74.8 TOTAL FOR MONTH: 2.76 1 = FOG OR MIST
DPTR FM NORMAL: 2.4 DPTR FM NORMAL: -1.87 2 = FOG REDUCING VISIBILITY
HIGHEST: 91 ON 26 GRTST 24HR 1.10 ON 9- 9 TO 1/4 MILE OR LESS
LOWEST: 53 ON 11 3 = THUNDER
SNOW, ICE PELLETS, HAIL 4 = ICE PELLETS
TOTAL MONTH: M 5 = HAIL
GRTST 24HR M ON M 6 = FREEZING RAIN OR DRIZZLE
GRTST DEPTH: 0 7 = DUSTSTORM OR SANDSTORM:
VSBY 1/2 MILE OR LESS
8 = SMOKE OR HAZE
[NO. OF DAYS WITH] [WEATHER - DAYS WITH] 9 = BLOWING SNOW
X = TORNADO
MAX 32 OR BELOW: 0 0.01 INCH OR MORE: 8
MAX 90 OR ABOVE: 4 0.10 INCH OR MORE: 4
MIN 32 OR BELOW: 0 0.50 INCH OR MORE: 2
MIN 0 OR BELOW: 0 1.00 INCH OR MORE: 1
[HDD (BASE 65) ]
TOTAL THIS MO. 0 CLEAR (SCALE 0-3) 25
DPTR FM NORMAL -14 PTCLDY (SCALE 4-7) 5
TOTAL FM JUL 1 4518 CLOUDY (SCALE 8-10) 0
DPTR FM NORMAL -330
[CDD (BASE 65) ]
TOTAL THIS MO. 301
DPTR FM NORMAL 66 [PRESSURE DATA]
TOTAL FM JAN 1 390 HIGHEST SLP M ON M
DPTR FM NORMAL 48 LOWEST SLP 29.42 ON 9
[REMARKS]
#FINAL-06-20#