000
CXUS52 KFFC 281010
CF6VPC
PRELIMINARY LOCAL CLIMATOLOGICAL DATA (WS FORM: F-6)
STATION: CARTERSVILLE
MONTH: MARCH
YEAR: 2024
LATITUDE: 34 7 N
LONGITUDE: 84 51 W
TEMPERATURE IN F: :PCPN: SNOW: WIND :SUNSHINE: SKY :PK WND
================================================================================
1 2 3 4 5 6A 6B 7 8 9 10 11 12 13 14 15 16 17 18
12Z AVG MX 2MIN
DY MAX MIN AVG DEP HDD CDD WTR SNW DPTH SPD SPD DIR MIN PSBL S-S WX SPD DR
================================================================================
1 48 39 44 -5 21 0 0.12 M M 9.7 14 110 M M 10 1 24 110
2 61 45 53 4 12 0 0.13 M M 2.5 7 110 M M 9 12 M M
3 70 43 57 8 8 0 0.00 M M 1.4 6 100 M M 8 12 M M
4 70 52 61 11 4 0 0.05 M M 5.8 8 160 M M 9 2 15 100
5 61 54 58 8 7 0 M M M 7.1 13 110 M M 9 1 23 110
6 61 54 58 8 7 0 M M M 3.5 8 90 M M 9 1 13 80
7 73 48 61 11 4 0 0.00 M M 0.9 6 270 M M 2 12 M M
8 64 54 59 8 6 0 M M M 6.9 13 140 M M 7 18 27 140
9 68 50 59 8 6 0 0.25 M M 8.2 16 260 M M 8 1 31 260
10 59 41 50 -1 15 0 0.18 M M 9.7 21 280 M M 2 25 280
11 64 37 51 0 14 0 0.04 M M 3.6 7 280 M M 1 15 99
12 72 32 52 0 13 0 0.00 M M 1.7 7 250 M M 1 14 99
13 75 39 57 5 8 0 0.00 M M 1.3 7 99 M M 3 12 230
14 84 46 65 13 0 0 0.00 M M 2.7 9 170 M M 2 12 0
15 72 61 67 15 0 2 0.00 M M 2.8 7 190 M M 6 1 33 99
16 M M M M M M 0.00 M M M M M M M M M M
17 M M M M M M 0.00 M M M M M M M M M M
18 48 37 43 -10 22 0 0.00 M M 7.9 14 290 M M 1 22 290
19 59 28 44 -9 21 0 0.00 M M 4.1 13 290 M M 3 18 290
20 73 32 53 -1 12 0 0.00 M M 3.3 14 270 M M 1 20 270
21 75 43 59 5 6 0 0.00 M M 0.8 5 50 M M 4 1 12 0
22 66 54 60 6 5 0 0.00 M M 7.0 16 100 M M 7 1 29 110
23 64 48 56 2 9 0 0.00 M M 6.5 16 10 M M 6 1 27 10
24 68 37 53 -1 12 0 0.00 M M 7.2 15 110 M M 0 25 100
25 66 48 57 2 8 0 0.00 M M 14.5 22 140 M M 3 32 110
26 63 54 59 4 6 0 0.01 M M 8.4 20 110 M M 10 1 31 130
27 72 54 63 8 2 0 0.00 M M 3.3 9 290 M M 5 17 290
================================================================================
SM 1656 1130 228 2 0.78 M 130.8 M 126
================================================================================
AV 66.2 45.2 5.2 FASTST M M 5 MAX(MPH)
MISC ----> 22 140 33 99
================================================================================
NOTES:
# LAST OF SEVERAL OCCURRENCES
COLUMN 17 PEAK WIND IN M.P.H.
PRELIMINARY LOCAL CLIMATOLOGICAL DATA (WS FORM: F-6) , PAGE 2
STATION: CARTERSVILLE
MONTH: MARCH
YEAR: 2024
LATITUDE: 34 7 N
LONGITUDE: 84 51 W
[TEMPERATURE DATA] [PRECIPITATION DATA] SYMBOLS USED IN COLUMN 16
AVERAGE MONTHLY: 55.7 TOTAL FOR MONTH: 0.78 1 = FOG OR MIST
DPTR FM NORMAL: 3.7 DPTR FM NORMAL: -3.40 2 = FOG REDUCING VISIBILITY
HIGHEST: 84 ON 14 GRTST 24HR 0.25 ON 9- 9 TO 1/4 MILE OR LESS
LOWEST: 28 ON 19 3 = THUNDER
SNOW, ICE PELLETS, HAIL 4 = ICE PELLETS
TOTAL MONTH: M 5 = HAIL
GRTST 24HR M ON M 6 = FREEZING RAIN OR DRIZZLE
GRTST DEPTH: M ON M 7 = DUSTSTORM OR SANDSTORM:
VSBY 1/2 MILE OR LESS
8 = SMOKE OR HAZE
[NO. OF DAYS WITH] [WEATHER - DAYS WITH] 9 = BLOWING SNOW
X = TORNADO
MAX 32 OR BELOW: 0 0.01 INCH OR MORE: 7
MAX 90 OR ABOVE: 0 0.10 INCH OR MORE: 4
MIN 32 OR BELOW: 3 0.50 INCH OR MORE: 0
MIN 0 OR BELOW: 0 1.00 INCH OR MORE: 0
[HDD (BASE 65) ]
TOTAL THIS MO. 228 CLEAR (SCALE 0-3) 10
DPTR FM NORMAL -126 PTCLDY (SCALE 4-7) 8
TOTAL FM JUL 1 2369 CLOUDY (SCALE 8-10) 9
DPTR FM NORMAL -493
[CDD (BASE 65) ]
TOTAL THIS MO. 2
DPTR FM NORMAL 2 [PRESSURE DATA]
TOTAL FM JAN 1 3 HIGHEST SLP M ON M
DPTR FM NORMAL 2 LOWEST SLP M ON M
[REMARKS]