000
CXUS52 KMLB 011634
CLMVRB
CLIMATE REPORT
NATIONAL WEATHER SERVICE MELBOURNE FL
1234 PM EDT WED NOV 01 2023
...................................
...THE VERO BEACH CLIMATE SUMMARY FOR THE MONTH OF OCTOBER 2023...
CLIMATE NORMAL PERIOD 1991 TO 2020
CLIMATE RECORD PERIOD 1942 TO 2023
WEATHER OBSERVED NORMAL DEPART LAST YEAR`S
VALUE DATE(S) VALUE FROM VALUE
NORMAL
..............................................................
TEMPERATURE (F)
MONTHLY RECORD
HOTTEST 80.9 2019
COLDEST 72.4 1943
DAILY RECORD
HIGH 94 10/15/2009
10/14/2009
10/14/2003
LOW 45 10/30/2012
10/18/1977
01/01/2000
OCTOBER 2023
HIGHEST 94R 10/12 89
LOWEST 54 10/17 57
AVG. MAXIMUM 84.7 84.8 -0.1 84.5
AVG. MINIMUM 69.8 69.0 0.8 66.4
MEAN 77.3 76.9 0.4 75.5
DAYS MAX >= 90 2 2.3 -0.3 0
DAYS MAX <= 32 0 0.0 0.0 0
DAYS MIN <= 32 0 0.0 0.0 0
DAYS MIN <= 0 0 0.0 0.0 0
PRECIPITATION (INCHES)
MONTHLY RECORD
MAXIMUM 21.93 2011
MINIMUM 0.01 2010
DAILY RECORD
MAXIMUM 8.35 10/14/1966
OCTOBER 2023
TOTALS 3.66 5.33 -1.67 2.05
DAYS >= .01 11 11.9 -0.9 8
DAYS >= .10 6 7.0 -1.0 4
DAYS >= .50 1 3.0 -2.0 1
DAYS >= 1.00 1 1.5 -0.5 1
GREATEST
24 HR. TOTAL 2.35 10/01 TO 10/02
SNOWFALL (INCHES)
TOTALS 0.0 0.0 0.0 0.0
SINCE 7/1 0.0 0.0 0.0 MM
DAYS >= TRACE 0 0
DEGREE DAYS
HEATING TOTAL 0 3 -3 0
SINCE 7/1 0 0 0 MM
COOLING TOTAL 389 372 17 332
SINCE 1/1 3799 3256 543 MM
..............................................................
WIND (MPH)
AVERAGE WIND SPEED 8.9
HIGHEST WIND SPEED/DIRECTION 26/230 DATE 10/12
HIGHEST GUST SPEED/DIRECTION 40/220 DATE 10/12
SKY COVER
POSSIBLE SUNSHINE (PERCENT) MM
AVERAGE SKY COVER 0.38
NUMBER OF DAYS FAIR 15
NUMBER OF DAYS PC 14
NUMBER OF DAYS CLOUDY 2
AVERAGE RH (PERCENT) 72
WEATHER CONDITIONS. NUMBER OF DAYS WITH
THUNDERSTORM 3 MIXED PRECIP 0
HEAVY RAIN 6 RAIN 5
LIGHT RAIN 15 LT FREEZING RAIN 0
HAIL 0 LIGHT SNOW 0
SLEET 0 FOG 10
FOG W/VIS <= 1/4 MILE 0 HAZE 8
- INDICATES NEGATIVE NUMBERS.
R INDICATES RECORD WAS SET OR TIED.
MM INDICATES DATA IS MISSING.
T INDICATES TRACE AMOUNT.
$$