000
CXUS51 KBTV 110241
CF6VSF
PRELIMINARY LOCAL CLIMATOLOGICAL DATA (WS FORM: F-6)
STATION: SPRINGFIELD VT
MONTH: FEBRUARY
YEAR: 2021
LATITUDE: 43 19 N
LONGITUDE: 72 31 W
TEMPERATURE IN F: :PCPN: SNOW: WIND :SUNSHINE: SKY :PK WND
================================================================================
1 2 3 4 5 6A 6B 7 8 9 10 11 12 13 14 15 16 17 18
12Z AVG MX 2MIN
DY MAX MIN AVG DEP HDD CDD WTR SNW DPTH SPD SPD DIR MIN PSBL S-S WX SPD DR
================================================================================
1 29 -3 13 -7 52 0 0.18 M M 2.2 10 20 M M 7 1 17 10
2 32 25 29 9 36 0 0.37 M M 5.5 13 360 M M 10 128 20 10
3 32 25 29 9 36 0 0.01 M M 7.2 15 350 M M 10 8 22 330
4 37 16 27 6 38 0 0.00 M M 4.1 16 270 M M 6 18 21 280
5 35 12 24 3 41 0 0.10 M M 0.7 7 150 M M 7 128 9 220
6 34 15 25 4 40 0 T M M 7.2 26 260 M M 5 12 36 260
7 28 6 17 -4 48 0 0.03 M M 2.3 18 290 M M 6 18 30 270
8 25 3 14 -7 51 0 T M M 6.0 22 300 M M 0 18 30 300
9 23 4 14 -8 51 0 0.11 M M 0.0 5 330 M M 9 1 5 50
10 27 -1 13 -9 52 0 T M M 2.7 17 270 M M 5 18 24 290
11 26 3 15 -7 50 0 T M M 3.4 18 280 M M 5 18 24 280
12 18 -6 6 -16 59 0 0.00 M M 3.9 13 320 M M 3 8 18 320
13 26 2 14 -8 51 0 0.00 M M 2.5 10 350 M M 1 17 340
14 32 19 26 3 39 0 0.00 M M 0.9 12 310 M M 8 15 290
15 26 18 22 -1 43 0 0.02 M M 0.4 5 170 M M 9 18 7 30
16 36 25 31 8 34 0 1.02 M M 3.2 21 260 M M 10 16 33 270
17 25 13 19 -4 46 0 T M M 6.9 22 270 M M 2 28 270
18 26 14 20 -4 45 0 0.02 M M 0.4 7 60 M M 7 8 8 60
19 27 20 24 0 41 0 0.13 M M 0.0 5 50 M M 10 1 6 30
20 29 18 24 0 41 0 T M M 6.5 18 280 M M 8 1 26 280
21 31 6 19 -5 46 0 0.00 M M 4.6 17 270 M M 3 18 23 280
22 29 6 18 -7 47 0 0.28 M M 1.3 15 180 M M 7 12 22 160
23 39 25 32 7 33 0 T M M 4.0 16 300 M M 9 1 22 280
24 48 26 37 12 28 0 T M M 4.8 18 250 M M 5 24 310
25 48 28 38 12 27 0 T M M 12.9 28 270 M M 5 40 330
26 38 19 29 3 36 0 0.00 M M 2.3 12 290 M M 1 18 270
27 43 15 29 3 36 0 0.23 M M 2.9 20 290 M M 6 128 27 280
28 40 25 33 7 32 0 T M M 2.1 10 320 M M 3 1 17 300
================================================================================
SM 889 378 1179 0 2.50 M 100.9 M 167
================================================================================
AV 31.8 13.5 3.6 FASTST M M 6 MAX(MPH)
MISC ----> 28 270 40 330
================================================================================
NOTES:
# LAST OF SEVERAL OCCURRENCES
COLUMN 17 PEAK WIND IN M.P.H.
PRELIMINARY LOCAL CLIMATOLOGICAL DATA (WS FORM: F-6) , PAGE 2
STATION: SPRINGFIELD VT
MONTH: FEBRUARY
YEAR: 2021
LATITUDE: 43 19 N
LONGITUDE: 72 31 W
[TEMPERATURE DATA] [PRECIPITATION DATA] SYMBOLS USED IN COLUMN 16
AVERAGE MONTHLY: 22.6 TOTAL FOR MONTH: 2.50 1 = FOG OR MIST
DPTR FM NORMAL: -0.3 DPTR FM NORMAL: 0.27 2 = FOG REDUCING VISIBILITY
HIGHEST: 48 ON 25,24 GRTST 24HR 1.04 ON 15-16 TO 1/4 MILE OR LESS
LOWEST: -6 ON 12 3 = THUNDER
SNOW, ICE PELLETS, HAIL 4 = ICE PELLETS
TOTAL MONTH: M 5 = HAIL
GRTST 24HR M ON M 6 = FREEZING RAIN OR DRIZZLE
GRTST DEPTH: M ON M 7 = DUSTSTORM OR SANDSTORM:
VSBY 1/2 MILE OR LESS
8 = SMOKE OR HAZE
[NO. OF DAYS WITH] [WEATHER - DAYS WITH] 9 = BLOWING SNOW
X = TORNADO
MAX 32 OR BELOW: 18 0.01 INCH OR MORE: 12
MAX 90 OR ABOVE: 0 0.10 INCH OR MORE: 8
MIN 32 OR BELOW: 28 0.50 INCH OR MORE: 1
MIN 0 OR BELOW: 3 1.00 INCH OR MORE: 1
[HDD (BASE 65) ]
TOTAL THIS MO. 1179 CLEAR (SCALE 0-3) 4
DPTR FM NORMAL 2 PTCLDY (SCALE 4-7) 16
TOTAL FM JUL 1 5052 CLOUDY (SCALE 8-10) 8
DPTR FM NORMAL -308
[CDD (BASE 65) ]
TOTAL THIS MO. 0
DPTR FM NORMAL 0 [PRESSURE DATA]
TOTAL FM JAN 1 0 HIGHEST SLP 30.54 ON 18
DPTR FM NORMAL 0 LOWEST SLP 29.37 ON 3
[REMARKS]
#FINAL-02-21#