000
CXUS51 KBTV 010700
CF6VSF
PRELIMINARY LOCAL CLIMATOLOGICAL DATA (WS FORM: F-6)
STATION: SPRINGFIELD VT
MONTH: JULY
YEAR: 2020
LATITUDE: 43 19 N
LONGITUDE: 72 31 W
TEMPERATURE IN F: :PCPN: SNOW: WIND :SUNSHINE: SKY :PK WND
================================================================================
1 2 3 4 5 6A 6B 7 8 9 10 11 12 13 14 15 16 17 18
12Z AVG MX 2MIN
DY MAX MIN AVG DEP HDD CDD WTR SNW DPTH SPD SPD DIR MIN PSBL S-S WX SPD DR
================================================================================
1 80 63 72 4 0 7 0.17 M M 1.8 13 360 M M 7 123 17 350
2 90 62 76 8 0 11 0.25 M M 2.8 14 300 M M 6 123 20 310
3 77 66 72 4 0 7 0.19 M M 2.3 12 160 M M 9 1 17 170
4 87 61 74 6 0 9 0.00 M M 2.3 13 290 M M 5 1 17 270
5 87 58 73 4 0 8 0.50 M M 2.4 20 210 M M 5 123 28 250
6 84 60 72 3 0 7 0.00 M M 2.3 9 60 M M 3 12 13 60
7 81 59 70 1 0 5 0.00 M M 6.1 15 150 M M 3 21 160
8 86 67 77 8 0 12 0.06 M M 5.1 16 220 M M 6 13 22 220
9 92 67 80 11 0 15 0.00 M M 2.7 10 170 M M 5 1 14 170
10 88 67 78 9 0 13 0.16 M M 4.2 15 130 M M 6 12 23 140
11 88 71 80 11 0 15 0.23 M M 8.0 21 170 M M 6 1 29 190
12 87 70 79 10 0 14 T M M 6.7 16 250 M M 6 23 280
13 86 66 76 7 0 11 T M M 3.2 15 280 M M 4 13 20 290
14 78 64 71 2 0 6 0.02 M M 3.6 12 10 M M 6 13 17 350
15 81 63 72 3 0 7 0.00 M M 2.5 10 90 M M 8 16 120
16 77 65 71 2 0 6 0.01 M M 5.8 13 170 M M 9 17 180
17 77 58 68 -1 0 3 0.03 M M 4.9 13 160 M M 7 12 16 170
18 91 62 77 8 0 12 0.00 M M 3.4 15 280 M M 4 128 20 260
19 96 60 78 9 0 13 T M M 5.4 20 260 M M 1 28 250
20 91 67 79 10 0 14 0.00 M M 6.9 17 240 M M 2 25 260
21 86 60 73 4 0 8 0.00 M M 3.8 13 290 M M 2 19 280
22 77 64 71 2 0 6 0.34 M M 1.3 8 50 M M 7 1 10 50
23 84 67 76 7 0 11 0.68 M M 1.3 14 320 M M 9 123 20 320
24 83 62 73 4 0 8 0.00 M M 1.8 10 50 M M 5 12 14 90
25 87 60 74 5 0 9 0.00 M M 3.1 12 290 M M 3 12 17 280
26 89 58 74 5 0 9 0.00 M M 5.0 16 260 M M 1 12 22 270
27 93 69 81 12 0 16 0.00 M M 5.6 17 260 M M 1 26 270
28 85 61 73 4 0 8 0.26 M M 3.4 14 280 M M 1 13 19 280
29 88 56 72 3 0 7 T M M 3.2 16 180 M M 3 12 22 290
30 87 62 75 6 0 10 T M M 4.1 15 280 M M 2 24 330
31 85 60 73 4 0 8 0.00 M M 2.4 10 60 M M 4 1 17 20
================================================================================
SM 2648 1955 0 295 2.90 M 117.4 M 146
================================================================================
AV 85.4 63.1 3.8 FASTST M M 5 MAX(MPH)
MISC ----> 21 170 29 190
================================================================================
NOTES:
# LAST OF SEVERAL OCCURRENCES
COLUMN 17 PEAK WIND IN M.P.H.
PRELIMINARY LOCAL CLIMATOLOGICAL DATA (WS FORM: F-6) , PAGE 2
STATION: SPRINGFIELD VT
MONTH: JULY
YEAR: 2020
LATITUDE: 43 19 N
LONGITUDE: 72 31 W
[TEMPERATURE DATA] [PRECIPITATION DATA] SYMBOLS USED IN COLUMN 16
AVERAGE MONTHLY: 74.2 TOTAL FOR MONTH: 2.90 1 = FOG OR MIST
DPTR FM NORMAL: 5.3 DPTR FM NORMAL: -1.53 2 = FOG REDUCING VISIBILITY
HIGHEST: 96 ON 19 GRTST 24HR 0.79 ON 22-23 TO 1/4 MILE OR LESS
LOWEST: 56 ON 29 3 = THUNDER
SNOW, ICE PELLETS, HAIL 4 = ICE PELLETS
TOTAL MONTH: M 5 = HAIL
GRTST 24HR M ON M 6 = FREEZING RAIN OR DRIZZLE
GRTST DEPTH: M ON M 7 = DUSTSTORM OR SANDSTORM:
VSBY 1/2 MILE OR LESS
8 = SMOKE OR HAZE
[NO. OF DAYS WITH] [WEATHER - DAYS WITH] 9 = BLOWING SNOW
X = TORNADO
MAX 32 OR BELOW: 0 0.01 INCH OR MORE: 13
MAX 90 OR ABOVE: 6 0.10 INCH OR MORE: 9
MIN 32 OR BELOW: 0 0.50 INCH OR MORE: 2
MIN 0 OR BELOW: 0 1.00 INCH OR MORE: 0
[HDD (BASE 65) ]
TOTAL THIS MO. 0 CLEAR (SCALE 0-3) 7
DPTR FM NORMAL -17 PTCLDY (SCALE 4-7) 21
TOTAL FM JUL 1 0 CLOUDY (SCALE 8-10) 3
DPTR FM NORMAL -17
[CDD (BASE 65) ]
TOTAL THIS MO. 295
DPTR FM NORMAL 156 [PRESSURE DATA]
TOTAL FM JAN 1 440 HIGHEST SLP M ON M
DPTR FM NORMAL 225 LOWEST SLP 29.52 ON 12
[REMARKS]
#FINAL-07-20#