000
CXUS56 KPQR 011658
CLMVUO
CLIMATE REPORT
NATIONAL WEATHER SERVICE PORTLAND OREGON
958 AM PDT WED NOV 01 2023
...................................
...THE VANCOUVER WA CLIMATE SUMMARY FOR THE MONTH OF OCTOBER 2023...
CLIMATE NORMAL PERIOD 1991 TO 2020
CLIMATE RECORD PERIOD 1891 TO 2023
WEATHER OBSERVED NORMAL DEPART LAST YEAR`S
VALUE DATE(S) VALUE FROM VALUE DATE(S)
NORMAL
................................................................
TEMPERATURE (F)
HIGHEST 86 88 10/02
LOWEST 28 41 10/25
AVG. MAXIMUM 65.8 63.7 2.1 71.3
AVG. MINIMUM 47.0 44.8 2.2 48.2
MEAN 56.4 54.2 2.2 59.8
DAYS MAX >= 90 0 0.0 0.0 0
DAYS MAX <= 32 0 0.0 0.0 0
DAYS MIN <= 32 4 0.8 3.2 0
DAYS MIN <= 0 0 0.0 0.0 0
PRECIPITATION (INCHES)
TOTALS 2.56 2.69
DAYS >= .01 11 9
DAYS >= .10 7 6
DAYS >= .50 1 1
DAYS >= 1.00 0 0
GREATEST
24 HR. TOTAL 0.65 10/16 TO 10/16
DEGREE DAYS
HEATING TOTAL 268 180
SINCE 7/1 328 MM
COOLING TOTAL 10 26
SINCE 1/1 724 MM
................................................................
WIND (MPH)
AVERAGE WIND SPEED 3.4
RESULTANT WIND SPEED/DIRECTION 1/130
HIGHEST WIND SPEED/DIRECTION 20/100 DATE 10/06
HIGHEST GUST SPEED/DIRECTION 27/080 DATE 10/06
SKY COVER
POSSIBLE SUNSHINE (PERCENT) MM
AVERAGE SKY COVER 0.49
AVERAGE RH (PERCENT) 73
WEATHER CONDITIONS. NUMBER OF DAYS WITH
THUNDERSTORM 1 MIXED PRECIP 0
HEAVY RAIN 3 RAIN 4
LIGHT RAIN 12 FREEZING RAIN 0
LT FREEZING RAIN 0 HAIL 0
HEAVY SNOW 0 SNOW 0
LIGHT SNOW 0 SLEET 0
FOG 19 FOG W/VIS <= 1/4 MILE 5
HAZE 1
- INDICATES NEGATIVE NUMBERS.
R INDICATES RECORD WAS SET OR TIED.
MM INDICATES DATA IS MISSING.
T INDICATES TRACE AMOUNT.
$$