000
CXUS55 KLKN 020619
CLSWMC
CLIMATE REPORT
NATIONAL WEATHER SERVICE ELKO, NV
1119 PM PDT THU SEP 01 2022
...................................
...THE WINNEMUCCA AIRPORT NV CLIMATE SUMMARY FOR THE SEASON, FROM
6/1/2022 TO 8/31/2022...
CLIMATE NORMAL PERIOD 1991 TO 2020
CLIMATE RECORD PERIOD 1877 TO 2022
WEATHER OBSERVED NORMAL DEPART LAST YEAR`S
VALUE DATE(S) VALUE FROM VALUE
NORMAL
..............................................................
TEMPERATURE (F)
RECORD
HIGH 109 07/11/2002
LOW 23 06/04/2001
06/06/1954
HIGHEST 105 07/12 104 1 107
07/31
LOWEST 26 06/14 31 -5 40
AVG. MAXIMUM 93.4 91.2 2.2 95.7
AVG. MINIMUM 52.7 49.9 2.8 55.0
MEAN 73.0 70.5 2.5 75.3
DAYS MAX >= 90 72 57.5 14.5 MM
DAYS MAX <= 32 0 0.0 0.0 MM
DAYS MIN <= 32 3 1.4 1.6 MM
DAYS MIN <= 0 0 0.0 0.0 MM
PRECIPITATION (INCHES)
RECORD
MAXIMUM 4.49 1913
MINIMUM T 1919
TOTALS 0.72 0.78 -0.06 0.67
DAILY AVG. 0.01 0.01 0.00 0.01
DAYS >= .01 7 7.9 -0.9 MM
DAYS >= .10 1 2.3 -1.3 MM
DAYS >= .50 0 0.1 -0.1 MM
DAYS >= 1.00 0 0.0 0.0 MM
SNOWFALL (INCHES)
RECORDS
TOTAL 3.1 1908
TOTALS 0.0 0.0 0.0 0.0
DAYS >= 1.0 0 0.0 0.0 MM
GREATEST
SNOW DEPTH 0 0
DEGREE DAYS
HEATING TOTAL 90 107 -17 28
COOLING TOTAL 858 618 240 1004
..............................................................
WIND (MPH)
AVERAGE WIND SPEED 7.5
HIGHEST WIND SPEED/DIRECTION 40/250 DATE 06/12
HIGHEST GUST SPEED/DIRECTION 62/250 DATE 06/12
AVERAGE RH (PERCENT) 32
WEATHER CONDITIONS. NUMBER OF DAYS WITH
THUNDERSTORM 7 MIXED PRECIP 0
HEAVY RAIN 0 RAIN 2
LIGHT RAIN 16 FREEZING RAIN 0
LT FREEZING RAIN 0 HAIL 0
HEAVY SNOW 0 SNOW 0
LIGHT SNOW 0 SLEET 0
FOG 4 FOG W/VIS <= 1/4 MILE 0
HAZE 26
- INDICATES NEGATIVE NUMBERS.
R INDICATES RECORD WAS SET OR TIED.
MM INDICATES DATA IS MISSING.
T INDICATES TRACE AMOUNT.
$$