000
CXUS55 KRIW 011110
CF6WRL
PRELIMINARY LOCAL CLIMATOLOGICAL DATA (WS FORM: F-6)
STATION: WORLAND WY
MONTH: OCTOBER
YEAR: 2020
LATITUDE: 43 58 N
LONGITUDE: 107 57 W
TEMPERATURE IN F: :PCPN: SNOW: WIND :SUNSHINE: SKY :PK WND
================================================================================
1 2 3 4 5 6A 6B 7 8 9 10 11 12 13 14 15 16 17 18
12Z AVG MX 2MIN
DY MAX MIN AVG DEP HDD CDD WTR SNW DPTH SPD SPD DIR MIN PSBL S-S WX SPD DR
================================================================================
1 71 33 52 1 13 0 0.00 M M 3.8 10 170 M M 0 13 140
2 75 35 55 4 10 0 0.00 M M 5.6 20 360 M M 0 32 30
3 72 37 55 5 10 0 0.00 M M 5.3 12 160 M M 0 15 50
4 82 36 59 9 6 0 0.00 M M 4.6 13 180 M M 0 16 130
5 74 36 55 5 10 0 0.00 M M 4.8 16 360 M M 0 24 350
6 85 35 60 11 5 0 0.00 M M 3.9 12 200 M M 0 14 210
7 82 39 61 12 4 0 0.00 M M 4.8 12 200 M M 0 14 190
8 85 34 60 12 5 0 0.00 M M 3.6 12 170 M M 0 13 170
9 80 35 58 10 7 0 0.00 M M 3.5 10 110 M M 0 15 110
10 83 32 58 10 7 0 0.00 M M 8.2 26 200 M M 0 35 210
11 67 36 52 5 13 0 T M M 14.1 32 310 M M 2 43 310
12 69 27 48 1 17 0 T M M 7.9 33 300 M M 1 43 310
13 73 28 51 4 14 0 0.00 M M 5.2 21 220 M M 1 31 230
14 61 31 46 0 19 0 0.02 M M 12.6 33 320 M M 4 49 320
15 46 27 37 -9 28 0 0.03 M M 6.0 15 210 M M 8 1 21 230
16 64 21 43 -3 22 0 0.00 M M 3.0 12 170 M M 2 16 120
17 49 30 40 -5 25 0 T M M 7.8 22 350 M M 9 1 30 10
18 45 27 36 -9 29 0 0.00 M M 5.4 12 10 M M 8 16 20
19 59 30 45 1 20 0 0.00 M M 2.4 9 200 M M 6 13 10
20 51 35 43 -1 22 0 0.01 M M 5.6 20 340 M M 5 1 27 330
21 51 29 40 -4 25 0 T M M 8.2 18 350 M M 5 27 20
22 38 17 28 -15 37 0 0.02 M M 12.4 28 320 M M 10 18 36 340
23 34 10 22 -21 43 0 0.00 M M 2.4 9 120 M M 3 14 100
24 30 12 21 -21 44 0 0.08 M M 10.1 22 330 M M 8 12 28 330
25 15 -10 3 -39 62 0 0.02 M M 6.0 13 290 M M 9 18 18 280
26 18 -18 0 -42 65 0 T M M 4.0 13 160 M M 0 15 160
27 35 -3 16 -25 49 0 0.00 M M 2.2 12 180 M M 0 13 180
28 42 14 28 -13 37 0 0.00 M M 1.8 9 180 M M 0 9 180
29 56 21 39 -1 26 0 0.00 M M 1.9 8 160 M M 0 10 20
30 66 23 45 5 20 0 0.00 M M 5.6 20 220 M M 0 8 27 220
31 55 25 40 1 25 0 0.00 M M 5.9 15 340 M M 1 21 330
================================================================================
SM 1813 764 719 0 0.18 M 178.6 M 82
================================================================================
AV 58.5 24.6 5.8 FASTST M M 3 MAX(MPH)
MISC ----> # 33 300 49 320
================================================================================
NOTES:
# LAST OF SEVERAL OCCURRENCES
COLUMN 17 PEAK WIND IN M.P.H.
PRELIMINARY LOCAL CLIMATOLOGICAL DATA (WS FORM: F-6) , PAGE 2
STATION: WORLAND WY
MONTH: OCTOBER
YEAR: 2020
LATITUDE: 43 58 N
LONGITUDE: 107 57 W
[TEMPERATURE DATA] [PRECIPITATION DATA] SYMBOLS USED IN COLUMN 16
AVERAGE MONTHLY: 41.6 TOTAL FOR MONTH: 0.18 1 = FOG OR MIST
DPTR FM NORMAL: -3.9 DPTR FM NORMAL: -0.51 2 = FOG REDUCING VISIBILITY
HIGHEST: 85 ON 8, 6 GRTST 24HR 0.10 ON 24-25 TO 1/4 MILE OR LESS
LOWEST: -18 ON 26 3 = THUNDER
SNOW, ICE PELLETS, HAIL 4 = ICE PELLETS
TOTAL MONTH: M 5 = HAIL
GRTST 24HR M ON M 6 = FREEZING RAIN OR DRIZZLE
GRTST DEPTH: M ON M 7 = DUSTSTORM OR SANDSTORM:
VSBY 1/2 MILE OR LESS
8 = SMOKE OR HAZE
[NO. OF DAYS WITH] [WEATHER - DAYS WITH] 9 = BLOWING SNOW
X = TORNADO
MAX 32 OR BELOW: 3 0.01 INCH OR MORE: 6
MAX 90 OR ABOVE: 0 0.10 INCH OR MORE: 0
MIN 32 OR BELOW: 20 0.50 INCH OR MORE: 0
MIN 0 OR BELOW: 3 1.00 INCH OR MORE: 0
[HDD (BASE 65) ]
TOTAL THIS MO. 719 CLEAR (SCALE 0-3) 21
DPTR FM NORMAL 114 PTCLDY (SCALE 4-7) 7
TOTAL FM JUL 1 895 CLOUDY (SCALE 8-10) 3
DPTR FM NORMAL 33
[CDD (BASE 65) ]
TOTAL THIS MO. 0
DPTR FM NORMAL 0 [PRESSURE DATA]
TOTAL FM JAN 1 695 HIGHEST SLP 30.67 ON 25
DPTR FM NORMAL 160 LOWEST SLP 29.37 ON 11
[REMARKS]
#FINAL-10-20#