000
CXUS54 KTSA 011434
CF6XNA
PRELIMINARY LOCAL CLIMATOLOGICAL DATA (WS FORM: F-6)
STATION: HIGHFILL ARKANSAS
MONTH: SEPTEMBER
YEAR: 2020
LATITUDE: 36 16 N
LONGITUDE: 94 19 W
TEMPERATURE IN F: :PCPN: SNOW: WIND :SUNSHINE: SKY :PK WND
================================================================================
1 2 3 4 5 6A 6B 7 8 9 10 11 12 13 14 15 16 17 18
12Z AVG MX 2MIN
DY MAX MIN AVG DEP HDD CDD WTR SNW DPTH SPD SPD DIR MIN PSBL S-S WX SPD DR
================================================================================
1 78 69 74 0 0 9 0.60 0.0 0 5.6 20 160 M M 6 13 27 120
2 80 68 74 0 0 9 0.05 0.0 0 2.6 8 200 M M 3 12 11 20
3 88 68 78 5 0 13 0.00 0.0 0 6.3 16 240 M M 6 12 20 230
4 89 68 79 6 0 14 0.51 0.0 0 2.9 16 290 M M 4 123 20 280
5 89 67 78 5 0 13 0.00 0.0 0 4.1 13 220 M M 3 128 17 190
6 87 69 78 6 0 13 0.00 0.0 0 8.7 18 200 M M 0 1 25 210
7 89 70 80 8 0 15 0.00 0.0 0 10.7 20 220 M M 0 29 210
8 88 69 79 8 0 14 0.00 0.0 0 7.9 20 170 M M 1 29 180
9 88 65 77 6 0 12 T 0.0 0 5.4 16 170 M M 2 1 23 160
10 75 63 69 -1 0 4 0.38 0.0 0 6.6 12 240 M M 9 13 M M
11 77 61 69 -1 0 4 T 0.0 0 3.8 9 310 M M 10 1 13 330
12 79 61 70 0 0 5 0.00 0.0 0 2.4 8 270 M M 6 1 13 250
13 81 58 70 1 0 5 0.00 0.0 0 5.7 14 340 M M 3 12 20 40
14 83 57 70 1 0 5 0.00 0.0 0 6.1 14 80 M M 0 20 50
15 86 58 72 4 0 7 0.00 0.0 0 3.7 12 30 M M 0 1 16 70
16 85 63 74 6 0 9 0.00 0.0 0 2.8 12 360 M M 2 16 10
17 85 59 72 5 0 7 0.00 0.0 0 7.4 18 10 M M 1 24 20
18 80 53 67 0 0 2 0.00 0.0 0 6.5 15 10 M M 0 19 50
19 77 53 65 -1 0 0 0.00 0.0 0 4.9 12 70 M M 0 18 70
20 80 50 65 -1 0 0 0.00 0.0 0 5.7 15 130 M M 0 19 130
21 82 53 68 2 0 3 T 0.0 0 5.0 15 120 M M 1 19 120
22 68 61 65 0 0 0 0.30 0.0 0 5.8 10 130 M M 8 1 15 120
23 72 55 64 -1 1 0 0.00 0.0 0 5.1 14 80 M M 6 1 19 80
24 81 54 68 4 0 3 0.00 0.0 0 3.3 8 70 M M 4 12 12 60
25 77 54 66 2 0 1 0.00 0.0 0 7.1 16 170 M M 2 12 23 180
26 81 58 70 7 0 5 0.00 0.0 0 9.6 20 190 M M 0 1 24 210
27 84 55 70 7 0 5 0.23 0.0 0 11.1 28 10 M M 5 1 46 10
28 70 47 59 -4 6 0 T 0.0 0 10.3 23 320 M M 5 8 33 320
29 72 44 58 -4 7 0 0.00 0.0 0 7.2 20 310 M M 0 8 30 310
30 86 50 68 6 0 3 0.00 0.0 0 8.1 17 340 M M 0 24 330
================================================================================
SM 2437 1780 14 180 2.07 0.0 182.4 M 87
================================================================================
AV 81.2 59.3 6.1 FASTST M M 3 MAX(MPH)
MISC ----> 28 10 46 10
================================================================================
NOTES:
# LAST OF SEVERAL OCCURRENCES
COLUMN 17 PEAK WIND IN M.P.H.
PRELIMINARY LOCAL CLIMATOLOGICAL DATA (WS FORM: F-6) , PAGE 2
STATION: HIGHFILL ARKANSAS
MONTH: SEPTEMBER
YEAR: 2020
LATITUDE: 36 16 N
LONGITUDE: 94 19 W
[TEMPERATURE DATA] [PRECIPITATION DATA] SYMBOLS USED IN COLUMN 16
AVERAGE MONTHLY: 70.3 TOTAL FOR MONTH: 2.07 1 = FOG OR MIST
DPTR FM NORMAL: 2.3 DPTR FM NORMAL: -2.71 2 = FOG REDUCING VISIBILITY
HIGHEST: 89 ON 7, 5 GRTST 24HR 0.60 ON 1- 1 TO 1/4 MILE OR LESS
LOWEST: 44 ON 29 3 = THUNDER
SNOW, ICE PELLETS, HAIL 4 = ICE PELLETS
TOTAL MONTH: 0.0 INCH 5 = HAIL
GRTST 24HR 0.0 6 = FREEZING RAIN OR DRIZZLE
GRTST DEPTH: 0 7 = DUSTSTORM OR SANDSTORM:
VSBY 1/2 MILE OR LESS
8 = SMOKE OR HAZE
[NO. OF DAYS WITH] [WEATHER - DAYS WITH] 9 = BLOWING SNOW
X = TORNADO
MAX 32 OR BELOW: 0 0.01 INCH OR MORE: 6
MAX 90 OR ABOVE: 0 0.10 INCH OR MORE: 5
MIN 32 OR BELOW: 0 0.50 INCH OR MORE: 2
MIN 0 OR BELOW: 0 1.00 INCH OR MORE: 0
[HDD (BASE 65) ]
TOTAL THIS MO. 14 CLEAR (SCALE 0-3) 18
DPTR FM NORMAL -35 PTCLDY (SCALE 4-7) 10
TOTAL FM JUL 1 14 CLOUDY (SCALE 8-10) 2
DPTR FM NORMAL -34
[CDD (BASE 65) ]
TOTAL THIS MO. 180
DPTR FM NORMAL 41 [PRESSURE DATA]
TOTAL FM JAN 1 1460 HIGHEST SLP M ON M
DPTR FM NORMAL 239 LOWEST SLP 29.72 ON 1
[REMARKS]
#FINAL-09-20#