000
CXUS54 KTSA 011113
CF6XNA
PRELIMINARY LOCAL CLIMATOLOGICAL DATA (WS FORM: F-6)
STATION: HIGHFILL ARKANSAS
MONTH: MARCH
YEAR: 2020
LATITUDE: 36 16 N
LONGITUDE: 94 19 W
TEMPERATURE IN F: :PCPN: SNOW: WIND :SUNSHINE: SKY :PK WND
================================================================================
1 2 3 4 5 6A 6B 7 8 9 10 11 12 13 14 15 16 17 18
12Z AVG MX 2MIN
DY MAX MIN AVG DEP HDD CDD WTR SNW DPTH SPD SPD DIR MIN PSBL S-S WX SPD DR
================================================================================
1 64 48 56 12 9 0 0.00 0.0 0 16.3 30 190 M M 6 46 180
2 68 46 57 13 8 0 0.00 0.0 0 5.9 14 260 M M 7 20 290
3 64 37 51 7 14 0 0.00 0.0 0 3.6 15 360 M M 0 1 22 340
4 57 37 47 3 18 0 0.00 0.0 0 5.8 18 30 M M 0 24 30
5 66 30 48 3 17 0 0.00 0.0 0 7.4 24 330 M M 0 36 330
6 60 30 45 0 20 0 0.00 0.0 0 5.7 15 350 M M 0 19 20
7 65 31 48 3 17 0 0.00 0.0 0 8.5 18 170 M M 0 24 160
8 65 40 53 7 12 0 T 0.0 0 14.5 25 190 M M 2 35 190
9 63 42 53 7 12 0 0.36 0.0 0 14.9 23 190 M M 10 1 34 200
10 65 39 52 6 13 0 0.00 0.0 0 5.3 14 350 M M 5 19 310
11 73 51 62 16 3 0 0.43 0.0 0 6.7 30 350 M M 2 13 39 350
12 82 54 68 21 0 3 0.00 0.0 0 12.7 26 210 M M 2 41 240
13 54 40 47 0 18 0 0.12 0.0 0 14.1 21 80 M M 6 31 70
14 51 40 46 -1 19 0 1.54 0.0 0 9.2 18 110 M M 10 13 29 110
15 46 40 43 -5 22 0 0.00 0.0 0 9.5 14 70 M M 10 1 18 70
16 50 40 45 -3 20 0 0.37 0.0 0 4.2 16 130 M M 10 13 21 130
17 60 47 54 6 11 0 T 0.0 0 7.9 15 140 M M 9 12 19 140
18 74 52 63 15 2 0 0.59 0.0 0 12.1 21 190 M M 7 13 29 210
19 66 59 63 14 2 0 2.61 0.0 0 12.2 36 180 M M 6 123 45 180
20 62 33 48 -1 17 0 0.00 0.0 0 12.1 22 350 M M 5 1 30 330
21 54 29 42 -7 23 0 0.02 0.0 0 7.0 15 100 M M 1 24 80
22 52 42 47 -2 18 0 0.41 0.0 0 7.0 16 110 M M 10 1 20 130
23 62 48 55 5 10 0 0.00 0.0 0 6.7 17 130 M M 8 1 21 150
24 70 45 58 8 7 0 0.55 0.0 0 7.0 16 310 M M 5 13 23 320
25 74 43 59 9 6 0 0.00 0.0 0 9.0 18 180 M M 2 12 25 180
26 87 58 73 23 0 8 T 0.0 0 12.1 23 220 M M 0 34 210
27 76 68 72 21 0 7 0.00 0.0 0 11.5 22 170 M M 3 3 30 170
28 73 52 63 12 2 0 0.77 0.0 0 14.4 26 250 M M 3 13 37 260
29 68 42 55 4 10 0 T 0.0 0 7.6 20 290 M M 0 32 300
30 65 45 55 4 10 0 0.48 0.0 0 5.8 20 180 M M 5 1 23 190
31 65 46 56 4 9 0 0.22 0.0 0 9.0 23 360 M M 5 1 28 340
================================================================================
SM 2001 1354 349 18 8.47 0.0 285.7 M 139
================================================================================
AV 64.6 43.7 9.2 FASTST M M 4 MAX(MPH)
MISC ----> # 36 180 # 46 180
================================================================================
NOTES:
# LAST OF SEVERAL OCCURRENCES
COLUMN 17 PEAK WIND IN M.P.H.
PRELIMINARY LOCAL CLIMATOLOGICAL DATA (WS FORM: F-6) , PAGE 2
STATION: HIGHFILL ARKANSAS
MONTH: MARCH
YEAR: 2020
LATITUDE: 36 16 N
LONGITUDE: 94 19 W
[TEMPERATURE DATA] [PRECIPITATION DATA] SYMBOLS USED IN COLUMN 16
AVERAGE MONTHLY: 54.1 TOTAL FOR MONTH: 8.47 1 = FOG OR MIST
DPTR FM NORMAL: 6.3 DPTR FM NORMAL: 4.37 2 = FOG REDUCING VISIBILITY
HIGHEST: 87 ON 26 GRTST 24HR 2.61 ON 19-19 TO 1/4 MILE OR LESS
LOWEST: 29 ON 21 3 = THUNDER
SNOW, ICE PELLETS, HAIL 4 = ICE PELLETS
TOTAL MONTH: 0.0 INCH 5 = HAIL
GRTST 24HR 0.0 6 = FREEZING RAIN OR DRIZZLE
GRTST DEPTH: 0 7 = DUSTSTORM OR SANDSTORM:
VSBY 1/2 MILE OR LESS
8 = SMOKE OR HAZE
[NO. OF DAYS WITH] [WEATHER - DAYS WITH] 9 = BLOWING SNOW
X = TORNADO
MAX 32 OR BELOW: 0 0.01 INCH OR MORE: 13
MAX 90 OR ABOVE: 0 0.10 INCH OR MORE: 12
MIN 32 OR BELOW: 4 0.50 INCH OR MORE: 5
MIN 0 OR BELOW: 0 1.00 INCH OR MORE: 2
[HDD (BASE 65) ]
TOTAL THIS MO. 349 CLEAR (SCALE 0-3) 13
DPTR FM NORMAL -189 PTCLDY (SCALE 4-7) 11
TOTAL FM JUL 1 3434 CLOUDY (SCALE 8-10) 7
DPTR FM NORMAL -510
[CDD (BASE 65) ]
TOTAL THIS MO. 18
DPTR FM NORMAL 15 [PRESSURE DATA]
TOTAL FM JAN 1 18 HIGHEST SLP M ON M
DPTR FM NORMAL 15 LOWEST SLP 29.59 ON 28
[REMARKS]
#FINAL-03-20#