000
CXUS56 KPDT 011810
CF6YKM
PRELIMINARY LOCAL CLIMATOLOGICAL DATA (WS FORM: F-6)
STATION: YAKIMA WA
MONTH: SEPTEMBER
YEAR: 2023
LATITUDE: 46 34 N
LONGITUDE: 120 32 W
TEMPERATURE IN F: :PCPN: SNOW: WIND :SUNSHINE: SKY :PK WND
================================================================================
1 2 3 4 5 6A 6B 7 8 9 10 11 12 13 14 15 16 17 18
12Z AVG MX 2MIN
DY MAX MIN AVG DEP HDD CDD WTR SNW DPTH SPD SPD DIR MIN PSBL S-S WX SPD DR
================================================================================
1 79 57 68 1 0 3 0.02 M M 4.5 10 210 M M 5 1 15 290
2 87 52 70 4 0 5 0.00 M M 5.6 10 170 M M 0 14 160
3 85 59 72 6 0 7 T M M 6.2 18 310 M M 3 28 320
4 79 53 66 0 0 1 0.00 M M 7.6 18 310 M M 0 24 330
5 80 46 63 -3 2 0 0.00 M M 4.9 13 330 M M 0 19 340
6 82 46 64 -1 1 0 0.00 M M 6.0 13 320 M M 0 18 260
7 80 47 64 -1 1 0 0.00 M M 4.7 12 320 M M 0 17 320
8 82 45 64 -1 1 0 0.00 M M 4.4 10 320 M M 0 14 330
9 88 47 68 4 0 3 0.00 M M 5.8 10 260 M M 0 14 250
10 91 51 71 7 0 6 0.00 M M 5.6 10 270 M M 0 12 280
11 87 56 72 8 0 7 0.00 M M 4.9 13 350 M M 1 20 330
12 84 50 67 3 0 2 T M M 5.4 16 280 M M 1 24 280
13 83 54 69 6 0 4 0.00 M M 4.4 14 320 M M 0 22 330
14 84 48 66 3 0 1 0.00 M M 4.8 10 120 M M 0 15 90
15 88 47 68 6 0 3 0.00 M M 6.0 12 260 M M 0 14 270
16 88 47 68 6 0 3 0.00 M M 4.8 12 250 M M 0 14 250
17 88 47 68 6 0 3 T M M 4.6 18 300 M M 2 26 340
18 79 53 66 4 0 1 0.00 M M 8.2 25 320 M M 0 8 34 320
19 75 43 59 -2 6 0 0.00 M M 5.5 16 280 M M 1 20 350
20 64 46 55 -6 10 0 0.02 M M 5.9 16 50 M M 7 8 21 290
21 72 47 60 0 5 0 T M M 7.5 21 60 M M 4 29 50
22 71 40 56 -4 9 0 0.00 M M 5.0 12 150 M M 1 16 150
23 69 44 57 -3 8 0 0.02 M M 4.9 20 200 M M 3 30 180
24 63 42 53 -6 12 0 0.05 M M 3.2 13 140 M M 6 18 17 140
25 67 53 60 1 5 0 0.14 M M 7.1 16 220 M M 5 18 25 240
26 67 47 57 -1 8 0 0.01 M M 11.8 30 210 M M 5 8 40 210
27 68 47 58 0 7 0 0.09 M M 8.0 25 210 M M 6 1 34 200
28 67 37 52 -6 13 0 0.03 M M 3.1 14 20 M M 2 8 19 330
29 63 39 51 -6 14 0 0.01 M M 4.3 10 160 M M 8 8 13 170
30 70 33 52 -5 13 0 0.00 M M 5.6 14 30 M M 0 23 50
================================================================================
SM 2330 1423 115 49 0.39 M 170.3 M 60
================================================================================
AV 77.7 47.4 5.7 FASTST M M 2 MAX(MPH)
MISC ----> 30 210 40 210
================================================================================
NOTES:
# LAST OF SEVERAL OCCURRENCES
COLUMN 17 PEAK WIND IN M.P.H.
PRELIMINARY LOCAL CLIMATOLOGICAL DATA (WS FORM: F-6) , PAGE 2
STATION: YAKIMA WA
MONTH: SEPTEMBER
YEAR: 2023
LATITUDE: 46 34 N
LONGITUDE: 120 32 W
[TEMPERATURE DATA] [PRECIPITATION DATA] SYMBOLS USED IN COLUMN 16
AVERAGE MONTHLY: 62.6 TOTAL FOR MONTH: 0.39 1 = FOG OR MIST
DPTR FM NORMAL: 0.3 DPTR FM NORMAL: 0.16 2 = FOG REDUCING VISIBILITY
HIGHEST: 91 ON 10 GRTST 24HR 0.19 ON 24-25 TO 1/4 MILE OR LESS
LOWEST: 33 ON 30 3 = THUNDER
SNOW, ICE PELLETS, HAIL 4 = ICE PELLETS
TOTAL MONTH: M 5 = HAIL
GRTST 24HR M ON M 6 = FREEZING RAIN OR DRIZZLE
GRTST DEPTH: M ON M 7 = DUSTSTORM OR SANDSTORM:
VSBY 1/2 MILE OR LESS
8 = SMOKE OR HAZE
[NO. OF DAYS WITH] [WEATHER - DAYS WITH] 9 = BLOWING SNOW
X = TORNADO
MAX 32 OR BELOW: 0 0.01 INCH OR MORE: 9
MAX 90 OR ABOVE: 1 0.10 INCH OR MORE: 1
MIN 32 OR BELOW: 0 0.50 INCH OR MORE: 0
MIN 0 OR BELOW: 0 1.00 INCH OR MORE: 0
[HDD (BASE 65) ]
TOTAL THIS MO. 115 CLEAR (SCALE 0-3) 21
DPTR FM NORMAL -16 PTCLDY (SCALE 4-7) 8
TOTAL FM JUL 1 122 CLOUDY (SCALE 8-10) 1
DPTR FM NORMAL -42
[CDD (BASE 65) ]
TOTAL THIS MO. 49
DPTR FM NORMAL 3 [PRESSURE DATA]
TOTAL FM JAN 1 865 HIGHEST SLP 30.17 ON 9
DPTR FM NORMAL 260 LOWEST SLP 29.77 ON 3
[REMARKS]
#FINAL-09-23#