000
CXUS51 KCLE 031749
CLSYNG
CLIMATE REPORT
NATIONAL WEATHER SERVICE CLEVELAND, OH
149 PM EDT SAT JUN 03 2023
...................................
...THE YOUNGSTOWN OH CLIMATE SUMMARY FOR THE SEASON, FROM
3/1/2023 TO 5/31/2023...
CLIMATE NORMAL PERIOD 1991 TO 2020
CLIMATE RECORD PERIOD 1897 TO 2023
WEATHER OBSERVED NORMAL DEPART
VALUE DATE(S) VALUE FROM
NORMAL
................................................
TEMPERATURE (F)
RECORD
HIGH 92 05/28/2018
05/18/1962
05/18/1962
LOW -10 03/02/1980
HIGHEST 88 05/29
LOWEST 18 03/15
03/19
AVG. MAXIMUM 60.9 59.3 1.6
AVG. MINIMUM 37.6 37.8 -0.2
MEAN 49.3 48.5 0.8
DAYS MAX >= 90 0 0.2
DAYS MAX <= 32 1 4.6
DAYS MIN <= 32 32 32.8
DAYS MIN <= 0 0 0.2
PRECIPITATION (INCHES)
RECORD
MAXIMUM 20.33 2011
MINIMUM 3.83 1915
TOTALS 8.98 10.68 -1.70
DAYS >= .01 37 44.0
DAYS >= .10 20 25.1
DAYS >= .50 7 6.4
DAYS >= 1.00 1 1.6
SNOWFALL (INCHES)
RECORDS
TOTAL 33.0 1987
TOTALS 4.6 13.1
DAYS >= TRACE 21
DAYS >= 1.0 1 3.8
DEGREE DAYS
HEATING TOTAL 1470 1568 -98
COOLING TOTAL 39 51 -12
................................................
WIND (MPH)
HIGHEST GUST SPEED/DIRECTION 61/250 DATE 03/25
SKY COVER
POSSIBLE SUNSHINE (PERCENT) MM
NUMBER OF DAYS FAIR 19
NUMBER OF DAYS PC 35
NUMBER OF DAYS CLOUDY 38
WEATHER CONDITIONS. NUMBER OF DAYS WITH
THUNDERSTORM 8 MIXED PRECIP 0
HEAVY RAIN 3 RAIN 6
LIGHT RAIN 42 FREEZING RAIN 0
LT FREEZING RAIN 2 HAIL 1
HEAVY SNOW 0 SNOW 1
LIGHT SNOW 21 SLEET 2
FOG 37 FOG W/VIS <= 1/4 MILE 0
HAZE 7
- INDICATES NEGATIVE NUMBERS.
R INDICATES RECORD WAS SET OR TIED.
MM INDICATES DATA IS MISSING.
T INDICATES TRACE AMOUNT.
$$