000
CXUS51 KPBZ 010830
CF6ZZV
PRELIMINARY LOCAL CLIMATOLOGICAL DATA (WS FORM: F-6)
STATION: ZANESVILLE OH
MONTH: JANUARY
YEAR: 2023
LATITUDE: 39 56 N
LONGITUDE: 81 54 W
TEMPERATURE IN F: :PCPN: SNOW: WIND :SUNSHINE: SKY :PK WND
================================================================================
1 2 3 4 5 6A 6B 7 8 9 10 11 12 13 14 15 16 17 18
12Z AVG MX 2MIN
DY MAX MIN AVG DEP HDD CDD WTR SNW DPTH SPD SPD DIR MIN PSBL S-S WX SPD DR
================================================================================
1 53 37 45 14 20 0 0.00 M M 3.1 9 220 M M 10 12 13 200
2 60 46 53 22 12 0 0.02 M M 2.4 8 130 M M 10 1 11 210
3 62 55 59 28 6 0 0.85 M M 7.9 23 290 M M 10 1 28 300
4 62 45 54 23 11 0 0.26 M M 7.1 16 260 M M 8 1 25 280
5 48 33 41 10 24 0 0.05 M M 6.5 16 210 M M 5 23 240
6 38 35 37 6 28 0 T M M 6.3 14 260 M M 10 18 260
7 38 29 34 4 31 0 0.00 M M 4.5 14 320 M M 9 20 320
8 43 24 34 4 31 0 0.00 M M 3.9 12 130 M M 6 15 80
9 35 24 30 0 35 0 0.00 M M 5.9 14 260 M M 5 1 21 260
10 43 23 33 3 32 0 0.00 M M 4.4 9 150 M M 4 12 160
11 51 29 40 10 25 0 0.10 M M 4.0 9 170 M M 6 1 13 110
12 54 37 46 16 19 0 0.83 M M 7.8 20 330 M M 10 13 28 340
13 37 29 33 3 32 0 0.05 M M 11.2 17 330 M M 10 25 320
14 30 19 25 -5 40 0 0.00 M M 8.8 18 330 M M 8 27 340
15 36 15 26 -4 39 0 0.00 M M 1.7 8 120 M M 0 11 120
16 46 21 34 4 31 0 0.19 M M 4.1 12 150 M M 3 1 15 160
17 59 39 49 19 16 0 0.07 M M 9.3 18 250 M M 8 1 27 260
18 43 39 41 11 24 0 0.02 M M 5.8 17 260 M M 10 24 270
19 62 40 51 21 14 0 0.52 M M 11.3 29 250 M M 8 1 41 260
20 42 34 38 8 27 0 T M M 11.7 28 260 M M 10 1 35 260
21 35 30 33 3 32 0 0.01 M M 4.7 12 270 M M 10 14 270
22 34 25 30 0 35 0 0.13 M M 2.8 9 320 M M 7 1 12 320
23 34 31 33 3 32 0 0.02 M M 8.1 21 270 M M 10 1 26 260
24 43 28 36 6 29 0 0.00 M M 5.7 14 250 M M 3 21 240
25 53 31 42 12 23 0 0.21 M M 10.1 26 250 M M 9 1 38 240
26 36 30 33 3 32 0 0.01 M M 12.2 22 260 M M 10 1 32 270
27 43 25 34 4 31 0 T M M 11.2 21 160 M M 8 31 190
28 51 34 43 13 22 0 0.00 M M 7.1 16 250 M M 4 23 250
29 47 39 43 13 22 0 0.15 M M 6.8 14 190 M M 10 1 18 200
30 39 28 34 4 31 0 0.09 M M 6.0 13 310 M M 10 12 15 320
31 28 23 26 -4 39 0 0.02 M M 5.1 12 320 M M 8 1 14 320
================================================================================
SM 1385 977 825 0 3.60 M 207.5 M 239
================================================================================
AV 44.7 31.5 6.7 FASTST M M 8 MAX(MPH)
MISC ----> 29 250 41 260
================================================================================
NOTES:
# LAST OF SEVERAL OCCURRENCES
COLUMN 17 PEAK WIND IN M.P.H.
PRELIMINARY LOCAL CLIMATOLOGICAL DATA (WS FORM: F-6) , PAGE 2
STATION: ZANESVILLE OH
MONTH: JANUARY
YEAR: 2023
LATITUDE: 39 56 N
LONGITUDE: 81 54 W
[TEMPERATURE DATA] [PRECIPITATION DATA] SYMBOLS USED IN COLUMN 16
AVERAGE MONTHLY: 38.1 TOTAL FOR MONTH: 3.60 1 = FOG OR MIST
DPTR FM NORMAL: 8.0 DPTR FM NORMAL: 0.80 2 = FOG REDUCING VISIBILITY
HIGHEST: 62 ON 19, 4 GRTST 24HR 1.12 ON 2- 3 TO 1/4 MILE OR LESS
LOWEST: 15 ON 15 3 = THUNDER
SNOW, ICE PELLETS, HAIL 4 = ICE PELLETS
TOTAL MONTH: M 5 = HAIL
GRTST 24HR M ON M 6 = FREEZING RAIN OR DRIZZLE
GRTST DEPTH: M ON M 7 = DUSTSTORM OR SANDSTORM:
VSBY 1/2 MILE OR LESS
8 = SMOKE OR HAZE
[NO. OF DAYS WITH] [WEATHER - DAYS WITH] 9 = BLOWING SNOW
X = TORNADO
MAX 32 OR BELOW: 2 0.01 INCH OR MORE: 19
MAX 90 OR ABOVE: 0 0.10 INCH OR MORE: 9
MIN 32 OR BELOW: 18 0.50 INCH OR MORE: 3
MIN 0 OR BELOW: 0 1.00 INCH OR MORE: 0
[HDD (BASE 65) ]
TOTAL THIS MO. 825 CLEAR (SCALE 0-3) 3
DPTR FM NORMAL -258 PTCLDY (SCALE 4-7) 11
TOTAL FM JUL 1 2821 CLOUDY (SCALE 8-10) 17
DPTR FM NORMAL -271
[CDD (BASE 65) ]
TOTAL THIS MO. 0
DPTR FM NORMAL 0 [PRESSURE DATA]
TOTAL FM JAN 1 0 HIGHEST SLP 30.40 ON 7
DPTR FM NORMAL 0 LOWEST SLP 29.42 ON 25
[REMARKS]
#FINAL-01-23#