000
CXUS51 KPBZ 061437
CF6ZZV
PRELIMINARY LOCAL CLIMATOLOGICAL DATA (WS FORM: F-6)
STATION: ZANESVILLE OH
MONTH: OCTOBER
YEAR: 2023
LATITUDE: 39 56 N
LONGITUDE: 81 54 W
TEMPERATURE IN F: :PCPN: SNOW: WIND :SUNSHINE: SKY :PK WND
================================================================================
1 2 3 4 5 6A 6B 7 8 9 10 11 12 13 14 15 16 17 18
12Z AVG MX 2MIN
DY MAX MIN AVG DEP HDD CDD WTR SNW DPTH SPD SPD DIR MIN PSBL S-S WX SPD DR
================================================================================
1 82 53 68 8 0 3 0.00 M M 1.4 9 60 M M 1 12 13 50
2 85 53 69 9 0 4 0.00 M M 0.5 8 80 M M 0 1 12 60
3 86 56 71 12 0 6 0.00 M M 0.7 9 140 M M 0 1 13 120
4 85 54 70 11 0 5 0.00 M M 1.7 10 170 M M 0 1 15 170
5 81 59 70 12 0 5 0.03 M M 4.2 14 160 M M 4 18 20 160
6 74 54 64 6 1 0 0.36 M M 5.5 17 310 M M 6 1 27 320
7 56 42 49 -9 16 0 0.05 M M 6.9 16 300 M M 5 27 280
8 56 40 48 -9 17 0 0.00 M M 7.8 17 260 M M 5 26 260
9 61 46 54 -3 11 0 0.00 M M 4.9 10 270 M M 7 M M
10 64 41 53 -4 12 0 0.00 M M 6.3 16 240 M M 3 26 240
11 67 35 51 -5 14 0 0.00 M M 3.0 14 260 M M 1 22 290
12 76 45 61 5 4 0 0.00 M M 3.2 9 30 M M 4 14 20
13 72 47 60 5 5 0 0.00 M M 6.5 14 60 M M 2 21 60
14 67 48 58 3 7 0 0.42 M M 5.6 17 290 M M 10 1 24 250
15 57 45 51 -4 14 0 0.04 M M 7.4 16 340 M M 9 25 340
16 58 45 52 -2 13 0 T M M 6.2 13 320 M M 10 1 19 340
17 55 48 52 -2 13 0 T M M 4.0 12 330 M M 10 16 310
18 62 44 53 -1 12 0 0.00 M M 3.1 14 190 M M 6 22 200
19 68 43 56 3 9 0 0.18 M M 7.9 18 210 M M 5 1 26 170
20 60 53 57 4 8 0 0.50 M M 6.9 15 180 M M 10 1 22 310
21 59 47 53 1 12 0 0.08 M M 7.1 17 260 M M 9 1 26 250
22 57 36 47 -5 18 0 0.00 M M 6.2 15 300 M M 5 22 310
23 64 29 47 -5 18 0 0.00 M M 1.6 8 120 M M 1 1 11 200
24 78 36 57 6 8 0 0.00 M M 4.0 13 180 M M 0 18 210
25 72 55 64 13 1 0 0.00 M M 4.2 14 200 M M 2 22 200
26 76 49 63 12 2 0 0.00 M M 4.7 16 200 M M M 24 200
27 68 62 65 15 0 0 0.01 M M M 13 190 M M M 19 200
28 67 56 62 12 3 0 0.07 M M 5.4 18 340 M M M 18 340
29 57 53 55 5 10 0 0.44 0.0 0 3.5 18 290 M M M 26 280
30 56 32 44 -5 21 0 0.36 M M 7.1 17 330 M M M 24 330
31 47 28 38 -11 27 0 T M M M 20 290 M M M 30 300
================================================================================
SM 2073 1434 276 23 2.54 0.0 137.5 M 115
================================================================================
AV 66.9 46.3 4.7 FASTST M M 5 MAX(MPH)
MISC ----> 20 290 30 300
================================================================================
NOTES:
# LAST OF SEVERAL OCCURRENCES
COLUMN 17 PEAK WIND IN M.P.H.
PRELIMINARY LOCAL CLIMATOLOGICAL DATA (WS FORM: F-6) , PAGE 2
STATION: ZANESVILLE OH
MONTH: OCTOBER
YEAR: 2023
LATITUDE: 39 56 N
LONGITUDE: 81 54 W
[TEMPERATURE DATA] [PRECIPITATION DATA] SYMBOLS USED IN COLUMN 16
AVERAGE MONTHLY: 56.6 TOTAL FOR MONTH: 2.54 1 = FOG OR MIST
DPTR FM NORMAL: 2.3 DPTR FM NORMAL: -0.27 2 = FOG REDUCING VISIBILITY
HIGHEST: 86 ON 3 GRTST 24HR 0.65 ON 19-20 TO 1/4 MILE OR LESS
LOWEST: 28 ON 31 3 = THUNDER
SNOW, ICE PELLETS, HAIL 4 = ICE PELLETS
TOTAL MONTH: 0.0 INCH 5 = HAIL
GRTST 24HR 0.0 6 = FREEZING RAIN OR DRIZZLE
GRTST DEPTH: 0 7 = DUSTSTORM OR SANDSTORM:
VSBY 1/2 MILE OR LESS
8 = SMOKE OR HAZE
[NO. OF DAYS WITH] [WEATHER - DAYS WITH] 9 = BLOWING SNOW
X = TORNADO
MAX 32 OR BELOW: 0 0.01 INCH OR MORE: 12
MAX 90 OR ABOVE: 0 0.10 INCH OR MORE: 6
MIN 32 OR BELOW: 3 0.50 INCH OR MORE: 1
MIN 0 OR BELOW: 0 1.00 INCH OR MORE: 0
[HDD (BASE 65) ]
TOTAL THIS MO. 276 CLEAR (SCALE 0-3) 9
DPTR FM NORMAL -68 PTCLDY (SCALE 4-7) 10
TOTAL FM JUL 1 304 CLOUDY (SCALE 8-10) 12
DPTR FM NORMAL -120
[CDD (BASE 65) ]
TOTAL THIS MO. 23
DPTR FM NORMAL 9 [PRESSURE DATA]
TOTAL FM JAN 1 787 HIGHEST SLP M ON M
DPTR FM NORMAL -125 LOWEST SLP 29.13 ON 28
[REMARKS]
#FINAL-10-23#