000
CXUS54 KFWD 230730
CF6AFW
PRELIMINARY LOCAL CLIMATOLOGICAL DATA (WS FORM: F-6)

                                          STATION:   FORT WORTH ALLIANCE
                                          MONTH:     MAY
                                          YEAR:      2018
                                          LATITUDE:   32 58 N
                                          LONGITUDE:  97 19 W

  TEMPERATURE IN F:       :PCPN:    SNOW:  WIND      :SUNSHINE: SKY     :PK WND
================================================================================
1   2   3   4   5  6A  6B    7    8   9   10  11  12  13   14  15   16   17  18
                                     12Z  AVG MX 2MIN
DY MAX MIN AVG DEP HDD CDD  WTR  SNW DPTH SPD SPD DIR MIN PSBL S-S WX    SPD DR
================================================================================

 1  79  69  74   6   0   9    T  0.0    0 19.3 29 160   M    M  10 1      36 160
 2  87  71  79  11   0  14 0.02  0.0    0 20.1 35 160   M    M   7 1      43 150
 3  80  66  73   4   0   8 0.61  0.0    0 14.5 33 250   M    M   8 138    48 250
 4  73  61  67  -2   0   2 0.49  0.0    0  7.2 21 140   M    M   7 13     26 140
 5  82  58  70   1   0   5 0.00  0.0    0  7.8 17  10   M    M   1        24  30
 6  87  56  72   2   0   7 0.00  0.0    0  5.2 12 230   M    M   1        14 220
 7  93  62  78   8   0  13 0.00  0.0    0  6.8 14 170   M    M   4        18 200
 8  90  67  79   9   0  14 0.00  0.0    0 15.7 26 170   M    M   5        33 180
 9  88  66  77   6   0  12 0.00  0.0    0 14.0 24 180   M    M   4        30 180
10  86  65  76   5   0  11 0.00  0.0    0 16.7 26 170   M    M   3        33 160
11  88  68  78   7   0  13 0.00  0.0    0 21.3 30 170   M    M   2        37 170
12  89  72  81   9   0  16 0.00  0.0    0 17.9 28 180   M    M   3        34 180
13  89  72  81   9   0  16 0.00  0.0    0 14.7 23 160   M    M   4        28 170
14  90  72  81   9   0  16 0.00  0.0    0 14.8 23 180   M    M   7        27 180
15  88  74  81   8   0  16    T  0.0    0  8.7 24 150   M    M   7        28 150
16  91  67  79   6   0  14 0.00  0.0    0  6.9 16  20   M    M   6        22  70
17  94  65  80   7   0  15    T  0.0    0  7.4 30 310   M    M   3        39 320
18  96  70  83   9   0  18 0.07  0.0    0 12.7 29 320   M    M   5 3      34 320
19  91  73  82   8   0  17    T  0.0    0 16.6 29 160   M    M   6        39 170
20  81  65  73  -1   0   8 0.34  0.0    0  8.4 21 320   M    M   9 13     25 150
21  87  64  76   2   0  11 0.00  0.0    0  4.2 12 150   M    M   6        14 160
22  88  68  78   3   0  13 0.00  0.0    0  7.3 15 160   M    M   6        19 180
================================================================================
SM 1917 1471         0 268  1.53     0.0 268.2          M      114
================================================================================
AV 87.1 66.9                              12.2 FASTST   M    M   5    MAX(MPH)
                                 MISC ---->  # 35 160               # 48  250
================================================================================
NOTES:
# LAST OF SEVERAL OCCURRENCES

COLUMN 17 PEAK WIND IN M.P.H.

PRELIMINARY LOCAL CLIMATOLOGICAL DATA (WS FORM: F-6) , PAGE 2

                                          STATION:  FORT WORTH ALLIANCE
                                          MONTH:    MAY
                                          YEAR:     2018
                                          LATITUDE:   32 58 N
                                          LONGITUDE:  97 19 W

[TEMPERATURE DATA]      [PRECIPITATION DATA]       SYMBOLS USED IN COLUMN 16

AVERAGE MONTHLY: 77.0   TOTAL FOR MONTH:   1.53    1 = FOG OR MIST
DPTR FM NORMAL:   5.5   DPTR FM NORMAL:   -1.95    2 = FOG REDUCING VISIBILITY
HIGHEST:    96 ON 18    GRTST 24HR  0.61 ON  3- 3      TO 1/4 MILE OR LESS
LOWEST:     56 ON  6                               3 = THUNDER
                        SNOW, ICE PELLETS, HAIL    4 = ICE PELLETS
                        TOTAL MONTH:   0.0 INCH    5 = HAIL
                        GRTST 24HR     0.0         6 = FREEZING RAIN OR DRIZZLE
                        GRTST DEPTH:   0           7 = DUSTSTORM OR SANDSTORM:
                                                       VSBY 1/2 MILE OR LESS
                                                   8 = SMOKE OR HAZE
[NO. OF DAYS WITH]      [WEATHER - DAYS WITH]      9 = BLOWING SNOW
                                                   X = TORNADO
MAX 32 OR BELOW:   0    0.01 INCH OR MORE:   5
MAX 90 OR ABOVE:   7    0.10 INCH OR MORE:   3
MIN 32 OR BELOW:   0    0.50 INCH OR MORE:   1
MIN  0 OR BELOW:   0    1.00 INCH OR MORE:   0

[HDD (BASE 65) ]
TOTAL THIS MO.     0    CLEAR  (SCALE 0-3)   5
DPTR FM NORMAL    -9    PTCLDY (SCALE 4-7)  15
TOTAL FM JUL 1  2392    CLOUDY (SCALE 8-10)  2
DPTR FM NORMAL   -71

[CDD (BASE 65) ]
TOTAL THIS MO.   268
DPTR FM NORMAL   114    [PRESSURE DATA]
TOTAL FM JAN 1   370    HIGHEST SLP M ON M
DPTR FM NORMAL    98    LOWEST  SLP 29.65 ON 18

[REMARKS]
