000
CXUS54 KLCH 250851
CF6ARA
PRELIMINARY LOCAL CLIMATOLOGICAL DATA (WS FORM: F-6)

                                          STATION:   NEW IBERIA
                                          MONTH:     MAY
                                          YEAR:      2018
                                          LATITUDE:   30  1 N
                                          LONGITUDE:  91 53 W

  TEMPERATURE IN F:       :PCPN:    SNOW:  WIND      :SUNSHINE: SKY     :PK WND
================================================================================
1   2   3   4   5  6A  6B    7    8   9   10  11  12  13   14  15   16   17  18
                                     12Z  AVG MX 2MIN
DY MAX MIN AVG DEP HDD CDD  WTR  SNW DPTH SPD SPD DIR MIN PSBL S-S WX    SPD DR
================================================================================

 1  84  60  72   0   0   7 0.00  0.0    0 10.9 22 170   M    M   1        27 180
 2  88  70  79   6   0  14 0.00  0.0    0 13.0 22 160   M    M   5        27 130
 3  85  67  76   3   0  11 0.00  0.0    0  9.7 20 160   M    M   3 1      25 160
 4  85  64  75   2   0  10    T  0.0    0  6.5 13 180   M    M   4 1      17 170
 5  79  63  71  -3   0   6 0.00  0.0    0  5.9 18 320   M    M   4 1      22 320
 6  88  60  74   0   0   9 0.00  0.0    0  4.7 13  20   M    M   1 12     18  20
 7  92  60  76   2   0  11 0.00  0.0    0  4.9 15  40   M    M   0        24 300
 8  92  63  78   4   0  13 0.00  0.0    0  4.9 14 210   M    M   2 1      25 250
 9  90  64  77   2   0  12 0.00  0.0    0  4.3 16 200   M    M   2 1      19 190
10  88  61  75   0   0  10 0.00  0.0    0  5.2 16 160   M    M   0 1      23 160
11  88  65  77   2   0  12 0.00  0.0    0  8.9 17 190   M    M   1 1      27 150
12  90  67  79   3   0  14 1.15  0.0    0  8.1 31 120   M    M   2 3      38 120
13  91  71  81   5   0  16 0.00  0.0    0  5.3 15 200   M    M   2        18 200
14  94  69  82   6   0  17 0.06  0.0    0  4.6 14 100   M    M   1 12     18 100
15  95  72  84   8   0  19 0.01  0.0    0  7.9 21 360   M    M   1 3      32 330
16  94  70  82   6   0  17    T  0.0    0  6.1 17 290   M    M   1 13     23 280
17  93  72  83   6   0  18 0.00  0.0    0  9.8 20 290   M    M   0        24 280
18  92  72  82   5   0  17    T  0.0    0  6.7 22 210   M    M   2 1      28 200
19  90  69  80   3   0  15 0.00  0.0    0  8.3 17 170   M    M   2 1      22 150
20  91  71  81   4   0  16 0.39  0.0    0  6.1 29 120   M    M   1 13     36 120
21  91  70  81   3   0  16    T  0.0    0  5.1 18 170   M    M   3 3      21 170
22  90  71  81   3   0  16 0.04  0.0    0  4.6 21 140   M    M   2 13     23 150
23  94  70  82   4   0  17 1.18  0.0    0  5.9 31  90   M    M   1 13     39  80
24  86  71  79   1   0  14 0.23  0.0    0  5.5 21 130   M    M   1 13     24 140
================================================================================
SM 2150 1612         0 327  3.06     0.0 162.9          M       42
================================================================================
AV 89.6 67.2                               6.8 FASTST   M    M   2    MAX(MPH)
                                 MISC ---->  # 31 120               # 39   80
================================================================================
NOTES:
# LAST OF SEVERAL OCCURRENCES

COLUMN 17 PEAK WIND IN M.P.H.

PRELIMINARY LOCAL CLIMATOLOGICAL DATA (WS FORM: F-6) , PAGE 2

                                          STATION:  NEW IBERIA
                                          MONTH:    MAY
                                          YEAR:     2018
                                          LATITUDE:   30  1 N
                                          LONGITUDE:  91 53 W

[TEMPERATURE DATA]      [PRECIPITATION DATA]       SYMBOLS USED IN COLUMN 16

AVERAGE MONTHLY: 78.4   TOTAL FOR MONTH:   3.06    1 = FOG OR MIST
DPTR FM NORMAL:   2.9   DPTR FM NORMAL:   -0.22    2 = FOG REDUCING VISIBILITY
HIGHEST:    95 ON 15    GRTST 24HR  1.18 ON 23-23      TO 1/4 MILE OR LESS
LOWEST:     60 ON  7, 6                            3 = THUNDER
                        SNOW, ICE PELLETS, HAIL    4 = ICE PELLETS
                        TOTAL MONTH:   0.0 INCH    5 = HAIL
                        GRTST 24HR     0.0         6 = FREEZING RAIN OR DRIZZLE
                        GRTST DEPTH:   0           7 = DUSTSTORM OR SANDSTORM:
                                                       VSBY 1/2 MILE OR LESS
                                                   8 = SMOKE OR HAZE
[NO. OF DAYS WITH]      [WEATHER - DAYS WITH]      9 = BLOWING SNOW
                                                   X = TORNADO
MAX 32 OR BELOW:   0    0.01 INCH OR MORE:   7
MAX 90 OR ABOVE:  15    0.10 INCH OR MORE:   4
MIN 32 OR BELOW:   0    0.50 INCH OR MORE:   2
MIN  0 OR BELOW:   0    1.00 INCH OR MORE:   2

[HDD (BASE 65) ]
TOTAL THIS MO.     0    CLEAR  (SCALE 0-3)  21
DPTR FM NORMAL     0    PTCLDY (SCALE 4-7)   3
TOTAL FM JUL 1  1358    CLOUDY (SCALE 8-10)  0
DPTR FM NORMAL   -50

[CDD (BASE 65) ]
TOTAL THIS MO.   327
DPTR FM NORMAL    74    [PRESSURE DATA]
TOTAL FM JAN 1   608    HIGHEST SLP M ON M
DPTR FM NORMAL   135    LOWEST  SLP 29.81 ON 17

[REMARKS]
