000
CXUS51 KBOX 261200
CF6BDL
PRELIMINARY LOCAL CLIMATOLOGICAL DATA (WS FORM: F-6)

                                          STATION:   HARTFORD CT
                                          MONTH:     MAY
                                          YEAR:      2018
                                          LATITUDE:   41 55 N
                                          LONGITUDE:  72 41 W

  TEMPERATURE IN F:       :PCPN:    SNOW:  WIND      :SUNSHINE: SKY     :PK WND
================================================================================
1   2   3   4   5  6A  6B    7    8   9   10  11  12  13   14  15   16   17  18
                                     12Z  AVG MX 2MIN
DY MAX MIN AVG DEP HDD CDD  WTR  SNW DPTH SPD SPD DIR MIN PSBL S-S WX    SPD DR
================================================================================

 1  77  41  59   4   6   0    T  0.0    0  5.6 17 350   M    M   6        24 340
 2  92  51  72  17   0   7 0.00  0.0    0  9.9 30 250   M    M   6        36 250
 3  94  62  78  22   0  13    T  0.0    0  9.8 28 240   M    M   8        34 220
 4  85  68  77  21   0  12    T  0.0    0 10.9 28 260   M    M   8        36 250
 5  76  55  66  10   0   1 0.00  0.0    0 11.5 30 290   M    M   8        37 320
 6  63  55  59   2   6   0 0.13  0.0    0  6.4 17  40   M    M  10 1      21  30
 7  75  49  62   5   3   0 0.00  0.0    0  6.5 17 180   M    M   6 1      21  20
 8  77  47  62   5   3   0 0.00  0.0    0  6.0 13 180   M    M   2 1       M  M
 9  81  45  63   5   2   0 0.00  0.0    0  6.5 16 170   M    M   3        21 180
10  73  53  63   5   2   0    T  0.0    0  9.3 22 190   M    M   8        30 180
11  72  51  62   4   3   0 0.00  0.0    0  8.1 20 340   M    M   5        28 350
12  53  47  50  -8  15   0 0.15  0.0    0  6.3 12 360   M    M  10 1      23 350
13  58  45  52  -7  13   0    T  0.0    0  5.8 10 210   M    M  10 1      14 200
14  75  50  63   4   2   0 0.00  0.0    0  9.0 18 170   M    M   7        21 160
15  85  56  71  12   0   6 1.26  0.0    0  9.1 44 320   M    M   9 138    55 320
16  68  53  61   2   4   0 0.04  0.0    0  5.9 12 150   M    M  10 1      14 150
17  75  57  66   6   0   1 0.01  0.0    0  3.0 13 190   M    M   9 1      17 180
18  69  46  58  -2   7   0 0.00  0.0    0  9.4 18  50   M    M   8        26 170
19  57  44  51  -9  14   0 0.45  0.0    0  5.9  9 200   M    M  10 1      12 180
20  80  55  68   7   0   3 0.02  0.0    0 10.1 20 320   M    M   8 1      29 330
21  79  50  65   4   0   0 0.00  0.0    0  5.6 12 280   M    M   4        17 250
22  64  51  58  -3   7   0 0.05  0.0    0  4.1 14 190   M    M  10 1      18 200
23  85  55  70   9   0   5 0.00  0.0    0  8.0 21 320   M    M   4 1      28 310
24  82  52  67   5   0   2 0.00  0.0    0  7.4 18 360   M    M   1        28 350
25  89  52  71   9   0   6 0.00  0.0    0  8.9 23 240   M    M   3        29 250
================================================================================
SM 1884 1290        87  56  2.11     0.0 189.0          M      173
================================================================================
AV 75.4 51.6                               7.6 FASTST   M    M   7    MAX(MPH)
                                 MISC ---->  # 44 320               # 55  320
================================================================================
NOTES:
# LAST OF SEVERAL OCCURRENCES

COLUMN 17 PEAK WIND IN M.P.H.

PRELIMINARY LOCAL CLIMATOLOGICAL DATA (WS FORM: F-6) , PAGE 2

                                          STATION:  HARTFORD CT
                                          MONTH:    MAY
                                          YEAR:     2018
                                          LATITUDE:   41 55 N
                                          LONGITUDE:  72 41 W

[TEMPERATURE DATA]      [PRECIPITATION DATA]       SYMBOLS USED IN COLUMN 16

AVERAGE MONTHLY: 63.5   TOTAL FOR MONTH:   2.11    1 = FOG OR MIST
DPTR FM NORMAL:   4.9   DPTR FM NORMAL:   -1.28    2 = FOG REDUCING VISIBILITY
HIGHEST:    94 ON  3    GRTST 24HR  1.26 ON 15-15      TO 1/4 MILE OR LESS
LOWEST:     41 ON  1                               3 = THUNDER
                        SNOW, ICE PELLETS, HAIL    4 = ICE PELLETS
                        TOTAL MONTH:   0.0 INCH    5 = HAIL
                        GRTST 24HR     0.0         6 = FREEZING RAIN OR DRIZZLE
                        GRTST DEPTH:   0           7 = DUSTSTORM OR SANDSTORM:
                                                       VSBY 1/2 MILE OR LESS
                                                   8 = SMOKE OR HAZE
[NO. OF DAYS WITH]      [WEATHER - DAYS WITH]      9 = BLOWING SNOW
                                                   X = TORNADO
MAX 32 OR BELOW:   0    0.01 INCH OR MORE:   8
MAX 90 OR ABOVE:   2    0.10 INCH OR MORE:   4
MIN 32 OR BELOW:   0    0.50 INCH OR MORE:   1
MIN  0 OR BELOW:   0    1.00 INCH OR MORE:   1

[HDD (BASE 65) ]
TOTAL THIS MO.    87    CLEAR  (SCALE 0-3)   4
DPTR FM NORMAL   -94    PTCLDY (SCALE 4-7)  11
TOTAL FM JUL 1  5758    CLOUDY (SCALE 8-10) 10
DPTR FM NORMAL  -176

[CDD (BASE 65) ]
TOTAL THIS MO.    56
DPTR FM NORMAL    36    [PRESSURE DATA]
TOTAL FM JAN 1    56    HIGHEST SLP M ON M
DPTR FM NORMAL    30    LOWEST  SLP 29.63 ON  4

[REMARKS]
