000
CXUS53 KLMK 220800
CF6BWG
PRELIMINARY LOCAL CLIMATOLOGICAL DATA (WS FORM: F-6)

                                          STATION:   BOWLING GREEN KY
                                          MONTH:     JUNE
                                          YEAR:      2018
                                          LATITUDE:   36 58 N
                                          LONGITUDE:  86 26 W

  TEMPERATURE IN F:       :PCPN:    SNOW:  WIND      :SUNSHINE: SKY     :PK WND
================================================================================
1   2   3   4   5  6A  6B    7    8   9   10  11  12  13   14  15   16   17  18
                                     12Z  AVG MX 2MIN
DY MAX MIN AVG DEP HDD CDD  WTR  SNW DPTH SPD SPD DIR MIN PSBL S-S WX    SPD DR
================================================================================

 1  85  69  77   6   0  12 0.00  0.0    0  6.0 24 190   M    M   5        33 180
 2  90  72  81  10   0  16 0.15  0.0    0  4.5 18 280   M    M   2 3      31 300
 3  84  65  75   3   0  10 0.00  0.0    M  5.1 16 290   M    M   2        27 290
 4  82  58  70  -2   0   5 0.00  0.0    M  5.0 16 280   M    M   0        25 290
 5  84  60  72   0   0   7 0.00  0.0    0  2.3  9 280   M    M   0        15 260
 6  89  60  75   2   0  10 0.00  0.0    0  3.6 12 280   M    M   1        20 280
 7  88  64  76   3   0  11 0.00  0.0    0  1.9 10  80   M    M   0        14  80
 8  92  66  79   6   0  14 0.00  0.0    0  2.4 10  60   M    M   0        15  80
 9  93  68  81   7   0  16 0.03  0.0    0  3.9 18 240   M    M   1 3      28 330
10  88  68  78   4   0  13 0.02  0.0    0  6.3 21  50   M    M   3 3      27  40
11  93  69  81   7   0  16 0.00  0.0    0  7.1 13 150   M    M   2        23  10
12  91  72  82   8   0  17 0.26  0.0    0  7.4 26 170   M    M   3 13     35 160
13  86  71  79   4   0  14 0.01  0.0    0  6.4 13 210   M    M   5        18 220
14  91  71  81   6   0  16 0.00  0.0    0  2.6  9  20   M    M   3 1      14 230
15  93  69  81   6   0  16 0.00  0.0    0  2.1  9  70   M    M   1 1      13 100
16  95  71  83   8   0  18 0.00  0.0    0  3.0 13 120   M    M   0 1      16 120
17  97  72  85   9   0  20 0.00  0.0    0  4.0 12 180   M    M   1 13     15 290
18  93  74  84   8   0  19    T  0.0    0  5.6 15 230   M    M   2 3      20 250
19  94  77  86  10   0  21 0.00  0.0    0  7.7 16 270   M    M   0        26 270
20  91  76  84   8   0  19 0.08  0.0    0  8.2 26 220   M    M   2 1      37 210
21  85  70  78   2   0  13 0.68  0.0    0  7.5 17 210   M    M   6 1      23 210
================================================================================
SM 1884 1442         0 303  1.23     0.0 102.6          M       39
================================================================================
AV 89.7 68.7                               4.9 FASTST   M    M   2    MAX(MPH)
                                 MISC ---->  # 26 170               # 37  210
================================================================================
NOTES:
# LAST OF SEVERAL OCCURRENCES

COLUMN 17 PEAK WIND IN M.P.H.

PRELIMINARY LOCAL CLIMATOLOGICAL DATA (WS FORM: F-6) , PAGE 2

                                          STATION:  BOWLING GREEN KY
                                          MONTH:    JUNE
                                          YEAR:     2018
                                          LATITUDE:   36 58 N
                                          LONGITUDE:  86 26 W

[TEMPERATURE DATA]      [PRECIPITATION DATA]       SYMBOLS USED IN COLUMN 16

AVERAGE MONTHLY: 79.2   TOTAL FOR MONTH:   1.23    1 = FOG OR MIST
DPTR FM NORMAL:   5.2   DPTR FM NORMAL:   -1.77    2 = FOG REDUCING VISIBILITY
HIGHEST:    97 ON 17    GRTST 24HR  0.68 ON 21-21      TO 1/4 MILE OR LESS
LOWEST:     58 ON  4                               3 = THUNDER
                        SNOW, ICE PELLETS, HAIL    4 = ICE PELLETS
                        TOTAL MONTH:   0.0 INCH    5 = HAIL
                        GRTST 24HR     0.0         6 = FREEZING RAIN OR DRIZZLE
                        GRTST DEPTH:   0           7 = DUSTSTORM OR SANDSTORM:
                                                       VSBY 1/2 MILE OR LESS
                                                   8 = SMOKE OR HAZE
[NO. OF DAYS WITH]      [WEATHER - DAYS WITH]      9 = BLOWING SNOW
                                                   X = TORNADO
MAX 32 OR BELOW:   0    0.01 INCH OR MORE:   7
MAX 90 OR ABOVE:  12    0.10 INCH OR MORE:   3
MIN 32 OR BELOW:   0    0.50 INCH OR MORE:   1
MIN  0 OR BELOW:   0    1.00 INCH OR MORE:   0

[HDD (BASE 65) ]
TOTAL THIS MO.     0    CLEAR  (SCALE 0-3)  16
DPTR FM NORMAL    -3    PTCLDY (SCALE 4-7)   5
TOTAL FM JUL 1  3926    CLOUDY (SCALE 8-10)  0
DPTR FM NORMAL  -120

[CDD (BASE 65) ]
TOTAL THIS MO.   303
DPTR FM NORMAL   110    [PRESSURE DATA]
TOTAL FM JAN 1   636    HIGHEST SLP M ON M
DPTR FM NORMAL   290    LOWEST  SLP 29.71 ON 21

[REMARKS]
