706
CXUS55 KGJT 251000
CF6CAG
PRELIMINARY LOCAL CLIMATOLOGICAL DATA (WS FORM: F-6)

                                          STATION:   CRAIG CO
                                          MONTH:     APRIL
                                          YEAR:      2018
                                          LATITUDE:   40 30 N
                                          LONGITUDE: 107 32 W

  TEMPERATURE IN F:       :PCPN:    SNOW:  WIND      :SUNSHINE: SKY     :PK WND
================================================================================
1   2   3   4   5  6A  6B    7    8   9   10  11  12  13   14  15   16   17  18
                                     12Z  AVG MX 2MIN
DY MAX MIN AVG DEP HDD CDD  WTR  SNW DPTH SPD SPD DIR MIN PSBL S-S WX    SPD DR
================================================================================

 1  64  35  50  11  15   0 0.01    M    M 12.2 31 260   M    M   3        38 240
 2  62  28  45   6  20   0    T    M    M 15.1 37 260   M    M   3        46 250
 3  45  13  29 -10  36   0 0.00    M    M  8.6 28 300   M    M   2        34 310
 4  53  19  36  -4  29   0 0.00    M    M  4.6 17 280   M    M   7        25 280
 5  59  21  40   0  25   0    T    M    M  5.3 20 280   M    M   4        27 270
 6  46  39  43   3  22   0 0.54    M    M  4.2 13  70   M    M   9 1      17 200
 7  55  40  48   8  17   0 0.40    M    M  5.8 23 210   M    M   9 1      30 200
 8  49  36  43   2  22   0 0.29    M    M  9.8 24 340   M    M  10 13     36 350
 9  54  29  42   1  23   0    T    M    M  7.9 18 290   M    M   7 1      24 280
10  66  23  45   4  20   0 0.00    M    M  5.5 23 270   M    M   0        29 260
11  73  41  57  15   8   0    T    M    M  9.3 31 270   M    M   3        39 270
12  69  29  49   7  16   0 0.03    M    M 16.0 40 200   M    M   5 1      49 190
13  41  24  33  -9  32   0 0.06    M    M  9.7 31 350   M    M   9 18     38 360
14  53  25  39  -3  26   0 0.00    M    M  8.9 24 260   M    M   7        28 250
15  62  28  45   3  20   0 0.00    M    M  5.6 17 200   M    M   4        24 210
16  69  31  50   7  15   0 0.00    M    M 16.9 39 210   M    M   0        50 200
17  57  24  41  -2  24   0 0.16    M    M 16.4 38 250   M    M   6 12     49 240
18  52  15  34  -9  31   0 0.00    M    M  5.2 15  80   M    M   0        19  70
19  68  22  45   2  20   0 0.00    M    M  7.1 29 220   M    M   1        36 210
20  50  34  42  -2  23   0 0.49    M    M 10.4 28 230   M    M  10 1      31 230
21  55  35  45   1  20   0 0.00    M    M  4.5 13 220   M    M   7        16 220
22  68  28  48   4  17   0 0.00    M    M  2.8 10 300   M    M   0        12 290
23  71  32  52   8  13   0 0.00    M    M  7.4 28 270   M    M   2        34 260
24  55  27  41  -4  24   0 0.00    M    M  9.6 22 320   M    M   3        29 310
================================================================================
SM 1396  678       518   0  1.98    M    208.8          M      111
================================================================================
AV 58.2 28.3                               8.7 FASTST   M    M   5    MAX(MPH)
                                 MISC ---->  # 40 200               # 50  200
================================================================================
NOTES:
# LAST OF SEVERAL OCCURRENCES

COLUMN 17 PEAK WIND IN M.P.H.

PRELIMINARY LOCAL CLIMATOLOGICAL DATA (WS FORM: F-6) , PAGE 2

                                          STATION:  CRAIG CO
                                          MONTH:    APRIL
                                          YEAR:     2018
                                          LATITUDE:   40 30 N
                                          LONGITUDE: 107 32 W

[TEMPERATURE DATA]      [PRECIPITATION DATA]       SYMBOLS USED IN COLUMN 16

AVERAGE MONTHLY: 43.2   TOTAL FOR MONTH:   1.98    1 = FOG OR MIST
DPTR FM NORMAL:   1.4   DPTR FM NORMAL:    0.72    2 = FOG REDUCING VISIBILITY
HIGHEST:    73 ON 11    GRTST 24HR  0.54 ON  6- 6      TO 1/4 MILE OR LESS
LOWEST:     13 ON  3                               3 = THUNDER
                        SNOW, ICE PELLETS, HAIL    4 = ICE PELLETS
                        TOTAL MONTH:    M          5 = HAIL
                        GRTST 24HR    M  ON   M    6 = FREEZING RAIN OR DRIZZLE
                        GRTST DEPTH:  M  ON   M    7 = DUSTSTORM OR SANDSTORM:
                                                       VSBY 1/2 MILE OR LESS
                                                   8 = SMOKE OR HAZE
[NO. OF DAYS WITH]      [WEATHER - DAYS WITH]      9 = BLOWING SNOW
                                                   X = TORNADO
MAX 32 OR BELOW:   0    0.01 INCH OR MORE:   8
MAX 90 OR ABOVE:   0    0.10 INCH OR MORE:   5
MIN 32 OR BELOW:  17    0.50 INCH OR MORE:   1
MIN  0 OR BELOW:   0    1.00 INCH OR MORE:   0

[HDD (BASE 65) ]
TOTAL THIS MO.   518    CLEAR  (SCALE 0-3)  10
DPTR FM NORMAL   -38    PTCLDY (SCALE 4-7)   9
TOTAL FM JUL 1  6941    CLOUDY (SCALE 8-10)  5
DPTR FM NORMAL  -953

[CDD (BASE 65) ]
TOTAL THIS MO.     0
DPTR FM NORMAL     0    [PRESSURE DATA]
TOTAL FM JAN 1     0    HIGHEST SLP M ON M
DPTR FM NORMAL     0    LOWEST  SLP 29.13 ON 12

[REMARKS]
