000
CXUS53 KARX 180930
CF6CCY
PRELIMINARY LOCAL CLIMATOLOGICAL DATA (WS FORM: F-6)

                                          STATION:   CHARLES_CITY IA
                                          MONTH:     JUNE
                                          YEAR:      2018
                                          LATITUDE:   43  4 N
                                          LONGITUDE:  92 37 W

  TEMPERATURE IN F:       :PCPN:    SNOW:  WIND      :SUNSHINE: SKY     :PK WND
================================================================================
1   2   3   4   5  6A  6B    7    8   9   10  11  12  13   14  15   16   17  18
                                     12Z  AVG MX 2MIN
DY MAX MIN AVG DEP HDD CDD  WTR  SNW DPTH SPD SPD DIR MIN PSBL S-S WX    SPD DR
================================================================================

 1  90  66  78  14   0  13 0.00  0.0    0  7.5 21 100   M    M   1        27 100
 2  75  59  67   2   0   2 0.12  0.0    0 12.7 22 310   M    M   4        35 120
 3  73  55  64  -1   1   0 0.00  0.0    0 16.8 27 300   M    M   0        37 310
 4  86  50  68   3   0   3 0.00  0.0    0 11.4 22 250   M    M   0        30 250
 5  90  64  77  11   0  12 0.00  0.0    0 10.0 14 120   M    M   1        23  80
 6  86  59  73   7   0   8 0.01  0.0    0  9.3 18 140   M    M   1        25 140
 7  84  63  74   8   0   9 0.80  0.0    0  6.6 13  90   M    M   2 3      12  99
 8  73  61  67   1   0   2 1.92  0.0    0 13.5 18  90   M    M   5 3      27 360
 9  84  64  74   7   0   9 1.63  0.0    0 11.6 18 110   M    M   5 13     27 130
10  73  63  68   1   0   3 0.13  0.0    0 12.6 18  90   M    M   9        28  70
11  73  63  68   0   0   3 0.00  0.0    0 14.0 22 120   M    M   9 1      28 110
12  75  66  71   3   0   6 1.12  0.0    0  4.6 15 140   M    M   9 1      16 130
13  77  57  67  -1   0   2 0.00  0.0    0  6.9 16 320   M    M   1        15 310
14  72  59  66  -2   0   1 0.14  0.0    0 11.0 30 160   M    M   3        37 160
15  91  64  78   9   0  13 0.00  0.0    0 14.5 22 180   M    M   0        27 180
16  90  73  82  13   0  17 0.00  0.0    0 13.1 20 190   M    M   1        28 180
17  93  73  83  14   0  18 0.04  0.0    0 12.1 20 210   M    M   2        30 210
================================================================================
SM 1385 1059         1 121  5.91     0.0 188.2          M       53
================================================================================
AV 81.5 62.3                              11.1 FASTST   M    M   3    MAX(MPH)
                                 MISC ---->  # 30 160               # 37  310
================================================================================
NOTES:
# LAST OF SEVERAL OCCURRENCES

COLUMN 17 PEAK WIND IN M.P.H.

PRELIMINARY LOCAL CLIMATOLOGICAL DATA (WS FORM: F-6) , PAGE 2

                                          STATION:  CHARLES_CITY IA
                                          MONTH:    JUNE
                                          YEAR:     2018
                                          LATITUDE:   43  4 N
                                          LONGITUDE:  92 37 W

[TEMPERATURE DATA]      [PRECIPITATION DATA]       SYMBOLS USED IN COLUMN 16

AVERAGE MONTHLY: 71.9   TOTAL FOR MONTH:   5.91    1 = FOG OR MIST
DPTR FM NORMAL:   5.1   DPTR FM NORMAL:    2.96    2 = FOG REDUCING VISIBILITY
HIGHEST:    93 ON 17    GRTST 24HR  1.92 ON  8- 8      TO 1/4 MILE OR LESS
LOWEST:     50 ON  4                               3 = THUNDER
                        SNOW, ICE PELLETS, HAIL    4 = ICE PELLETS
                        TOTAL MONTH:   0.0 INCH    5 = HAIL
                        GRTST 24HR     0.0         6 = FREEZING RAIN OR DRIZZLE
                        GRTST DEPTH:   0           7 = DUSTSTORM OR SANDSTORM:
                                                       VSBY 1/2 MILE OR LESS
                                                   8 = SMOKE OR HAZE
[NO. OF DAYS WITH]      [WEATHER - DAYS WITH]      9 = BLOWING SNOW
                                                   X = TORNADO
MAX 32 OR BELOW:   0    0.01 INCH OR MORE:   9
MAX 90 OR ABOVE:   5    0.10 INCH OR MORE:   7
MIN 32 OR BELOW:   0    0.50 INCH OR MORE:   4
MIN  0 OR BELOW:   0    1.00 INCH OR MORE:   3

[HDD (BASE 65) ]
TOTAL THIS MO.     1    CLEAR  (SCALE 0-3)  10
DPTR FM NORMAL   -31    PTCLDY (SCALE 4-7)   4
TOTAL FM JUL 1  6863    CLOUDY (SCALE 8-10)  3
DPTR FM NORMAL  -480

[CDD (BASE 65) ]
TOTAL THIS MO.   121
DPTR FM NORMAL    58    [PRESSURE DATA]
TOTAL FM JAN 1   256    HIGHEST SLP M ON M
DPTR FM NORMAL   153    LOWEST  SLP M ON M

[REMARKS]
