890
CXUS55 KEAX 250736
CF6CDJ
PRELIMINARY LOCAL CLIMATOLOGICAL DATA (WS FORM: F-6)

                                          STATION:   CHILLICOTHE
                                          MONTH:     MAY
                                          YEAR:      2018
                                          LATITUDE:   39 49 N
                                          LONGITUDE:  93 35 W

  TEMPERATURE IN F:       :PCPN:    SNOW:  WIND      :SUNSHINE: SKY     :PK WND
================================================================================
1   2   3   4   5  6A  6B    7    8   9   10  11  12  13   14  15   16   17  18
                                     12Z  AVG MX 2MIN
DY MAX MIN AVG DEP HDD CDD  WTR  SNW DPTH SPD SPD DIR MIN PSBL S-S WX    SPD DR
================================================================================

 1  80  63  72  14   0   7 0.01  0.0    0 11.7 23 180   M    M   0        36 180
 2  82  61  72  13   0   7 0.94  0.0    0  8.6 20 180   M    M   0        31 210
 3  77  56  67   8   0   2 0.11  0.0    0  8.0 21 190   M    M   0        31 180
 4  80  54  67   8   0   2 0.00  0.0    0  4.6 14 320   M    M   0        23 300
 5  85  47  66   6   0   1 0.00  0.0    0  2.6  9 250   M    M   0        18 290
 6  88  55  72  12   0   7 0.00  0.0    0  3.6 12 310   M    M   0        17 330
 7  82  56  69   9   0   4 0.00  0.0    0  4.9 13 120   M    M   0        19  90
 8  85  62  74  14   0   9 0.60  0.0    0  9.4 23 180   M    M   0        36 180
 9  84  60  72  11   0   7 0.00  0.0    0  3.9 16 310   M    M   0        26 310
10  88  57  73  12   0   8 0.00  0.0    0  2.3  8 120   M    M   0        11  50
11  84  64  74  13   0   9 0.02  0.0    0  5.6 21 190   M    M   0 3      38 200
12  83  62  73  11   0   8 0.00  0.0    0  5.0 17 200   M    M   0        26  90
13  90  64  77  15   0  12 0.00  0.0    0  6.2 15 190   M    M   0        26 170
14  88  65  77  15   0  12 0.33  0.0    0  4.3 13 110   M    M   0        21  80
15  78  64  71   8   0   6 0.02  0.0    0  2.4  8 310   M    M   0        14 330
16  82  62  72   9   0   7 0.00  0.0    0  3.5 10  70   M    M   0        17 100
17  86  61  74  11   0   9 0.00  0.0    0  2.8 13 110   M    M   0        20 120
18  86  57  72   8   0   7 0.00  0.0    0  3.8 14 110   M    M   0        24 120
19  83  62  73   9   0   8 0.00  0.0    0  2.1 10 190   M    M   0        16 180
20  77  64  71   7   0   6 0.11  0.0    0  2.2 13 200   M    M   0 3      18 200
21  74  58  66   1   0   1 0.01  0.0    0  2.9 13 310   M    M   0 1      20 320
22  85  54  70   5   0   5 0.00    M    M  2.1 14 190   M    M   0        20 190
23  90  63  77  12   0  12 0.00    M    M  4.1 14 110   M    M   0        21 150
24  88  63  76  10   0  11 0.00    M    M  5.2 13 190   M    M   0        22 140
================================================================================
SM 2005 1434         0 167  2.15     0.0 111.8          M        0
================================================================================
AV 83.5 59.8                               4.7 FASTST   M    M   0    MAX(MPH)
                                 MISC ---->  # 23 180               # 38  200
================================================================================
NOTES:
# LAST OF SEVERAL OCCURRENCES

COLUMN 17 PEAK WIND IN M.P.H.

PRELIMINARY LOCAL CLIMATOLOGICAL DATA (WS FORM: F-6) , PAGE 2

                                          STATION:  CHILLICOTHE
                                          MONTH:    MAY
                                          YEAR:     2018
                                          LATITUDE:   39 49 N
                                          LONGITUDE:  93 35 W

[TEMPERATURE DATA]      [PRECIPITATION DATA]       SYMBOLS USED IN COLUMN 16

AVERAGE MONTHLY: 71.7   TOTAL FOR MONTH:   2.15    1 = FOG OR MIST
DPTR FM NORMAL:   9.7   DPTR FM NORMAL:   -1.64    2 = FOG REDUCING VISIBILITY
HIGHEST:    90 ON 23,13 GRTST 24HR  0.94 ON  2- 2      TO 1/4 MILE OR LESS
LOWEST:     47 ON  5                               3 = THUNDER
                        SNOW, ICE PELLETS, HAIL    4 = ICE PELLETS
                        TOTAL MONTH:   0.0 INCH    5 = HAIL
                        GRTST 24HR     0.0         6 = FREEZING RAIN OR DRIZZLE
                        GRTST DEPTH:   0           7 = DUSTSTORM OR SANDSTORM:
                                                       VSBY 1/2 MILE OR LESS
                                                   8 = SMOKE OR HAZE
[NO. OF DAYS WITH]      [WEATHER - DAYS WITH]      9 = BLOWING SNOW
                                                   X = TORNADO
MAX 32 OR BELOW:   0    0.01 INCH OR MORE:   9
MAX 90 OR ABOVE:   2    0.10 INCH OR MORE:   5
MIN 32 OR BELOW:   0    0.50 INCH OR MORE:   2
MIN  0 OR BELOW:   0    1.00 INCH OR MORE:   0

[HDD (BASE 65) ]
TOTAL THIS MO.     0    CLEAR  (SCALE 0-3)  24
DPTR FM NORMAL  -113    PTCLDY (SCALE 4-7)   0
TOTAL FM JUL 1  5359    CLOUDY (SCALE 8-10)  0
DPTR FM NORMAL  -125

[CDD (BASE 65) ]
TOTAL THIS MO.   167
DPTR FM NORMAL   128    [PRESSURE DATA]
TOTAL FM JAN 1   176    HIGHEST SLP  0.00 ON 24
DPTR FM NORMAL   123    LOWEST  SLP  0.00 ON 24

[REMARKS]
