237
CXUS54 KLUB 230755
CF6CDS
PRELIMINARY LOCAL CLIMATOLOGICAL DATA (WS FORM: F-6)

                                          STATION:   CHILDRESS
                                          MONTH:     APRIL
                                          YEAR:      2018
                                          LATITUDE:   34 25 N
                                          LONGITUDE: 100 17 W

  TEMPERATURE IN F:       :PCPN:    SNOW:  WIND      :SUNSHINE: SKY     :PK WND
================================================================================
1   2   3   4   5  6A  6B    7    8   9   10  11  12  13   14  15   16   17  18
                                     12Z  AVG MX 2MIN
DY MAX MIN AVG DEP HDD CDD  WTR  SNW DPTH SPD SPD DIR MIN PSBL S-S WX    SPD DR
================================================================================

 1  53  37  45 -13  20   0 0.00  0.0    0 12.6 23  20   M    M   8        29  50
 2  73  35  54  -4  11   0 0.00  0.0    0 12.2 25 180   M    M   5        31 190
 3  63  41  52  -7  13   0 0.00  0.0    0 19.4 38  10   M    M   0        47 350
 4  64  32  48 -11  17   0 0.00  0.0    0 12.6 26 190   M    M   0        34 150
 5  82  45  64   5   1   0 0.00  0.0    0  8.1 15 170   M    M   0 8      20  80
 6  68  34  51  -9  14   0 0.00  0.0    0 16.3 29  20   M    M   5        38  30
 7  49  26  38 -22  27   0    T    T    0 13.0 24  10   M    M   7        29  10
 8  66  30  48 -12  17   0 0.00  0.0    0  9.9 20 190   M    M   1        26 190
 9  73  36  55  -5  10   0 0.00  0.0    0  8.3 25  20   M    M   0        32  20
10  76  37  57  -4   8   0 0.00  0.0    0  8.2 21 210   M    M   0        27 180
11  97  52  75  14   0  10 0.00  0.0    0 18.9 33 210   M    M   0        40 200
12 102  63  83  22   0  18 0.00  0.0    0 19.7 40 230   M    M   0 8      47 230
13  79  47  63   1   2   0 0.00  0.0    0 26.4 44 280   M    M   0 8      51 270
14  63  39  51 -11  14   0 0.00  0.0    0 28.0 43 320   M    M   0        52 330
15  71  32  52 -10  13   0 0.00  0.0    0  8.1 17 350   M    M   0        24 330
16  94  41  68   6   0   3 0.00  0.0    0 13.8 29 210   M    M   0        36 220
17  96  64  80  17   0  15 0.00  0.0    0 18.8 37  10   M    M   0 8      45 360
18  74  50  62  -1   3   0 0.00  0.0    0 15.8 37  10   M    M   1 8      41 360
19  72  39  56  -7   9   0 0.00  0.0    0  8.8 21 130   M    M   0        25 130
20  68  43  56  -8   9   0    T  0.0    0 18.5 31 140   M    M   6 8      39 140
21  61  50  56  -8   9   0 0.03  0.0    0 12.2 22 360   M    M   9 13     27 360
22  68  43  56  -8   9   0 0.00  0.0    0 12.6 24 350   M    M   3        32 350
================================================================================
SM 1612  916       206  46  0.03    T    322.2          M       45
================================================================================
AV 73.3 41.6                              14.6 FASTST   M    M   2    MAX(MPH)
                                 MISC ---->  # 44 280               # 52  330
================================================================================
NOTES:
# LAST OF SEVERAL OCCURRENCES

COLUMN 17 PEAK WIND IN M.P.H.

PRELIMINARY LOCAL CLIMATOLOGICAL DATA (WS FORM: F-6) , PAGE 2

                                          STATION:  CHILDRESS
                                          MONTH:    APRIL
                                          YEAR:     2018
                                          LATITUDE:   34 25 N
                                          LONGITUDE: 100 17 W

[TEMPERATURE DATA]      [PRECIPITATION DATA]       SYMBOLS USED IN COLUMN 16

AVERAGE MONTHLY: 57.5   TOTAL FOR MONTH:   0.03    1 = FOG OR MIST
DPTR FM NORMAL:  -3.7   DPTR FM NORMAL:   -1.40    2 = FOG REDUCING VISIBILITY
HIGHEST:   102 ON 12    GRTST 24HR  0.03 ON 21-21      TO 1/4 MILE OR LESS
LOWEST:     26 ON  7                               3 = THUNDER
                        SNOW, ICE PELLETS, HAIL    4 = ICE PELLETS
                        TOTAL MONTH:    T          5 = HAIL
                        GRTST 24HR    T  ON  7- 7  6 = FREEZING RAIN OR DRIZZLE
                        GRTST DEPTH:   0           7 = DUSTSTORM OR SANDSTORM:
                                                       VSBY 1/2 MILE OR LESS
                                                   8 = SMOKE OR HAZE
[NO. OF DAYS WITH]      [WEATHER - DAYS WITH]      9 = BLOWING SNOW
                                                   X = TORNADO
MAX 32 OR BELOW:   0    0.01 INCH OR MORE:   1
MAX 90 OR ABOVE:   4    0.10 INCH OR MORE:   0
MIN 32 OR BELOW:   4    0.50 INCH OR MORE:   0
MIN  0 OR BELOW:   0    1.00 INCH OR MORE:   0

[HDD (BASE 65) ]
TOTAL THIS MO.   206    CLEAR  (SCALE 0-3)  16
DPTR FM NORMAL    76    PTCLDY (SCALE 4-7)   5
TOTAL FM JUL 1  2909    CLOUDY (SCALE 8-10)  1
DPTR FM NORMAL  -156

[CDD (BASE 65) ]
TOTAL THIS MO.    46
DPTR FM NORMAL     2    [PRESSURE DATA]
TOTAL FM JAN 1    86    HIGHEST SLP M ON M
DPTR FM NORMAL    23    LOWEST  SLP 29.36 ON M

[REMARKS]
