000
CXUS55 KOHX 241010
CF6CKV
PRELIMINARY LOCAL CLIMATOLOGICAL DATA (WS FORM: F-6)

                                          STATION:   CLARKSVILLE
                                          MONTH:     APRIL
                                          YEAR:      2018
                                          LATITUDE:   36 37 N
                                          LONGITUDE:  87 25 W

  TEMPERATURE IN F:       :PCPN:    SNOW:  WIND      :SUNSHINE: SKY     :PK WND
================================================================================
1   2   3   4   5  6A  6B    7    8   9   10  11  12  13   14  15   16   17  18
                                     12Z  AVG MX 2MIN
DY MAX MIN AVG DEP HDD CDD  WTR  SNW DPTH SPD SPD DIR MIN PSBL S-S WX    SPD DR
================================================================================

 1  55  41  48  -5  17   0 0.21    M    M  8.0 17  20   M    M  10 1      22  10
 2  51  41  46  -8  19   0 0.16    M    M  6.9 12  70   M    M  10 1      14  80
 3  79  45  62   8   3   0 0.32    M    M 15.0 30 210   M    M   4 3      39 220
 4  49  33  41 -13  24   0    T    M    M 11.0 22 320   M    M   2        30 320
 5  57  29  43 -11  22   0 0.00    M    M  4.4 12 180   M    M   0        16 180
 6  62  38  50  -5  15   0 0.03    M    M  8.2 24  10   M    M   6 1      31  10
 7  43  29  36 -19  29   0 0.01    M    M 12.7 22 360   M    M   7 1      32 350
 8  44  28  36 -19  29   0 0.00    M    M  5.9 14  80   M    M   4        18  60
 9  58  34  46 -10  19   0 0.00    M    M  4.7 15 310   M    M   2        19 310
10  53  33  43 -13  22   0 0.00  0.0    0  6.9 15 340   M    M   7        19 330
11  67  30  49  -7  16   0 0.00  0.0    0  6.4 18 190   M    M   0 18     22 200
12  80  54  67  11   0   2 0.00  0.0    0 16.4 28 200   M    M   0        35 200
13  81  63  72  15   0   7 0.00  0.0    0 16.6 29 200   M    M   0        37 190
14  71  52  62   5   3   0 0.97  0.0    0  9.5 35 320   M    M   7 138    46 320
15  51  37  44 -13  21   0 0.49    M    0 10.9 20 280   M    M  10 1      25 280
16  43  31  37 -21  28   0    T    M    0 10.2 22 280   M    M   8 1      29 300
17  76  29  53  -5  12   0 0.00  0.0    0  3.8 17 250   M    M   0        22 230
18  78  49  64   6   1   0 0.00  0.0    0 14.0 31 330   M    M   3        39 340
19  51  34  43 -15  22   0 0.00  0.0    0 11.6 20 330   M    M   6        30 330
20  64  34  49 -10  16   0 0.00  0.0    0  6.8 13  70   M    M   0        18  80
21  73  42  58  -1   7   0 0.00  0.0    0  7.1 16  90   M    M   0        20  90
22  60  54  57  -3   8   0 1.84  0.0    0 11.7 26  90   0    0   8 1      36  80
23  68  54  61   1   4   0 0.58    M    M  8.8 26 110   M    M   8 138    34 120
================================================================================
SM 1414  914       337   9  4.61     0.0 217.5            0    102
================================================================================
AV 61.5 39.7                               9.5 FASTST    0   0   4    MAX(MPH)
                                 MISC ---->  # 35 320               # 46  320
================================================================================
NOTES:
# LAST OF SEVERAL OCCURRENCES

COLUMN 17 PEAK WIND IN M.P.H.

PRELIMINARY LOCAL CLIMATOLOGICAL DATA (WS FORM: F-6) , PAGE 2

                                          STATION:  CLARKSVILLE
                                          MONTH:    APRIL
                                          YEAR:     2018
                                          LATITUDE:   36 37 N
                                          LONGITUDE:  87 25 W

[TEMPERATURE DATA]      [PRECIPITATION DATA]       SYMBOLS USED IN COLUMN 16

AVERAGE MONTHLY: 50.6   TOTAL FOR MONTH:   4.61    1 = FOG OR MIST
DPTR FM NORMAL:  -5.9   DPTR FM NORMAL:    1.45    2 = FOG REDUCING VISIBILITY
HIGHEST:    81 ON 13    GRTST 24HR  1.84 ON 22-22      TO 1/4 MILE OR LESS
LOWEST:     28 ON  8                               3 = THUNDER
                        SNOW, ICE PELLETS, HAIL    4 = ICE PELLETS
                        TOTAL MONTH:   0.0 INCH    5 = HAIL
                        GRTST 24HR     0.0         6 = FREEZING RAIN OR DRIZZLE
                        GRTST DEPTH:   0           7 = DUSTSTORM OR SANDSTORM:
                                                       VSBY 1/2 MILE OR LESS
                                                   8 = SMOKE OR HAZE
[NO. OF DAYS WITH]      [WEATHER - DAYS WITH]      9 = BLOWING SNOW
                                                   X = TORNADO
MAX 32 OR BELOW:   0    0.01 INCH OR MORE:   9
MAX 90 OR ABOVE:   0    0.10 INCH OR MORE:   7
MIN 32 OR BELOW:   6    0.50 INCH OR MORE:   3
MIN  0 OR BELOW:   0    1.00 INCH OR MORE:   1

[HDD (BASE 65) ]
TOTAL THIS MO.   337    CLEAR  (SCALE 0-3)  10
DPTR FM NORMAL   121    PTCLDY (SCALE 4-7)   8
TOTAL FM JUL 1  3904    CLOUDY (SCALE 8-10)  5
DPTR FM NORMAL    -6

[CDD (BASE 65) ]
TOTAL THIS MO.     9
DPTR FM NORMAL   -14    [PRESSURE DATA]
TOTAL FM JAN 1    23    HIGHEST SLP  0.00 ON 22
DPTR FM NORMAL    -8    LOWEST  SLP 29.65 ON 15

[REMARKS]
