000
CXUS55 KCAE 231400
CF6CUB
PRELIMINARY LOCAL CLIMATOLOGICAL DATA (WS FORM: F-6)

                                          STATION:   HAMILTON - OWENS AIRPORT SC
                                          MONTH:     APRIL
                                          YEAR:      2018
                                          LATITUDE:   33 58 N
                                          LONGITUDE:  80 59 W

  TEMPERATURE IN F:       :PCPN:    SNOW:  WIND      :SUNSHINE: SKY     :PK WND
================================================================================
1   2   3   4   5  6A  6B    7    8   9   10  11  12  13   14  15   16   17  18
                                     12Z  AVG MX 2MIN
DY MAX MIN AVG DEP HDD CDD  WTR  SNW DPTH SPD SPD DIR MIN PSBL S-S WX    SPD DR
================================================================================

 1  80  44  62   1   3   0 0.00    M    M  2.5 12 200   M    M   0        15 200
 2  84  53  69   8   0   4 0.00    M    M  4.5 16 230   M    M   0        21 230
 3  86  56  71   9   0   6 0.00    M    M  5.7 16 190   M    M   1 1      22 220
 4  78  54  66   4   0   1 0.01    M    M 10.0 21 320   M    M   1        32 300
 5  67  40  54  -8  11   0 0.00    M    M  2.1  9  50   M    M   0        14 140
 6  78  43  61  -1   4   0 0.00    M    M  6.1 16 210   M    M   1        28 190
 7  67  44  56  -6   9   0 0.09    M    M  3.8 13  40   M    M   8 1      24  30
 8  59  40  50 -13  15   0    T    M    M  3.6 12  70   M    M   5 1      21  40
 9  55  47  51 -12  14   0 0.02    M    M  2.1  7  60   M    M   9 18     11  50
10  67  49  58  -5   7   0 0.00    M    M  2.2 13  70   M    M   3        19  60
11  68  46  57  -6   8   0 0.00    M    M  1.2 10 160   M    M   3        14 170
12  77  46  62  -2   3   0 0.00    M    M  5.3 14 170   M    M   0 1      21 170
13  82  51  67   3   0   2 0.00    M    M  6.2 16 190   M    M   2        22 190
14  85  60  73   9   0   8 0.00    M    M  7.2 15 190   M    M   4        21 240
15  81  54  68   4   0   3 0.76  0.0    0 11.3 29 240   M    M   8 13     40 230
16  58  45  52 -12  13   0 0.00    M    M 16.3 26 270   M    M   3        33 270
17  73  36  55 -10  10   0 0.00    M    M  6.8 18 250   M    M   0        25 270
18  87  51  69   4   0   4 0.00    M    M  9.0 23 280   M    M   0        30 260
19  81  54  68   3   0   3 0.00    M    M 11.3 24 270   M    M   0        34 240
20  70  44  57  -8   8   0 0.00    M    M  3.3 14  70   M    M   0        22  20
21  74  42  58  -8   7   0 0.00    M    M  2.8 13 160   M    M   0        19 120
22  73  54  64  -2   1   0 0.04    M    M  3.1 12 160   M    M   8        17 150
================================================================================
SM 1630 1053       113  31  0.92     0.0 126.4          M       56
================================================================================
AV 74.1 47.9                               5.7 FASTST   M    M   3    MAX(MPH)
                                 MISC ---->  # 29 240               # 40  230
================================================================================
NOTES:
# LAST OF SEVERAL OCCURRENCES

COLUMN 17 PEAK WIND IN M.P.H.

PRELIMINARY LOCAL CLIMATOLOGICAL DATA (WS FORM: F-6) , PAGE 2

                                          STATION:  HAMILTON - OWENS AIRPORT SC
                                          MONTH:    APRIL
                                          YEAR:     2018
                                          LATITUDE:   33 58 N
                                          LONGITUDE:  80 59 W

[TEMPERATURE DATA]      [PRECIPITATION DATA]       SYMBOLS USED IN COLUMN 16

AVERAGE MONTHLY: 61.0   TOTAL FOR MONTH:   0.92    1 = FOG OR MIST
DPTR FM NORMAL:  -2.5   DPTR FM NORMAL:   -1.15    2 = FOG REDUCING VISIBILITY
HIGHEST:    87 ON 18    GRTST 24HR  0.76 ON 15-15      TO 1/4 MILE OR LESS
LOWEST:     36 ON 17                               3 = THUNDER
                        SNOW, ICE PELLETS, HAIL    4 = ICE PELLETS
                        TOTAL MONTH:   0.0 INCH    5 = HAIL
                        GRTST 24HR     0.0         6 = FREEZING RAIN OR DRIZZLE
                        GRTST DEPTH:   0           7 = DUSTSTORM OR SANDSTORM:
                                                       VSBY 1/2 MILE OR LESS
                                                   8 = SMOKE OR HAZE
[NO. OF DAYS WITH]      [WEATHER - DAYS WITH]      9 = BLOWING SNOW
                                                   X = TORNADO
MAX 32 OR BELOW:   0    0.01 INCH OR MORE:   5
MAX 90 OR ABOVE:   0    0.10 INCH OR MORE:   1
MIN 32 OR BELOW:   0    0.50 INCH OR MORE:   1
MIN  0 OR BELOW:   0    1.00 INCH OR MORE:   0

[HDD (BASE 65) ]
TOTAL THIS MO.   113    CLEAR  (SCALE 0-3)  14
DPTR FM NORMAL    29    PTCLDY (SCALE 4-7)   7
TOTAL FM JUL 1  2143    CLOUDY (SCALE 8-10)  1
DPTR FM NORMAL  -144

[CDD (BASE 65) ]
TOTAL THIS MO.    31
DPTR FM NORMAL   -22    [PRESSURE DATA]
TOTAL FM JAN 1    91    HIGHEST SLP M ON M
DPTR FM NORMAL    20    LOWEST  SLP 29.62 ON 15

[REMARKS]
