000
CXUS55 KALY 280710
CF6DDH
PRELIMINARY LOCAL CLIMATOLOGICAL DATA (WS FORM: F-6)
STATION: BENNINGTON VT
MONTH: MARCH
YEAR: 2024
LATITUDE: 42 53 N
LONGITUDE: 73 15 W
TEMPERATURE IN F: :PCPN: SNOW: WIND :SUNSHINE: SKY :PK WND
================================================================================
1 2 3 4 5 6A 6B 7 8 9 10 11 12 13 14 15 16 17 18
12Z AVG MX 2MIN
DY MAX MIN AVG DEP HDD CDD WTR SNW DPTH SPD SPD DIR MIN PSBL S-S WX SPD DR
================================================================================
1 45 18 32 4 33 0 0.00 M M 4.2 13 220 M M 4 20 310
2 49 37 43 14 22 0 0.48 M M 4.6 15 170 M M 8 1 23 180
3 48 33 41 12 24 0 0.00 M M 2.8 13 330 M M 9 12 20 340
4 56 32 44 15 21 0 0.00 M M 6.1 17 150 M M 9 12 24 150
5 47 41 44 14 21 0 0.53 M M 4.0 12 110 M M 7 18 18 100
6 57 41 49 19 16 0 0.56 M M 2.2 13 10 M M 9 12 19 20
7 49 31 40 10 25 0 0.89 M M 4.6 13 330 M M 8 1 23 340
8 55 25 40 9 25 0 0.00 M M 3.7 18 130 M M 0 23 110
9 44 36 40 9 25 0 0.63 M M 10.7 24 130 M M 6 1 38 130
10 40 29 35 4 30 0 0.30 M M 8.6 25 120 M M 10 1 42 110
11 41 26 34 2 31 0 0.02 M M 13.3 23 290 M M 7 1 42 300
12 55 31 43 11 22 0 0.00 M M 6.7 18 330 M M 1 30 330
13 65 27 46 14 19 0 T M M 1.9 9 130 M M 4 14 220
14 65 32 49 17 16 0 T M M 3.7 16 130 M M 2 24 140
15 54 33 44 11 21 0 0.26 M M 4.5 16 110 M M 9 1 24 70
16 53 32 43 10 22 0 T M M 3.8 14 210 M M 7 12 21 250
17 51 37 44 10 21 0 0.14 M M 7.4 22 280 M M 8 36 320
18 38 32 35 1 30 0 T M M 7.7 21 280 M M 9 8 32 280
19 39 29 34 0 31 0 0.03 M M 6.9 16 220 M M 10 12 26 260
20 48 26 37 2 28 0 0.05 M M 7.3 25 270 M M 9 123 39 270
21 30 21 26 -9 39 0 T M M 12.6 21 280 M M 8 36 320
22 31 17 24 -11 41 0 0.03 M M 3.9 14 280 M M 6 1 23 270
23 36 22 29 -7 36 0 2.08 M M 5.6 18 320 M M 10 126 30 340
24 34 14 24 -12 41 0 0.00 M M 5.1 16 330 M M 1 24 310
25 42 15 29 -8 36 0 0.00 M M 7.9 17 140 M M 0 26 110
26 54 26 40 3 25 0 0.00 M M 4.7 17 130 M M 7 25 110
27 49 39 44 7 21 0 0.21 M M 3.4 15 110 M M 10 1 22 110
================================================================================
SM 1275 782 722 0 6.21 M 157.9 M 178
================================================================================
AV 47.2 29.0 5.8 FASTST M M 7 MAX(MPH)
MISC ----> # 25 120 # 42 110
================================================================================
NOTES:
# LAST OF SEVERAL OCCURRENCES
COLUMN 17 PEAK WIND IN M.P.H.
PRELIMINARY LOCAL CLIMATOLOGICAL DATA (WS FORM: F-6) , PAGE 2
STATION: BENNINGTON VT
MONTH: MARCH
YEAR: 2024
LATITUDE: 42 53 N
LONGITUDE: 73 15 W
[TEMPERATURE DATA] [PRECIPITATION DATA] SYMBOLS USED IN COLUMN 16
AVERAGE MONTHLY: 38.1 TOTAL FOR MONTH: 6.21 1 = FOG OR MIST
DPTR FM NORMAL: 5.4 DPTR FM NORMAL: 3.91 2 = FOG REDUCING VISIBILITY
HIGHEST: 65 ON 14,13 GRTST 24HR 2.11 ON 22-23 TO 1/4 MILE OR LESS
LOWEST: 14 ON 24 3 = THUNDER
SNOW, ICE PELLETS, HAIL 4 = ICE PELLETS
TOTAL MONTH: M 5 = HAIL
GRTST 24HR M ON M 6 = FREEZING RAIN OR DRIZZLE
GRTST DEPTH: M ON M 7 = DUSTSTORM OR SANDSTORM:
VSBY 1/2 MILE OR LESS
8 = SMOKE OR HAZE
[NO. OF DAYS WITH] [WEATHER - DAYS WITH] 9 = BLOWING SNOW
X = TORNADO
MAX 32 OR BELOW: 2 0.01 INCH OR MORE: 14
MAX 90 OR ABOVE: 0 0.10 INCH OR MORE: 10
MIN 32 OR BELOW: 19 0.50 INCH OR MORE: 5
MIN 0 OR BELOW: 0 1.00 INCH OR MORE: 1
[HDD (BASE 65) ]
TOTAL THIS MO. 722 CLEAR (SCALE 0-3) 5
DPTR FM NORMAL -151 PTCLDY (SCALE 4-7) 10
TOTAL FM JUL 1 5114 CLOUDY (SCALE 8-10) 12
DPTR FM NORMAL -838
[CDD (BASE 65) ]
TOTAL THIS MO. 0
DPTR FM NORMAL 0 [PRESSURE DATA]
TOTAL FM JAN 1 0 HIGHEST SLP M ON M
DPTR FM NORMAL 0 LOWEST SLP 29.32 ON 10
[REMARKS]