000
CXUS53 KDTX 210800
CF6DTW
PRELIMINARY LOCAL CLIMATOLOGICAL DATA (WS FORM: F-6)

                                          STATION:   DETROIT MI
                                          MONTH:     MAY
                                          YEAR:      2018
                                          LATITUDE:   42 13 N
                                          LONGITUDE:  83 20 W

  TEMPERATURE IN F:       :PCPN:    SNOW:  WIND      :SUNSHINE: SKY     :PK WND
================================================================================
1   2   3   4   5  6A  6B    7    8   9   10  11  12  13   14  15   16   17  18
                                     12Z  AVG MX 2MIN
DY MAX MIN AVG DEP HDD CDD  WTR  SNW DPTH SPD SPD DIR MIN PSBL S-S WX    SPD DR
================================================================================

 1  85  50  68  13   0   3 0.00  0.0    0 12.8 29 230   M    M   4        36 220
 2  85  59  72  17   0   7 0.46  0.0    0 15.8 32 220   M    M   9 13     46 210
 3  74  56  65   9   0   0 0.52  0.0    0 10.0 26 230   M    M   9 138    31 220
 4  78  55  67  11   0   2 0.06  0.0    0 18.3 45 250   M    M   7 13     61 250
 5  79  52  66  10   0   1 0.00  0.0    0  9.9 18 240   M    M   6        24 200
 6  78  52  65   9   0   0 0.19  0.0    0  6.7 22  30   M    M   8 38     29  20
 7  68  46  57   0   8   0 0.00  0.0    0  5.3 14 110   M    M   1        20 130
 8  75  46  61   4   4   0 0.00  0.0    0  4.8 12 170   M    M   2         M  M
 9  81  52  67  10   0   2 0.21  0.0    0  9.3 18 180   M    M   9 3      24 160
10  72  51  62   4   3   0 0.14  0.0    0 12.6 21 310   M    M   8 3      27 290
11  51  43  47 -11  18   0 1.39  0.0    0  9.2 16  30   M    M  10 138    22  20
12  51  43  47 -11  18   0 1.32  0.0    0  6.9 17 140   M    M  10 138    22 130
13  63  45  54  -5  11   0 0.44  0.0    0  5.1 12  50   M    M  10 18     14  60
14  77  51  64   5   1   0 0.32  0.0    0  6.3 22 140   M    M   9 138    27 130
15  73  55  64   5   1   0 0.36  0.0    0  7.3 22 310   M    M   8 13     28 310
16  77  50  64   4   1   0 0.00  0.0    0  5.3 12 160   M    M   7         M  M
17  79  54  67   7   0   2 0.00  0.0    0  7.9 20  30   M    M   7 8      27  30
18  74  53  64   4   1   0    T  0.0    0 12.3 22  60   M    M   9        27  70
19  77  59  68   7   0   3 0.19  0.0    0  8.1 17 290   M    M  10 138    23 290
20  66  55  61   0   4   0    T  0.0    0  6.2 16 310   M    M  10 8      18 320
================================================================================
SM 1463 1027        70  20  5.60     0.0 180.1          M      153
================================================================================
AV 73.2 51.4                               9.0 FASTST   M    M   8    MAX(MPH)
                                 MISC ---->  # 45 250               # 61  250
================================================================================
NOTES:
# LAST OF SEVERAL OCCURRENCES

COLUMN 17 PEAK WIND IN M.P.H.

PRELIMINARY LOCAL CLIMATOLOGICAL DATA (WS FORM: F-6) , PAGE 2

                                          STATION:  DETROIT MI
                                          MONTH:    MAY
                                          YEAR:     2018
                                          LATITUDE:   42 13 N
                                          LONGITUDE:  83 20 W

[TEMPERATURE DATA]      [PRECIPITATION DATA]       SYMBOLS USED IN COLUMN 16

AVERAGE MONTHLY: 62.3   TOTAL FOR MONTH:   5.60    1 = FOG OR MIST
DPTR FM NORMAL:   4.3   DPTR FM NORMAL:    3.50    2 = FOG REDUCING VISIBILITY
HIGHEST:    85 ON  2, 1 GRTST 24HR  1.39 ON 11-11      TO 1/4 MILE OR LESS
LOWEST:     43 ON 12,11                            3 = THUNDER
                        SNOW, ICE PELLETS, HAIL    4 = ICE PELLETS
                        TOTAL MONTH:   0.0 INCH    5 = HAIL
                        GRTST 24HR     0.0         6 = FREEZING RAIN OR DRIZZLE
                        GRTST DEPTH:   0           7 = DUSTSTORM OR SANDSTORM:
                                                       VSBY 1/2 MILE OR LESS
                                                   8 = SMOKE OR HAZE
[NO. OF DAYS WITH]      [WEATHER - DAYS WITH]      9 = BLOWING SNOW
                                                   X = TORNADO
MAX 32 OR BELOW:   0    0.01 INCH OR MORE:  12
MAX 90 OR ABOVE:   0    0.10 INCH OR MORE:  11
MIN 32 OR BELOW:   0    0.50 INCH OR MORE:   3
MIN  0 OR BELOW:   0    1.00 INCH OR MORE:   2

[HDD (BASE 65) ]
TOTAL THIS MO.    70    CLEAR  (SCALE 0-3)   2
DPTR FM NORMAL   -91    PTCLDY (SCALE 4-7)   6
TOTAL FM JUL 1  6069    CLOUDY (SCALE 8-10) 12
DPTR FM NORMAL    14

[CDD (BASE 65) ]
TOTAL THIS MO.    20
DPTR FM NORMAL     4    [PRESSURE DATA]
TOTAL FM JAN 1    20    HIGHEST SLP M ON M
DPTR FM NORMAL    -2    LOWEST  SLP 29.56 ON  4

[REMARKS]
