000
CXUS53 KLMK 230800
CF6FFT
PRELIMINARY LOCAL CLIMATOLOGICAL DATA (WS FORM: F-6)

                                          STATION:   FRANKFORT KY
                                          MONTH:     MAY
                                          YEAR:      2018
                                          LATITUDE:   38 10 N
                                          LONGITUDE:  84 54 W

  TEMPERATURE IN F:       :PCPN:    SNOW:  WIND      :SUNSHINE: SKY     :PK WND
================================================================================
1   2   3   4   5  6A  6B    7    8   9   10  11  12  13   14  15   16   17  18
                                     12Z  AVG MX 2MIN
DY MAX MIN AVG DEP HDD CDD  WTR  SNW DPTH SPD SPD DIR MIN PSBL S-S WX    SPD DR
================================================================================

 1  81  40  61   1   4   0 0.00    M    M  5.7 18 220   M    M   0        26 190
 2  85  61  73  13   0   8 0.00    M    M 10.5 23 230   M    M   3        36 210
 3  84  67  76  16   0  11 0.00    M    M 10.1 28 230   M    M   4        39 220
 4  78  64  71  10   0   6 0.31    M    M 11.2 21 220   M    M   5 13     26 220
 5  67  60  64   3   1   0 1.25    M    M  4.3 12  30   M    M  10 12     19  20
 6  80  58  69   8   0   4 0.38    M    M  5.0 20 280   M    M   4 138    32 270
 7  74  51  63   2   2   0 0.00    M    M  4.3 10  10   M    M   4 18     16 350
 8  79  47  63   1   2   0 0.00    M    M  3.0  9 170   M    M   1        14 170
 9  84  51  68   6   0   3 0.00    M    M  9.6 18 190   M    M   1        29 210
10  85  66  76  14   0  11 0.04    M    M  8.5 18 290   M    M   3        27 310
11  86  60  73  11   0   8 0.00    M    M  8.6 21 220   M    M   0        27 250
12  87  65  76  13   0  11 0.00    M    M  7.8 18 210   M    M   1        26 240
13  87  64  76  13   0  11 0.00    M    M  7.3 17 230   M    M   2 8      24 230
14  90  64  77  14   0  12 0.00    M    M  5.2 13 200   M    M   1        20 190
15  90  70  80  16   0  15 0.00    M    M  4.7 15 330   M    M   2 3      22 320
16  81  65  73   9   0   8 0.93    M    M  3.7 25 320   M    M   4 13     41 300
17  81  63  72   8   0   7 0.00    M    M  5.9 15  70   M    M   6 1238   22  70
18  80  66  73   9   0   8 0.60    M    M  6.5 18 100   M    M   5 13     25 100
19  80  66  73   8   0   8 0.72    M    M  6.5 17 240   M    M   5 13     26 230
20  88  64  76  11   0  11 0.00    M    M  4.2 13 310   M    M   0 18     18 290
21  87  65  76  11   0  11 0.49    M    M  4.5 21 230   M    M   2 13     26 230
22  82  67  75   9   0  10 1.16    M    M  6.6 16 290   M    M   3 13     24 300
================================================================================
SM 1816 1344         9 163  5.88    M    143.7          M       66
================================================================================
AV 82.6 61.1                               6.5 FASTST   M    M   3    MAX(MPH)
                                 MISC ---->  # 28 230               # 41  300
================================================================================
NOTES:
# LAST OF SEVERAL OCCURRENCES

COLUMN 17 PEAK WIND IN M.P.H.

PRELIMINARY LOCAL CLIMATOLOGICAL DATA (WS FORM: F-6) , PAGE 2

                                          STATION:  FRANKFORT KY
                                          MONTH:    MAY
                                          YEAR:     2018
                                          LATITUDE:   38 10 N
                                          LONGITUDE:  84 54 W

[TEMPERATURE DATA]      [PRECIPITATION DATA]       SYMBOLS USED IN COLUMN 16

AVERAGE MONTHLY: 71.8   TOTAL FOR MONTH:   5.88    1 = FOG OR MIST
DPTR FM NORMAL:   9.2   DPTR FM NORMAL:    2.37    2 = FOG REDUCING VISIBILITY
HIGHEST:    90 ON 15,14 GRTST 24HR  1.25 ON  5- 5      TO 1/4 MILE OR LESS
LOWEST:     40 ON  1                               3 = THUNDER
                        SNOW, ICE PELLETS, HAIL    4 = ICE PELLETS
                        TOTAL MONTH:    M          5 = HAIL
                        GRTST 24HR    M  ON   M    6 = FREEZING RAIN OR DRIZZLE
                        GRTST DEPTH:  M  ON   M    7 = DUSTSTORM OR SANDSTORM:
                                                       VSBY 1/2 MILE OR LESS
                                                   8 = SMOKE OR HAZE
[NO. OF DAYS WITH]      [WEATHER - DAYS WITH]      9 = BLOWING SNOW
                                                   X = TORNADO
MAX 32 OR BELOW:   0    0.01 INCH OR MORE:   9
MAX 90 OR ABOVE:   2    0.10 INCH OR MORE:   8
MIN 32 OR BELOW:   0    0.50 INCH OR MORE:   5
MIN  0 OR BELOW:   0    1.00 INCH OR MORE:   2

[HDD (BASE 65) ]
TOTAL THIS MO.     9    CLEAR  (SCALE 0-3)  12
DPTR FM NORMAL   -86    PTCLDY (SCALE 4-7)   9
TOTAL FM JUL 1  4493    CLOUDY (SCALE 8-10)  1
DPTR FM NORMAL  -180

[CDD (BASE 65) ]
TOTAL THIS MO.   163
DPTR FM NORMAL   120    [PRESSURE DATA]
TOTAL FM JAN 1   183    HIGHEST SLP M ON M
DPTR FM NORMAL   120    LOWEST  SLP 29.84 ON 18

[REMARKS]
