000
CXUS56 KOTX 260900
CF6GEG
PRELIMINARY LOCAL CLIMATOLOGICAL DATA (WS FORM: F-6)

                                          STATION:   SPOKANE WA AIRPORT
                                          MONTH:     MAY
                                          YEAR:      2018
                                          LATITUDE:   47 37 N
                                          LONGITUDE: 117 32 W

  TEMPERATURE IN F:       :PCPN:    SNOW:  WIND      :SUNSHINE: SKY     :PK WND
================================================================================
1   2   3   4   5  6A  6B    7    8   9   10  11  12  13   14  15   16   17  18
                                     12Z  AVG MX 2MIN
DY MAX MIN AVG DEP HDD CDD  WTR  SNW DPTH SPD SPD DIR MIN PSBL S-S WX    SPD DR
================================================================================

 1  58  42  50  -1  15   0 0.04  0.0    0  6.9 17 230   M    M   7        19 230
 2  70  40  55   4  10   0 0.00  0.0    0  9.2 18 250   M    M   3        26 230
 3  73  46  60   9   5   0 0.00  0.0    0  8.3 18 230   M    M   5        25 230
 4  75  51  63  11   2   0 0.00  0.0    0  9.4 21 240   M    M   6        26 240
 5  73  54  64  12   1   0    T  0.0    0  6.7 14 210   M    M   9        16 210
 6  79  52  66  14   0   1 0.17  0.0    0  8.9 38 220   M    M   6 1      42 230
 7  67  54  61   9   4   0 0.21  0.0    0  6.5 12 240   M    M   8 1      13 150
 8  76  51  64  11   1   0 0.00  0.0    0  4.9 22 240   M    M   5        27 240
 9  64  49  57   4   8   0    T  0.0    0 11.5 24 230   M    M   8        30 240
10  61  45  53  -1  12   0    T  0.0    0 10.8 24 270   M    M   8        30 190
11  64  42  53  -1  12   0 0.02  0.0    0  3.8 21  80   M    M   5 1      29  90
12  77  43  60   6   5   0 0.00  0.0    0  6.7 21  20   M    M   1 1      28  30
13  83  51  67  13   0   2 0.00  0.0    0  5.3 17  20   M    M   1        21  50
14  84  54  69  14   0   4 0.00  0.0    0  3.6 10 330   M    M   2 8      12 310
15  85  55  70  15   0   5 0.00  0.0    0  3.5 12 230   M    M   1        13 290
16  72  59  66  11   0   1    T  0.0    0 10.4 22 230   M    M   6        26 240
17  63  54  59   3   6   0 0.64  0.0    0  6.9 13  20   M    M   9 1      17 340
18  58  50  54  -2  11   0 0.32  0.0    0  6.8 13  70   M    M   9 1      17  30
19  71  51  61   5   4   0    T  0.0    0  5.4 13  70   M    M   6        15  70
20  75  51  63   7   2   0 0.00  0.0    0  5.3 12 280   M    M   6        14 280
21  77  57  67  10   0   2 0.00  0.0    0  6.1 14 240   M    M   4        17 240
22  84  55  70  13   0   5 0.00  0.0    0  5.9 15 330   M    M   2        24 340
23  84  58  71  14   0   6 0.05  0.0    0  6.6 21  80   M    M   5 3      25  90
24  79  57  68  11   0   3 0.00  0.0    0  8.9 18 220   M    M   5        23 250
25  80  59  70  12   0   5 0.00  0.0    0  7.9 15 200   M    M   5        19 200
================================================================================
SM 1832 1280        98  34  1.45     0.0 176.2          M      132
================================================================================
AV 73.3 51.2                               7.0 FASTST   M    M   5    MAX(MPH)
                                 MISC ---->  # 38 220               # 42  230
================================================================================
NOTES:
# LAST OF SEVERAL OCCURRENCES

COLUMN 17 PEAK WIND IN M.P.H.

PRELIMINARY LOCAL CLIMATOLOGICAL DATA (WS FORM: F-6) , PAGE 2

                                          STATION:  SPOKANE WA AIRPORT
                                          MONTH:    MAY
                                          YEAR:     2018
                                          LATITUDE:   47 37 N
                                          LONGITUDE: 117 32 W

[TEMPERATURE DATA]      [PRECIPITATION DATA]       SYMBOLS USED IN COLUMN 16

AVERAGE MONTHLY: 62.2   TOTAL FOR MONTH:   1.45    1 = FOG OR MIST
DPTR FM NORMAL:   7.9   DPTR FM NORMAL:    0.20    2 = FOG REDUCING VISIBILITY
HIGHEST:    85 ON 15    GRTST 24HR  0.64 ON 17-17      TO 1/4 MILE OR LESS
LOWEST:     40 ON  2                               3 = THUNDER
                        SNOW, ICE PELLETS, HAIL    4 = ICE PELLETS
                        TOTAL MONTH:   0.0 INCH    5 = HAIL
                        GRTST 24HR     0.0         6 = FREEZING RAIN OR DRIZZLE
                        GRTST DEPTH:   0           7 = DUSTSTORM OR SANDSTORM:
                                                       VSBY 1/2 MILE OR LESS
                                                   8 = SMOKE OR HAZE
[NO. OF DAYS WITH]      [WEATHER - DAYS WITH]      9 = BLOWING SNOW
                                                   X = TORNADO
MAX 32 OR BELOW:   0    0.01 INCH OR MORE:   7
MAX 90 OR ABOVE:   0    0.10 INCH OR MORE:   4
MIN 32 OR BELOW:   0    0.50 INCH OR MORE:   1
MIN  0 OR BELOW:   0    1.00 INCH OR MORE:   0

[HDD (BASE 65) ]
TOTAL THIS MO.    98    CLEAR  (SCALE 0-3)   5
DPTR FM NORMAL  -178    PTCLDY (SCALE 4-7)  16
TOTAL FM JUL 1  6071    CLOUDY (SCALE 8-10)  4
DPTR FM NORMAL  -341

[CDD (BASE 65) ]
TOTAL THIS MO.    34
DPTR FM NORMAL    30    [PRESSURE DATA]
TOTAL FM JAN 1    35    HIGHEST SLP  0.00 ON M
DPTR FM NORMAL    31    LOWEST  SLP 29.68 ON 25

[REMARKS]
