000
CXUS54 KSHV 211500
CF6GGG
PRELIMINARY LOCAL CLIMATOLOGICAL DATA (WS FORM: F-6)

                                          STATION:   LONGVIEW
                                          MONTH:     APRIL
                                          YEAR:      2018
                                          LATITUDE:   32 22 N
                                          LONGITUDE:  94 43 W

  TEMPERATURE IN F:       :PCPN:    SNOW:  WIND      :SUNSHINE: SKY     :PK WND
================================================================================
1   2   3   4   5  6A  6B    7    8   9   10  11  12  13   14  15   16   17  18
                                     12Z  AVG MX 2MIN
DY MAX MIN AVG DEP HDD CDD  WTR  SNW DPTH SPD SPD DIR MIN PSBL S-S WX    SPD DR
================================================================================

 1  80  57  69   8   0   4 0.00  0.0    0  6.9 20 200   M    M   6 1      28 210
 2  81  55  68   7   0   3 0.00  0.0    0  7.5 26 170   M    M   7        34 170
 3  81  54  68   6   0   3 0.62  0.0    0 14.7 33 290   M    M   6 13     46 290
 4  66  44  55  -7  10   0 0.00  0.0    0  7.8 13  40   M    M   0        20 350
 5  69  44  57  -5   8   0 0.00  0.0    0  9.3 15 150   M    M   8        22 150
 6  83  60  72  10   0   7 0.50  0.0    0  9.4 25  20   M    M  10 13     37  10
 7  60  39  50 -12  15   0 0.25    M    0  9.3 20  40   M    M  10 135    27  40
 8  60  35  48 -15  17   0 0.00  0.0    0  5.5 16 140   M    M   5        19 110
 9  69  50  60  -3   5   0 0.00  0.0    0  4.9 14  70   M    M   7 1      18  70
10  72  45  59  -4   6   0 0.00  0.0    0  5.0 14 350   M    M   0        19 350
11  79  43  61  -3   4   0 0.00  0.0    0  8.5 20 190   M    M   0        24 210
12  84  58  71   7   0   6 0.00  0.0    0 17.5 28 180   M    M   2        37 180
13  79  62  71   7   0   6 1.10  0.0    0 13.3 40 250   M    M   9 13     56 240
14  63  43  53 -11  12   0 0.09    M    0 12.8 26 300   M    M   2 3      35 310
15  61  38  50 -15  15   0 0.00  0.0    0 12.0 24 290   M    M   0        31 290
16  76  36  56  -9   9   0 0.00  0.0    0  5.4 16 170   M    M   0        20 200
17  83  53  68   3   0   3 0.00  0.0    0 15.3 25 190   M    M   0        34 200
18  81  56  69   4   0   4 0.00  0.0    0 10.2 22 190   M    M   4        28 180
19  71  49  60  -6   5   0 0.00  0.0    0  7.6 15 350   M    M   0        20 340
20  67  43  55 -11  10   0 0.00  0.0    0  7.7 18  90   M    M   0        23  90
================================================================================
SM 1465  964       116  36  2.56     0.0 190.6          M       76
================================================================================
AV 73.3 48.2                               9.5 FASTST   M    M   4    MAX(MPH)
                                 MISC ---->  # 40 250               # 56  240
================================================================================
NOTES:
# LAST OF SEVERAL OCCURRENCES

COLUMN 17 PEAK WIND IN M.P.H.

PRELIMINARY LOCAL CLIMATOLOGICAL DATA (WS FORM: F-6) , PAGE 2

                                          STATION:  LONGVIEW
                                          MONTH:    APRIL
                                          YEAR:     2018
                                          LATITUDE:   32 22 N
                                          LONGITUDE:  94 43 W

[TEMPERATURE DATA]      [PRECIPITATION DATA]       SYMBOLS USED IN COLUMN 16

AVERAGE MONTHLY: 60.7   TOTAL FOR MONTH:   2.56    1 = FOG OR MIST
DPTR FM NORMAL:  -2.7   DPTR FM NORMAL:    0.46    2 = FOG REDUCING VISIBILITY
HIGHEST:    84 ON 12    GRTST 24HR  1.10 ON 13-13      TO 1/4 MILE OR LESS
LOWEST:     35 ON  8                               3 = THUNDER
                        SNOW, ICE PELLETS, HAIL    4 = ICE PELLETS
                        TOTAL MONTH:   0.0 INCH    5 = HAIL
                        GRTST 24HR     0.0         6 = FREEZING RAIN OR DRIZZLE
                        GRTST DEPTH:   0           7 = DUSTSTORM OR SANDSTORM:
                                                       VSBY 1/2 MILE OR LESS
                                                   8 = SMOKE OR HAZE
[NO. OF DAYS WITH]      [WEATHER - DAYS WITH]      9 = BLOWING SNOW
                                                   X = TORNADO
MAX 32 OR BELOW:   0    0.01 INCH OR MORE:   5
MAX 90 OR ABOVE:   0    0.10 INCH OR MORE:   4
MIN 32 OR BELOW:   0    0.50 INCH OR MORE:   3
MIN  0 OR BELOW:   0    1.00 INCH OR MORE:   1

[HDD (BASE 65) ]
TOTAL THIS MO.   116    CLEAR  (SCALE 0-3)  10
DPTR FM NORMAL    40    PTCLDY (SCALE 4-7)   7
TOTAL FM JUL 1  2056    CLOUDY (SCALE 8-10)  3
DPTR FM NORMAL  -179

[CDD (BASE 65) ]
TOTAL THIS MO.    36
DPTR FM NORMAL   -12    [PRESSURE DATA]
TOTAL FM JAN 1   134    HIGHEST SLP M ON M
DPTR FM NORMAL    47    LOWEST  SLP 29.53 ON 13

[REMARKS]
