000
CXUS55 KEAX 220736
CF6IRK
PRELIMINARY LOCAL CLIMATOLOGICAL DATA (WS FORM: F-6)

                                          STATION:   KIRKSVILLE MO
                                          MONTH:     MAY
                                          YEAR:      2018
                                          LATITUDE:   40  5 N
                                          LONGITUDE:  92 33 W

  TEMPERATURE IN F:       :PCPN:    SNOW:  WIND      :SUNSHINE: SKY     :PK WND
================================================================================
1   2   3   4   5  6A  6B    7    8   9   10  11  12  13   14  15   16   17  18
                                     12Z  AVG MX 2MIN
DY MAX MIN AVG DEP HDD CDD  WTR  SNW DPTH SPD SPD DIR MIN PSBL S-S WX    SPD DR
================================================================================

 1  81  62  72  15   0   7 0.00  0.0    0 16.1 26 190   M    M   6        37 200
 2  82  62  72  15   0   7 0.91  0.0    0 11.3 28 260   M    M   6 13     43 250
 3  76  59  68  10   0   3 0.07  0.0    0 11.4 24 170   M    M   7 12     36 240
 4  78  52  65   7   0   0 0.01  0.0    0  7.9 18 200   M    M   2        26 330
 5  82  46  64   6   1   0 0.00  0.0    0  3.6  9 140   M    M   2        12 150
 6  85  56  71  13   0   6 0.00  0.0    0  6.6 18  20   M    M   2        23 360
 7  79  51  65   6   0   0 0.00  0.0    0  7.9 15 130   M    M   0        22 130
 8  82  53  68   9   0   3 0.24  0.0    0 14.7 22 140   M    M   0 3      36 130
 9  81  59  70  10   0   5 0.97  0.0    0  8.1 21 270   M    M   1 13     32 260
10  85  53  69   9   0   4 0.00  0.0    0  3.1 12  20   M    M   1        14  20
11  83  59  71  11   0   6    T  0.0    0  8.4 26 160   M    M   6 8      35 150
12  79  54  67   6   0   2 0.01  0.0    0  8.7 18  30   M    M   5 13     23  80
13  87  57  72  11   0   7 0.00  0.0    0  7.4 20  20   M    M   3 1      26  30
14  86  65  76  15   0  11 0.01  0.0    0  7.3 30 160   M    M   1 3      38 160
15  79  63  71   9   0   6 0.11  0.0    0  4.9 23 170   M    M   5 13     31 160
16  82  61  72  10   0   7 0.00  0.0    0  6.2 13  50   M    M   2 1      18 110
17  82  59  71   9   0   6 0.00  0.0    0  7.2 16  50   M    M   1        23  70
18  75  57  66   3   0   1 0.00  0.0    0  6.1 14  90   M    M   0 1      20  80
19  79  54  67   4   0   2 0.00  0.0    0  5.4 10 140   M    M   4 12     21 170
20  79  54  67   4   0   2    M  0.0    0  5.6 21  50   M    M   5 23     25  50
21  77  56  67   3   0   2 0.01  0.0    0  6.1 14 270   M    M   7 1      20 250
================================================================================
SM 1699 1192         1  87  2.34     0.0 164.0          M       66
================================================================================
AV 80.9 56.8                               7.8 FASTST   M    M   3    MAX(MPH)
                                 MISC ---->  # 30 160               # 43  250
================================================================================
NOTES:
# LAST OF SEVERAL OCCURRENCES

COLUMN 17 PEAK WIND IN M.P.H.

PRELIMINARY LOCAL CLIMATOLOGICAL DATA (WS FORM: F-6) , PAGE 2

                                          STATION:  KIRKSVILLE MO
                                          MONTH:    MAY
                                          YEAR:     2018
                                          LATITUDE:   40  5 N
                                          LONGITUDE:  92 33 W

[TEMPERATURE DATA]      [PRECIPITATION DATA]       SYMBOLS USED IN COLUMN 16

AVERAGE MONTHLY: 68.8   TOTAL FOR MONTH:   2.34    1 = FOG OR MIST
DPTR FM NORMAL:   8.5   DPTR FM NORMAL:   -0.98    2 = FOG REDUCING VISIBILITY
HIGHEST:    87 ON 13    GRTST 24HR  0.97 ON  9- 9      TO 1/4 MILE OR LESS
LOWEST:     46 ON  5                               3 = THUNDER
                        SNOW, ICE PELLETS, HAIL    4 = ICE PELLETS
                        TOTAL MONTH:   0.0 INCH    5 = HAIL
                        GRTST 24HR     0.0         6 = FREEZING RAIN OR DRIZZLE
                        GRTST DEPTH:   0           7 = DUSTSTORM OR SANDSTORM:
                                                       VSBY 1/2 MILE OR LESS
                                                   8 = SMOKE OR HAZE
[NO. OF DAYS WITH]      [WEATHER - DAYS WITH]      9 = BLOWING SNOW
                                                   X = TORNADO
MAX 32 OR BELOW:   0    0.01 INCH OR MORE:   9
MAX 90 OR ABOVE:   0    0.10 INCH OR MORE:   4
MIN 32 OR BELOW:   0    0.50 INCH OR MORE:   2
MIN  0 OR BELOW:   0    1.00 INCH OR MORE:   0

[HDD (BASE 65) ]
TOTAL THIS MO.     1    CLEAR  (SCALE 0-3)  12
DPTR FM NORMAL  -126    PTCLDY (SCALE 4-7)   9
TOTAL FM JUL 1  5712    CLOUDY (SCALE 8-10)  0
DPTR FM NORMAL  -105

[CDD (BASE 65) ]
TOTAL THIS MO.    87
DPTR FM NORMAL    59    [PRESSURE DATA]
TOTAL FM JAN 1    95    HIGHEST SLP M ON M
DPTR FM NORMAL    60    LOWEST  SLP 29.66 ON 11

[REMARKS]
