000
CXUS53 KGRB 270627
CF6ISW
PRELIMINARY LOCAL CLIMATOLOGICAL DATA (WS FORM: F-6)

                                          STATION:   WISCONSIN RAPIDS ASOS
                                          MONTH:     APRIL
                                          YEAR:      2018
                                          LATITUDE:   44 22 N
                                          LONGITUDE:  89 50 W

  TEMPERATURE IN F:       :PCPN:    SNOW:  WIND      :SUNSHINE: SKY     :PK WND
================================================================================
1   2   3   4   5  6A  6B    7    8   9   10  11  12  13   14  15   16   17  18
                                     12Z  AVG MX 2MIN
DY MAX MIN AVG DEP HDD CDD  WTR  SNW DPTH SPD SPD DIR MIN PSBL S-S WX    SPD DR
================================================================================

 1  33  10  22 -16  43   0 0.00  0.0    2  9.3 20 320   M    M   0        24 320
 2  38  11  25 -14  40   0 0.10  0.8    2  5.0 13 210   M    M   5 1      21 200
 3  30  23  27 -12  38   0 0.42  7.1    8 11.7 23 360   M    M  10 128    29  10
 4  28  19  24 -16  41   0    T    T    8 11.4 21 300   M    M   4 1      26 290
 5  40   6  23 -17  42   0    T    T    7  6.7 17 230   M    M   2        22 220
 6  31  14  23 -18  42   0    T    T    6 15.3 29 300   M    M   3        36 300
 7  30  10  20 -21  45   0 0.00  0.0    5  9.5 21 300   M    M   2        27 300
 8  35   5  20 -22  45   0 0.00  0.0    4  2.8 10 160   M    M   3        14 150
 9  39  26  33  -9  32   0 0.00  0.0    3  6.9 14 350   M    M   5        17 330
10  37  24  31 -12  34   0 0.00  0.0    2  7.5 15 240   M    M   6        20 230
11  50  24  37  -6  28   0 0.06  0.0    0  5.3 12 350   M    M   4 1      15 360
12  48  36  42  -2  23   0 0.14  0.0    0  6.1 15 320   M    M   8 12     18 310
13  40  28  34 -10  31   0    M    M    M 13.9 26  50   M    M   9 1      36  50
14  29  22  26 -18  39   0 2.43  7.0    7 18.9 32  70   M    M  10 1289   46  70
15  25  21  23 -22  42   0 0.86  6.0   12 13.5 29  70   M    M  10 18     40  60
16  31  24  28 -17  37   0 0.39  6.0   16 12.7 23 310   M    M   9 8      32 300
17  36  24  30 -16  35   0    T    T   15 10.9 20 330   M    M   8        25 350
18  37  30  34 -12  31   0 0.00  0.0   14  7.9 16  20   M    M   8        23  80
19  49  21  35 -12  30   0 0.00  0.0   14  6.1 15 300   M    M   0        18 320
20  55  20  38  -9  27   0 0.00  0.0   11  1.7 12 220   M    M   0        13 230
21  56  27  42  -6  23   0 0.00  0.0    8  2.9 12 190   M    M   0        15 190
22  59  26  43  -5  22   0 0.00  0.0    7  4.0 13  90   M    M   0        18  40
23  66  30  48   0  17   0 0.00  0.0    2  2.7 10  40   M    M   0         M  M
24  73  30  52   3  13   0    T  0.0    0  5.7 23 360   M    M   4        31 360
25  57  32  45  -4  20   0 0.00  0.0    0  6.2 13 330   M    M   1        18  10
26  71  30  51   1  14   0    T  0.0    0  8.6 26 360   M    M   2        33 360
================================================================================
SM 1123  573       834   0  4.40    26.9 213.2          M      113
================================================================================
AV 43.2 22.0                               8.2 FASTST   M    M   4    MAX(MPH)
                                 MISC ---->  # 32  70               # 46   70
================================================================================
NOTES:
# LAST OF SEVERAL OCCURRENCES

COLUMN 17 PEAK WIND IN M.P.H.

PRELIMINARY LOCAL CLIMATOLOGICAL DATA (WS FORM: F-6) , PAGE 2

                                          STATION:  WISCONSIN RAPIDS ASOS
                                          MONTH:    APRIL
                                          YEAR:     2018
                                          LATITUDE:   44 22 N
                                          LONGITUDE:  89 50 W

[TEMPERATURE DATA]      [PRECIPITATION DATA]       SYMBOLS USED IN COLUMN 16

AVERAGE MONTHLY: 32.6   TOTAL FOR MONTH:   4.40    1 = FOG OR MIST
DPTR FM NORMAL: -11.5   DPTR FM NORMAL:    2.00    2 = FOG REDUCING VISIBILITY
HIGHEST:    73 ON 24    GRTST 24HR  2.43 ON 14-14      TO 1/4 MILE OR LESS
LOWEST:      5 ON  8                               3 = THUNDER
                        SNOW, ICE PELLETS, HAIL    4 = ICE PELLETS
                        TOTAL MONTH:  26.9 INCHES  5 = HAIL
                        GRTST 24HR   7.1 ON  3- 3  6 = FREEZING RAIN OR DRIZZLE
                        GRTST DEPTH:  16 ON 16     7 = DUSTSTORM OR SANDSTORM:
                                                       VSBY 1/2 MILE OR LESS
                                                   8 = SMOKE OR HAZE
[NO. OF DAYS WITH]      [WEATHER - DAYS WITH]      9 = BLOWING SNOW
                                                   X = TORNADO
MAX 32 OR BELOW:   7    0.01 INCH OR MORE:   7
MAX 90 OR ABOVE:   0    0.10 INCH OR MORE:   6
MIN 32 OR BELOW:  25    0.50 INCH OR MORE:   2
MIN  0 OR BELOW:   0    1.00 INCH OR MORE:   1

[HDD (BASE 65) ]
TOTAL THIS MO.   834    CLEAR  (SCALE 0-3)  10
DPTR FM NORMAL   289    PTCLDY (SCALE 4-7)  10
TOTAL FM JUL 1  7674    CLOUDY (SCALE 8-10)  6
DPTR FM NORMAL   111

[CDD (BASE 65) ]
TOTAL THIS MO.     0
DPTR FM NORMAL     0    [PRESSURE DATA]
TOTAL FM JAN 1     0    HIGHEST SLP M ON M
DPTR FM NORMAL     0    LOWEST  SLP 29.56 ON 12

[REMARKS]
