000
CXHW53 PHFO 261250
CF6ITO
PRELIMINARY LOCAL CLIMATOLOGICAL DATA (WS FORM: F-6)

                                          STATION:   HILO HI
                                          MONTH:     APRIL
                                          YEAR:      2018
                                          LATITUDE:   19 43 N
                                          LONGITUDE: 155  4 W

  TEMPERATURE IN F:       :PCPN:    SNOW:  WIND      :SUNSHINE: SKY     :PK WND
================================================================================
1   2   3   4   5  6A  6B    7    8   9   10  11  12  13   14  15   16   17  18
                                     12Z  AVG MX 2MIN
DY MAX MIN AVG DEP HDD CDD  WTR  SNW DPTH SPD SPD DIR MIN PSBL S-S WX    SPD DR
================================================================================

 1  85  65  75   3   0  10 0.00  0.0    M  9.2 25 130   M    M   M        32 130
 2  84  69  77   5   0  12 0.01  0.0    M  5.8 20 330   M    M   M        24 350
 3  84  71  78   6   0  13    T  0.0    M  3.5 13  20   M    M   M        16  10
 4  85  73  79   7   0  14    T  0.0    M  3.8 12  20   M    M   M        14  20
 5  86  72  79   7   0  14 0.00  0.0    M  6.2 16 360   M    M   M        20 350
 6   M   M   M   M   M   M    M    M    M   M   M   M   M    M   M         M  M
 7  83  72  78   6   0  13 0.81  0.0    M  4.8 14 130   M    M   M 1      17 140
 8  84  68  76   4   0  11 0.29  0.0    M  4.4 14  90   M    M   M 1      19  80
 9  80  71  76   4   0  11 0.49  0.0    M  7.2 14  50   M    M   M 1      19  50
10  81  72  77   5   0  12 0.60  0.0    M  8.6 17  90   M    M   M 1      21  50
11  80  71  76   4   0  11 0.83  0.0    M  5.6 18 100   M    M   M 1      24 110
12  83  70  77   5   0  12 0.23  0.0    M  6.0 17  90   M    M   M 1      22 120
13  81  68  75   3   0  10 0.86  0.0    M  5.5 14 120   M    M   M 1      19 280
14  81  66  74   2   0   9 1.73  0.0    M  7.0 18 110   M    M   M 18     24  90
15  79  69  74   2   0   9 1.47  0.0    M  5.0 15 120   M    M   M 138    18 250
16  81  71  76   4   0  11 0.15  0.0    M  8.6 18  90   M    M   M 1      24 100
17  81  67  74   2   0   9 0.27  0.0    M  6.0 16  50   M    M   M 18     19  70
18  80  68  74   2   0   9 0.79  0.0    M  5.3 22  90   M    M   M 18     27 100
19  82  68  75   3   0  10 0.15  0.0    M  6.4 15  90   M    M   M 18     20  90
20  80  70  75   3   0  10 0.40  0.0    M  5.2 14  70   M    M   M 1      17  80
21  80  68  74   2   0   9 0.27  0.0    M  4.4 16 130   M    M   M 18     20 120
22  82  68  75   3   0  10 0.15  0.0    M  6.0 14  50   M    M   M 18     19  70
23  81  67  74   2   0   9 0.17  0.0    M  5.5 17  60   M    M   M 1      21  60
24  81  67  74   2   0   9 0.59  0.0    M  7.5 17  70   M    M   M 1      22  70
25  82  68  75   3   0  10 0.25  0.0    M  5.9 14  70   M    M   M 18     17  50
================================================================================
SM 1966 1659         0 257 10.51     0.0 143.4          M        M
================================================================================
AV 81.9 69.1                               6.0 FASTST   M    M   0    MAX(MPH)
                                 MISC ---->  # 25 130               # 32  130
================================================================================
NOTES:
# LAST OF SEVERAL OCCURRENCES

COLUMN 17 PEAK WIND IN M.P.H.

PRELIMINARY LOCAL CLIMATOLOGICAL DATA (WS FORM: F-6) , PAGE 2

                                          STATION:  HILO HI
                                          MONTH:    APRIL
                                          YEAR:     2018
                                          LATITUDE:   19 43 N
                                          LONGITUDE: 155  4 W

[TEMPERATURE DATA]      [PRECIPITATION DATA]       SYMBOLS USED IN COLUMN 16

AVERAGE MONTHLY: 75.5   TOTAL FOR MONTH:  10.51    1 = FOG OR MIST
DPTR FM NORMAL:   3.5   DPTR FM NORMAL:    0.60    2 = FOG REDUCING VISIBILITY
HIGHEST:    86 ON  5    GRTST 24HR  1.73 ON 14-14      TO 1/4 MILE OR LESS
LOWEST:     65 ON  1                               3 = THUNDER
                        SNOW, ICE PELLETS, HAIL    4 = ICE PELLETS
                        TOTAL MONTH:   0.0 INCH    5 = HAIL
                        GRTST 24HR     0.0         6 = FREEZING RAIN OR DRIZZLE
                        GRTST DEPTH:  M  ON   M    7 = DUSTSTORM OR SANDSTORM:
                                                       VSBY 1/2 MILE OR LESS
                                                   8 = SMOKE OR HAZE
[NO. OF DAYS WITH]      [WEATHER - DAYS WITH]      9 = BLOWING SNOW
                                                   X = TORNADO
MAX 32 OR BELOW:   0    0.01 INCH OR MORE:  20
MAX 90 OR ABOVE:   0    0.10 INCH OR MORE:  19
MIN 32 OR BELOW:   0    0.50 INCH OR MORE:   8
MIN  0 OR BELOW:   0    1.00 INCH OR MORE:   2

[HDD (BASE 65) ]
TOTAL THIS MO.     0    CLEAR  (SCALE 0-3)   0
DPTR FM NORMAL     0    PTCLDY (SCALE 4-7)   0
TOTAL FM JUL 1     0    CLOUDY (SCALE 8-10)  0
DPTR FM NORMAL     0

[CDD (BASE 65) ]
TOTAL THIS MO.   257
DPTR FM NORMAL    82    [PRESSURE DATA]
TOTAL FM JAN 1  1051    HIGHEST SLP M ON M
DPTR FM NORMAL   295    LOWEST  SLP 29.80 ON  3

[REMARKS]
